{"id":7156,"date":"2022-02-02T17:07:20","date_gmt":"2022-02-02T20:07:20","guid":{"rendered":"https:\/\/jobstore.cl\/?post_type=product&#038;p=7156"},"modified":"2023-03-16T17:06:27","modified_gmt":"2023-03-16T20:06:27","slug":"portadocumentos-de-cuero-rojo-vino","status":"publish","type":"product","link":"https:\/\/jobstore.cl\/index.php\/product\/portadocumentos-de-cuero-rojo-vino\/","title":{"rendered":"Porta Documentos de Cuero &#8211; Color Rojo Vino"},"content":{"rendered":"<ul>\n<li><strong>Material:<\/strong> cuero de vaca genuino<\/li>\n<li>Cuero aut\u00e9ntico, suave, con ranuras multifuncionales<\/li>\n<li>Costuras exquisitas, elegantes y c\u00f3modas en la mano.<\/li>\n<li>Estuche multifuncional que puede colocar un tel\u00e9fono m\u00f3vil, un banco de energ\u00eda delgado, tarjetas y dinero en efectivo, etc.<\/li>\n<li>Compatible con tel\u00e9fonos inteligentes de 4,7 a 6,1 pulgadas<\/li>\n<li>Cierre Magn\u00e9tico, 4 Compartimentos para tarjeta, 2 Compartimentos para smartphone o billete<\/li>\n<li>Dimensi\u00f3n: 17,8 cm x 9,8 cm x 0,5 cm<\/li>\n<li>Peso: 57 gramos<\/li>\n<\/ul>\n","protected":false},"excerpt":{"rendered":"<p>Material: cuero de vaca genuino Cuero aut\u00e9ntico, suave, con ranuras multifuncionales Costuras exquisitas, elegantes y c\u00f3modas en la mano. Estuche multifuncional que puede colocar un tel\u00e9fono<span class=\"excerpt-hellip\"> [\u2026]<\/span><\/p>\n","protected":false},"featured_media":7160,"comment_status":"open","ping_status":"closed","template":"","meta":{"_joinchat":[]},"product_cat":[192,280,376],"product_tag":[],"class_list":{"0":"post-7156","1":"product","2":"type-product","3":"status-publish","4":"has-post-thumbnail","6":"product_cat-accesorios","7":"product_cat-accesorios-iphone-accesorios-iphone","8":"product_cat-carcasas","10":"first","11":"instock","12":"sale","13":"shipping-taxable","14":"purchasable","15":"product-type-simple"},"_links":{"self":[{"href":"https:\/\/jobstore.cl\/index.php\/wp-json\/wp\/v2\/product\/7156","targetHints":{"allow":["GET"]}}],"collection":[{"href":"https:\/\/jobstore.cl\/index.php\/wp-json\/wp\/v2\/product"}],"about":[{"href":"https:\/\/jobstore.cl\/index.php\/wp-json\/wp\/v2\/types\/product"}],"replies":[{"embeddable":true,"href":"https:\/\/jobstore.cl\/index.php\/wp-json\/wp\/v2\/comments?post=7156"}],"version-history":[{"count":4,"href":"https:\/\/jobstore.cl\/index.php\/wp-json\/wp\/v2\/product\/7156\/revisions"}],"predecessor-version":[{"id":13312,"href":"https:\/\/jobstore.cl\/index.php\/wp-json\/wp\/v2\/product\/7156\/revisions\/13312"}],"wp:featuredmedia":[{"embeddable":true,"href":"https:\/\/jobstore.cl\/index.php\/wp-json\/wp\/v2\/media\/7160"}],"wp:attachment":[{"href":"https:\/\/jobstore.cl\/index.php\/wp-json\/wp\/v2\/media?parent=7156"}],"wp:term":[{"taxonomy":"product_cat","embeddable":true,"href":"https:\/\/jobstore.cl\/index.php\/wp-json\/wp\/v2\/product_cat?post=7156"},{"taxonomy":"product_tag","embeddable":true,"href":"https:\/\/jobstore.cl\/index.php\/wp-json\/wp\/v2\/product_tag?post=7156"}],"curies":[{"name":"wp","href":"https:\/\/api.w.org\/{rel}","templated":true}]}}