{"id":7072,"date":"2022-02-01T11:42:42","date_gmt":"2022-02-01T14:42:42","guid":{"rendered":"https:\/\/jobstore.cl\/?post_type=product&#038;p=7072"},"modified":"2023-03-17T17:10:10","modified_gmt":"2023-03-17T20:10:10","slug":"carcasa-de-silicona-para-iphone-13-transparente","status":"publish","type":"product","link":"https:\/\/jobstore.cl\/index.php\/product\/carcasa-de-silicona-para-iphone-13-transparente\/","title":{"rendered":"Carcasa de Silicona para IPhone 13 &#8211; Transparente"},"content":{"rendered":"<p><span class=\"a-list-item\">Delgada, ligera y f\u00e1cil de agarrar: esta funda transparente fue dise\u00f1ada para mostrar el acabado de color brillante del iPhone 13 mientras proporciona protecci\u00f3n adicional.<\/span><\/p>\n","protected":false},"excerpt":{"rendered":"<p>Delgada, ligera y f\u00e1cil de agarrar: esta funda transparente fue dise\u00f1ada para mostrar el acabado de color brillante del iPhone 13 mientras proporciona protecci\u00f3n adicional.<\/p>\n","protected":false},"featured_media":7073,"comment_status":"open","ping_status":"closed","template":"","meta":{"_joinchat":[]},"product_cat":[192,280,376,394],"product_tag":[],"class_list":{"0":"post-7072","1":"product","2":"type-product","3":"status-publish","4":"has-post-thumbnail","6":"product_cat-accesorios","7":"product_cat-accesorios-iphone-accesorios-iphone","8":"product_cat-carcasas","9":"product_cat-iphone-13","11":"first","12":"outofstock","13":"shipping-taxable","14":"purchasable","15":"product-type-simple"},"_links":{"self":[{"href":"https:\/\/jobstore.cl\/index.php\/wp-json\/wp\/v2\/product\/7072","targetHints":{"allow":["GET"]}}],"collection":[{"href":"https:\/\/jobstore.cl\/index.php\/wp-json\/wp\/v2\/product"}],"about":[{"href":"https:\/\/jobstore.cl\/index.php\/wp-json\/wp\/v2\/types\/product"}],"replies":[{"embeddable":true,"href":"https:\/\/jobstore.cl\/index.php\/wp-json\/wp\/v2\/comments?post=7072"}],"version-history":[{"count":3,"href":"https:\/\/jobstore.cl\/index.php\/wp-json\/wp\/v2\/product\/7072\/revisions"}],"predecessor-version":[{"id":13515,"href":"https:\/\/jobstore.cl\/index.php\/wp-json\/wp\/v2\/product\/7072\/revisions\/13515"}],"wp:featuredmedia":[{"embeddable":true,"href":"https:\/\/jobstore.cl\/index.php\/wp-json\/wp\/v2\/media\/7073"}],"wp:attachment":[{"href":"https:\/\/jobstore.cl\/index.php\/wp-json\/wp\/v2\/media?parent=7072"}],"wp:term":[{"taxonomy":"product_cat","embeddable":true,"href":"https:\/\/jobstore.cl\/index.php\/wp-json\/wp\/v2\/product_cat?post=7072"},{"taxonomy":"product_tag","embeddable":true,"href":"https:\/\/jobstore.cl\/index.php\/wp-json\/wp\/v2\/product_tag?post=7072"}],"curies":[{"name":"wp","href":"https:\/\/api.w.org\/{rel}","templated":true}]}}