{"id":7062,"date":"2022-02-01T11:08:35","date_gmt":"2022-02-01T14:08:35","guid":{"rendered":"https:\/\/jobstore.cl\/?post_type=product&#038;p=7062"},"modified":"2023-03-17T17:10:26","modified_gmt":"2023-03-17T20:10:26","slug":"carcasa-de-acrilico-para-iphone-13-pro-negro-transparente","status":"publish","type":"product","link":"https:\/\/jobstore.cl\/index.php\/product\/carcasa-de-acrilico-para-iphone-13-pro-negro-transparente\/","title":{"rendered":"Carcasa de Silicona para iPhone 13 Pro &#8211; Color Negro Transparente"},"content":{"rendered":"","protected":false},"excerpt":{"rendered":"<p>El complemento perfecto para tu tel\u00e9fono, la forma de la carcasa de acr\u00edlico marca Boccini se ajusta perfectamente a los botones de volumen, bot\u00f3n lateral y curvas de tu dispositivo sin agregar grosor. Otorgando estilo y protecci\u00f3n para tu equipo.<\/p>\n","protected":false},"featured_media":7065,"comment_status":"open","ping_status":"closed","template":"","meta":{"_joinchat":[]},"product_cat":[192,280,376,395],"product_tag":[],"class_list":{"0":"post-7062","1":"product","2":"type-product","3":"status-publish","4":"has-post-thumbnail","6":"product_cat-accesorios","7":"product_cat-accesorios-iphone-accesorios-iphone","8":"product_cat-carcasas","9":"product_cat-iphone-13-pro","11":"first","12":"outofstock","13":"shipping-taxable","14":"purchasable","15":"product-type-simple"},"_links":{"self":[{"href":"https:\/\/jobstore.cl\/index.php\/wp-json\/wp\/v2\/product\/7062","targetHints":{"allow":["GET"]}}],"collection":[{"href":"https:\/\/jobstore.cl\/index.php\/wp-json\/wp\/v2\/product"}],"about":[{"href":"https:\/\/jobstore.cl\/index.php\/wp-json\/wp\/v2\/types\/product"}],"replies":[{"embeddable":true,"href":"https:\/\/jobstore.cl\/index.php\/wp-json\/wp\/v2\/comments?post=7062"}],"version-history":[{"count":6,"href":"https:\/\/jobstore.cl\/index.php\/wp-json\/wp\/v2\/product\/7062\/revisions"}],"predecessor-version":[{"id":13516,"href":"https:\/\/jobstore.cl\/index.php\/wp-json\/wp\/v2\/product\/7062\/revisions\/13516"}],"wp:featuredmedia":[{"embeddable":true,"href":"https:\/\/jobstore.cl\/index.php\/wp-json\/wp\/v2\/media\/7065"}],"wp:attachment":[{"href":"https:\/\/jobstore.cl\/index.php\/wp-json\/wp\/v2\/media?parent=7062"}],"wp:term":[{"taxonomy":"product_cat","embeddable":true,"href":"https:\/\/jobstore.cl\/index.php\/wp-json\/wp\/v2\/product_cat?post=7062"},{"taxonomy":"product_tag","embeddable":true,"href":"https:\/\/jobstore.cl\/index.php\/wp-json\/wp\/v2\/product_tag?post=7062"}],"curies":[{"name":"wp","href":"https:\/\/api.w.org\/{rel}","templated":true}]}}

<p>El complemento perfecto para tu teléfono, la forma de la carcasa de acrílico marca Boccini se ajusta perfectamente a los botones de volumen, botón lateral y curvas de tu dispositivo sin agregar grosor. Otorgando estilo y protección para tu equipo.</p>
