{"id":6767,"date":"2022-01-14T17:56:09","date_gmt":"2022-01-14T20:56:09","guid":{"rendered":"https:\/\/jobstore.cl\/?post_type=product&#038;p=6767"},"modified":"2023-03-16T17:20:11","modified_gmt":"2023-03-16T20:20:11","slug":"estuche-para-airpods-pro-gris","status":"publish","type":"product","link":"https:\/\/jobstore.cl\/index.php\/product\/estuche-para-airpods-pro-gris\/","title":{"rendered":"Estuche para Airpods Pro &#8211; Color Marr\u00f3n"},"content":{"rendered":"<ul>\n<li>Ajuste Delgado, funda ligera para Airpods compatible con carga inal\u00e1mbrica.<\/li>\n<li>Proporciona una protecci\u00f3n fiable y estelar contra ca\u00eddas, ara\u00f1azos o golpes.<\/li>\n<li>Los dise\u00f1os distintivos de su funda airpds te brindar\u00e1n muchos elogios por parte de tus amigos.<\/li>\n<li>El mosquet\u00f3n de metal adicional hace que sea conveniente y seguro para llevar tu funda de Apple Airpod alrededor.<\/li>\n<\/ul>\n","protected":false},"excerpt":{"rendered":"<p>Ajuste Delgado, funda ligera para Airpods compatible con carga inal\u00e1mbrica. Proporciona una protecci\u00f3n fiable y estelar contra ca\u00eddas, ara\u00f1azos o golpes. Los dise\u00f1os distintivos de su<span class=\"excerpt-hellip\"> [\u2026]<\/span><\/p>\n","protected":false},"featured_media":6769,"comment_status":"open","ping_status":"closed","template":"","meta":{"_joinchat":[]},"product_cat":[192,283],"product_tag":[],"class_list":{"0":"post-6767","1":"product","2":"type-product","3":"status-publish","4":"has-post-thumbnail","6":"product_cat-accesorios","7":"product_cat-accesorios-ipad","9":"first","10":"outofstock","11":"sale","12":"shipping-taxable","13":"purchasable","14":"product-type-simple"},"_links":{"self":[{"href":"https:\/\/jobstore.cl\/index.php\/wp-json\/wp\/v2\/product\/6767","targetHints":{"allow":["GET"]}}],"collection":[{"href":"https:\/\/jobstore.cl\/index.php\/wp-json\/wp\/v2\/product"}],"about":[{"href":"https:\/\/jobstore.cl\/index.php\/wp-json\/wp\/v2\/types\/product"}],"replies":[{"embeddable":true,"href":"https:\/\/jobstore.cl\/index.php\/wp-json\/wp\/v2\/comments?post=6767"}],"version-history":[{"count":5,"href":"https:\/\/jobstore.cl\/index.php\/wp-json\/wp\/v2\/product\/6767\/revisions"}],"predecessor-version":[{"id":13340,"href":"https:\/\/jobstore.cl\/index.php\/wp-json\/wp\/v2\/product\/6767\/revisions\/13340"}],"wp:featuredmedia":[{"embeddable":true,"href":"https:\/\/jobstore.cl\/index.php\/wp-json\/wp\/v2\/media\/6769"}],"wp:attachment":[{"href":"https:\/\/jobstore.cl\/index.php\/wp-json\/wp\/v2\/media?parent=6767"}],"wp:term":[{"taxonomy":"product_cat","embeddable":true,"href":"https:\/\/jobstore.cl\/index.php\/wp-json\/wp\/v2\/product_cat?post=6767"},{"taxonomy":"product_tag","embeddable":true,"href":"https:\/\/jobstore.cl\/index.php\/wp-json\/wp\/v2\/product_tag?post=6767"}],"curies":[{"name":"wp","href":"https:\/\/api.w.org\/{rel}","templated":true}]}}