{"id":6670,"date":"2022-01-13T13:15:07","date_gmt":"2022-01-13T16:15:07","guid":{"rendered":"https:\/\/jobstore.cl\/?post_type=product&#038;p=6670"},"modified":"2023-10-19T15:50:29","modified_gmt":"2023-10-19T18:50:29","slug":"adaptador-usb-c-a-ethernet-casa-e1-gris","status":"publish","type":"product","link":"https:\/\/jobstore.cl\/index.php\/product\/adaptador-usb-c-a-ethernet-casa-e1-gris\/","title":{"rendered":"Adaptador USB-C a Ethernet RJ45 CASA E1 &#8211; Color Gris"},"content":{"rendered":"<p>El adaptador de USB-C a Gigabit Ethernet CASA e1 de Adam Elements permite conectarte a redes por cable con velocidad y estabilidad cuando la conexi\u00f3n inal\u00e1mbrica no es confiable o se interrumpe. Funciona a la perfecci\u00f3n con la MacBook con puerto USB-C o MacBook Pro con puertos Thunderbolt 3 (USB-C)\u00a0y\u00a0es compatible con 10\/100\/1000BASE-T.<\/p>\n<span style='display:inline;'><input type='hidden' bg_collapse_expand='69f1bb06009a28036972266' value='69f1bb06009a28036972266'><input type='hidden' id='bg-show-more-text-69f1bb06009a28036972266' value='Ver Mas'><input type='hidden' id='bg-show-less-text-69f1bb06009a28036972266' value='Ver Menos'><a id='bg-showmore-action-69f1bb06009a28036972266' class='bg-showmore-plg-link  '  style=\" color:#FF0000;\" href='#'>Ver Mas<\/a><span id='bg-showmore-hidden-69f1bb06009a28036972266' ><\/p>\n<ul>\n<li>Conexi\u00f3n a Gigabit Ethernet cuando la conectividad inal\u00e1mbrica no sea constante o no est\u00e9 disponible durante periodos extensos.<\/li>\n<li>Puertos macho USB-C y hembra RJ-45<\/li>\n<li>Compatible con 10\/100\/1000BASE-T<\/li>\n<li>La velocidad y confiabilidad del Gigabit Ethernet permite descargas m\u00e1s pesadas sin interrupciones<\/li>\n<\/ul>\n<p><\/span><\/span>\n<p>&nbsp;<\/p>\n","protected":false},"excerpt":{"rendered":"<table>\n<tbody>\n<tr>\n<td><strong>Conexi\u00f3n<\/strong><\/td>\n<td>USB-C<\/td>\n<\/tr>\n<tr>\n<td><strong>Compatibilidad<\/strong><\/td>\n<td>MacBook (12 pulgadas)<\/p>\n<p>MacBook Air (2018 o posterior)<\/p>\n<p>MacBook Pro (13 pulgadas, 2016 o posterior)<\/p>\n<p>MacBook Pro (15 pulgadas, 2016 o posterior)<\/p>\n<p>MacBook Pro (16 pulgadas, 2019)<\/td>\n<\/tr>\n<\/tbody>\n<\/table>\n","protected":false},"featured_media":6673,"comment_status":"open","ping_status":"closed","template":"","meta":{"_joinchat":[]},"product_cat":[192,329],"product_tag":[423],"class_list":{"0":"post-6670","1":"product","2":"type-product","3":"status-publish","4":"has-post-thumbnail","6":"product_cat-accesorios","7":"product_cat-accesorios-air","8":"product_tag-aapade1gy","10":"first","11":"outofstock","12":"shipping-taxable","13":"purchasable","14":"product-type-simple"},"_links":{"self":[{"href":"https:\/\/jobstore.cl\/index.php\/wp-json\/wp\/v2\/product\/6670","targetHints":{"allow":["GET"]}}],"collection":[{"href":"https:\/\/jobstore.cl\/index.php\/wp-json\/wp\/v2\/product"}],"about":[{"href":"https:\/\/jobstore.cl\/index.php\/wp-json\/wp\/v2\/types\/product"}],"replies":[{"embeddable":true,"href":"https:\/\/jobstore.cl\/index.php\/wp-json\/wp\/v2\/comments?post=6670"}],"version-history":[{"count":6,"href":"https:\/\/jobstore.cl\/index.php\/wp-json\/wp\/v2\/product\/6670\/revisions"}],"predecessor-version":[{"id":13688,"href":"https:\/\/jobstore.cl\/index.php\/wp-json\/wp\/v2\/product\/6670\/revisions\/13688"}],"wp:featuredmedia":[{"embeddable":true,"href":"https:\/\/jobstore.cl\/index.php\/wp-json\/wp\/v2\/media\/6673"}],"wp:attachment":[{"href":"https:\/\/jobstore.cl\/index.php\/wp-json\/wp\/v2\/media?parent=6670"}],"wp:term":[{"taxonomy":"product_cat","embeddable":true,"href":"https:\/\/jobstore.cl\/index.php\/wp-json\/wp\/v2\/product_cat?post=6670"},{"taxonomy":"product_tag","embeddable":true,"href":"https:\/\/jobstore.cl\/index.php\/wp-json\/wp\/v2\/product_tag?post=6670"}],"curies":[{"name":"wp","href":"https:\/\/api.w.org\/{rel}","templated":true}]}}

<p>El adaptador de USB-C a Gigabit Ethernet CASA e1 de Adam Elements permite conectarte a redes por cable con velocidad y estabilidad cuando la conexión inalámbrica no es confiable o se interrumpe. Funciona a la perfección con la MacBook con puerto USB-C o MacBook Pro con puertos Thunderbolt 3 (USB-C) y es compatible con 10/100/1000BASE-T.</p>
<span style='display:inline;'><input type='hidden' bg_collapse_expand='69f1bb06009a28036972266' value='69f1bb06009a28036972266'><input type='hidden' id='bg-show-more-text-69f1bb06009a28036972266' value='Ver Mas'><input type='hidden' id='bg-show-less-text-69f1bb06009a28036972266' value='Ver Menos'><a id='bg-showmore-action-69f1bb06009a28036972266' class='bg-showmore-plg-link  '  style=" color:#FF0000;" href='#'>Ver Mas</a><span id='bg-showmore-hidden-69f1bb06009a28036972266' ></p>
<ul>
<li>Conexión a Gigabit Ethernet cuando la conectividad inalámbrica no sea constante o no esté disponible durante periodos extensos.</li>
<li>Puertos macho USB-C y hembra RJ-45</li>
<li>Compatible con 10/100/1000BASE-T</li>
<li>La velocidad y confiabilidad del Gigabit Ethernet permite descargas más pesadas sin interrupciones</li>
</ul>
<p></span></span>
<p>&nbsp;</p>

<table>
<tbody>
<tr>
<td><strong>Conexión</strong></td>
<td>USB-C</td>
</tr>
<tr>
<td><strong>Compatibilidad</strong></td>
<td>MacBook (12 pulgadas)</p>
<p>MacBook Air (2018 o posterior)</p>
<p>MacBook Pro (13 pulgadas, 2016 o posterior)</p>
<p>MacBook Pro (15 pulgadas, 2016 o posterior)</p>
<p>MacBook Pro (16 pulgadas, 2019)</td>
</tr>
</tbody>
</table>
