{"id":6209,"date":"2022-01-04T18:02:10","date_gmt":"2022-01-04T21:02:10","guid":{"rendered":"https:\/\/jobstore.cl\/?post_type=product&#038;p=6209"},"modified":"2025-11-05T09:15:22","modified_gmt":"2025-11-05T12:15:22","slug":"airpods-3a-generacion","status":"publish","type":"product","link":"https:\/\/jobstore.cl\/index.php\/product\/airpods-3a-generacion\/","title":{"rendered":"Aud\u00edfonos Apple AirPods de 3ra Generaci\u00f3n"},"content":{"rendered":"<h4>Magia amplificada.<\/h4>\n<p>Presentamos los nuevos AirPods. Con audio espacial para disfrutar de un sonido envolvente,<sup>1<\/sup> Ecualizaci\u00f3n Adaptativa que ajusta la m\u00fasica seg\u00fan la forma de tus o\u00eddos, mayor duraci\u00f3n de la bater\u00eda<sup>2<\/sup> y resistencia al agua y al sudor. Prep\u00e1rate para una experiencia llena de magia.<sup>3<\/sup><\/p>\n<span style='display:inline;'><input type='hidden' bg_collapse_expand='69f25aac72e542029532060' value='69f25aac72e542029532060'><input type='hidden' id='bg-show-more-text-69f25aac72e542029532060' value='Ver Mas'><input type='hidden' id='bg-show-less-text-69f25aac72e542029532060' value='Ver Menos'><a id='bg-showmore-action-69f25aac72e542029532060' class='bg-showmore-plg-link  '  style=\" color:#FF0000;\" href='#'>Ver Mas<\/a><span id='bg-showmore-hidden-69f25aac72e542029532060' ><\/p>\n<ul>\n<li>Audio espacial con seguimiento din\u00e1mico de la cabeza para un sonido envolvente<sup>1<\/sup><\/li>\n<li>Ecualizaci\u00f3n Adaptativa que ajusta la m\u00fasica autom\u00e1ticamente seg\u00fan la forma de tus o\u00eddos<\/li>\n<li>Un nuevo dise\u00f1o con ajuste anat\u00f3mico<\/li>\n<li>Sensor de fuerza para controlar con facilidad lo que escuchas, responder o finalizar llamadas y mucho m\u00e1s<\/li>\n<li>Resistencia al agua y al sudor<sup>3<\/sup><\/li>\n<li>Hasta 6 horas de audio con una sola carga<sup>2<\/sup><\/li>\n<li>Hasta 30 horas de audio en total con el estuche de carga MagSafe<sup>2<\/sup><\/li>\n<li>Acceso r\u00e1pido a Siri con s\u00f3lo decir \u00abOyeSiri\u00bb<sup>4<\/sup><\/li>\n<li>F\u00e1cil configuraci\u00f3n, detecci\u00f3n de uso y cambio autom\u00e1tico de dispositivo para una experiencia m\u00e1gica<sup>5<\/sup><\/li>\n<li>Comparte f\u00e1cilmente lo que est\u00e1s escuchando entre dos pares de AirPods conectados a tu iPhone, iPad, iPod touch o Apple TV<\/li>\n<\/ul>\n<ol>\n<li>. El audio espacial funciona con pel\u00edculas, programas de TV y videos en apps compatibles. Requiere un iPhone o iPad.<\/li>\n<li>. La duraci\u00f3n de la bater\u00eda var\u00eda seg\u00fan el uso y la configuraci\u00f3n. Para obtener m\u00e1s informaci\u00f3n, visita apple.com\/cl\/batteries.<\/li>\n<li>. Los AirPods (tercera generaci\u00f3n) son resistentes al agua y al sudor al hacer ejercicio o practicar deportes no acu\u00e1ticos. Los AirPods (tercera generaci\u00f3n) fueron probados en condiciones de laboratorio controladas y tienen una clasificaci\u00f3n IPX4 seg\u00fan la norma IEC 60529. La resistencia al agua y al sudor no es una condici\u00f3n permanente, y podr\u00eda disminuir como consecuencia del uso normal. No intentes cargar los AirPods (tercera generaci\u00f3n) si est\u00e1n mojados; visita https:\/\/support.apple.com\/es-cl\/HT210711 para ver las instrucciones de limpieza y secado.<\/li>\n<li>. Siri puede no estar disponible en todos los idiomas y \u00e1reas, y las funcionalidades pueden variar seg\u00fan el \u00e1rea.<\/li>\n<li>. Requiere una cuenta de iCloud y macOS 15.1, iOS 15.1, iPadOS, watchOS 8.1 o tvOS 15.1 o posterior.<\/li>\n<\/ol>\n<p><\/span><\/span>\n<p>\u00a0<\/p>\n","protected":false},"excerpt":{"rendered":"<ul class=\"spec-list summary\">\n<li style=\"list-style-type: none\">\n<ul class=\"spec-list summary\">\n<li style=\"list-style-type: none\">\n<ul class=\"spec-list summary\">AirPods (3\u00aa generaci\u00f3n)<\/ul>\n<\/li>\n<\/ul>\n<\/li>\n<\/ul>\n<span style='display:inline;'><input type='hidden' bg_collapse_expand='69f25aac738735081986159' value='69f25aac738735081986159'><input type='hidden' id='bg-show-more-text-69f25aac738735081986159' value='Ver Mas'><input type='hidden' id='bg-show-less-text-69f25aac738735081986159' value='Ver Menos'><a id='bg-showmore-action-69f25aac738735081986159' class='bg-showmore-plg-link  '  style=\" color:#FF0000;\" href='#'>Ver Mas<\/a><span id='bg-showmore-hidden-69f25aac738735081986159' ><\/p>\n<p>&nbsp;<\/p>\n<table>\n<tbody>\n<tr>\n<td><strong>Tecnolog\u00eda de audio<\/strong><\/td>\n<td>Audio espacial con seguimiento din\u00e1mico de la cabeza<br \/>\nEcualizaci\u00f3n Adaptativa<br \/>\nControlador de alta excursi\u00f3n dise\u00f1ado por Apple<br \/>\nAmplificador exclusivo con alto rango din\u00e1mico<\/td>\n<\/tr>\n<tr>\n<td><strong>Sensores<\/strong><\/td>\n<td>Dos micr\u00f3fonos con tecnolog\u00eda beamforming<br \/>\nMicr\u00f3fono orientado hacia adentro<br \/>\nSensor de detecci\u00f3n de piel<br \/>\nAceler\u00f3metro con detecci\u00f3n de movimiento<br \/>\nAceler\u00f3metro con detecci\u00f3n de voz<br \/>\nSensor de fuerza<\/td>\n<\/tr>\n<tr>\n<td><strong>Chip<\/strong><\/td>\n<td>Chip H1 para aud\u00edfonos<\/p>\n<p>&nbsp;<\/td>\n<\/tr>\n<tr>\n<td><strong>Controles<\/strong><\/td>\n<td>Presiona una vez para reproducir, pausar o contestar una llamada<br \/>\nPresiona dos veces para avanzar<br \/>\nPresiona tres veces para retroceder<br \/>\nMant\u00e9n presionado activar Siri<br \/>\nDi \u00abOye Siri\u00bb para escuchar m\u00fasica, hacer una llamada u obtener indicaciones para llegar a un lugar<\/td>\n<\/tr>\n<tr>\n<td><strong>Resistencia al agua y al sudor<\/strong><\/p>\n<p>&nbsp;<\/td>\n<td>Resistentes al agua y al sudor (IPX4)<\/td>\n<\/tr>\n<tr>\n<td><strong>Tama\u00f1o y peso<\/strong><\/td>\n<td>AirPods (cada uno)<br \/>\nAlto: 30,79 mm<br \/>\nAncho: 18,26\u00a0mm<br \/>\nGrosor: 19,21\u00a0mm<br \/>\nPeso: 4,28\u00a0gEstuche de carga inal\u00e1mbrica<br \/>\nAlto: 46,4 mm<br \/>\nAncho: 54,4\u00a0mm<br \/>\nGrosor: 21,38\u00a0mm<br \/>\nPeso: 37,91\u00a0g<\/td>\n<\/tr>\n<tr>\n<td><strong>Estuche de carga<\/strong><\/td>\n<td>Funciona con cargadores MagSafe, cargadores con certificaci\u00f3n Qi o con el conector Lightning<\/p>\n<p>&nbsp;<\/td>\n<\/tr>\n<tr>\n<td><strong>Bater\u00eda<\/strong><\/td>\n<td>AirPods<br \/>\nHasta 6 horas de audio con una sola carga (hasta 5 horas con el audio espacial activado)<br \/>\nHasta 4 horas de conversaci\u00f3n con una sola cargaAirPods con estuche de carga MagSafe<br \/>\nHasta 30 horas de audio<br \/>\nHasta 20 horas de conversaci\u00f3n<br \/>\n5 minutos en el estuche te dan aproximadamente 1 hora de audio o aproximadamente 1 hora de conversaci\u00f3n<\/td>\n<\/tr>\n<tr>\n<td><strong>Conectividad<\/strong><\/td>\n<td>Bluetooth 5.0<\/p>\n<p>&nbsp;<\/td>\n<\/tr>\n<tr>\n<td><strong>Accesibilidad<\/strong><\/td>\n<td>Las funcionalidades de accesibilidad ayudan a las personas con alguna discapacidad a aprovechar al m\u00e1ximo sus nuevos AirPods.<\/p>\n<p>Funcionalidades incluidas:<br \/>\nFuncionalidad de audio Escucha en Vivo<br \/>\nNiveles de los aud\u00edfonos<br \/>\nAdaptaciones de Aud\u00edfonos<\/p>\n<p>&nbsp;<\/td>\n<\/tr>\n<tr>\n<td><strong>Requisitos de sistema<\/strong><\/td>\n<td>Modelos de iPhone y iPod touch con la \u00faltima versi\u00f3n de iOS<br \/>\nModelos de iPad con la \u00faltima versi\u00f3n de iPadOS<br \/>\nModelos de Apple Watch con la \u00faltima versi\u00f3n de watchOS<br \/>\nModelos de Mac con la \u00faltima versi\u00f3n de macOS<br \/>\nModelos de Apple TV con la \u00faltima versi\u00f3n de tvOS<\/td>\n<\/tr>\n<tr>\n<td><strong>Incluye<\/strong><\/td>\n<td>AirPods<br \/>\nEstuche de carga MagSafe<br \/>\nCable de Lightning a USB-C<br \/>\nDocumentaci\u00f3n<\/td>\n<\/tr>\n<tr>\n<td><strong>Pa\u00eds de origen<\/strong><\/td>\n<td>China<\/td>\n<\/tr>\n<\/tbody>\n<\/table>\n<p><\/span><\/span>\n<p>&nbsp;<\/p>\n","protected":false},"featured_media":6214,"comment_status":"open","ping_status":"closed","template":"","meta":{"_joinchat":[]},"product_cat":[192,593,397],"product_tag":[409],"class_list":{"0":"post-6209","1":"product","2":"type-product","3":"status-publish","4":"has-post-thumbnail","6":"product_cat-accesorios","7":"product_cat-accesorios-apple","8":"product_cat-audio","9":"product_tag-mme73am-a","11":"first","12":"outofstock","13":"shipping-taxable","14":"purchasable","15":"product-type-simple"},"_links":{"self":[{"href":"https:\/\/jobstore.cl\/index.php\/wp-json\/wp\/v2\/product\/6209","targetHints":{"allow":["GET"]}}],"collection":[{"href":"https:\/\/jobstore.cl\/index.php\/wp-json\/wp\/v2\/product"}],"about":[{"href":"https:\/\/jobstore.cl\/index.php\/wp-json\/wp\/v2\/types\/product"}],"replies":[{"embeddable":true,"href":"https:\/\/jobstore.cl\/index.php\/wp-json\/wp\/v2\/comments?post=6209"}],"version-history":[{"count":10,"href":"https:\/\/jobstore.cl\/index.php\/wp-json\/wp\/v2\/product\/6209\/revisions"}],"predecessor-version":[{"id":13211,"href":"https:\/\/jobstore.cl\/index.php\/wp-json\/wp\/v2\/product\/6209\/revisions\/13211"}],"wp:featuredmedia":[{"embeddable":true,"href":"https:\/\/jobstore.cl\/index.php\/wp-json\/wp\/v2\/media\/6214"}],"wp:attachment":[{"href":"https:\/\/jobstore.cl\/index.php\/wp-json\/wp\/v2\/media?parent=6209"}],"wp:term":[{"taxonomy":"product_cat","embeddable":true,"href":"https:\/\/jobstore.cl\/index.php\/wp-json\/wp\/v2\/product_cat?post=6209"},{"taxonomy":"product_tag","embeddable":true,"href":"https:\/\/jobstore.cl\/index.php\/wp-json\/wp\/v2\/product_tag?post=6209"}],"curies":[{"name":"wp","href":"https:\/\/api.w.org\/{rel}","templated":true}]}}

Audífonos Apple AirPods de 3ra Generación

<h4>Magia amplificada.</h4>
<p>Presentamos los nuevos AirPods. Con audio espacial para disfrutar de un sonido envolvente,<sup>1</sup> Ecualización Adaptativa que ajusta la música según la forma de tus oídos, mayor duración de la batería<sup>2</sup> y resistencia al agua y al sudor. Prepárate para una experiencia llena de magia.<sup>3</sup></p>
<span style='display:inline;'><input type='hidden' bg_collapse_expand='69f25aac72e542029532060' value='69f25aac72e542029532060'><input type='hidden' id='bg-show-more-text-69f25aac72e542029532060' value='Ver Mas'><input type='hidden' id='bg-show-less-text-69f25aac72e542029532060' value='Ver Menos'><a id='bg-showmore-action-69f25aac72e542029532060' class='bg-showmore-plg-link  '  style=" color:#FF0000;" href='#'>Ver Mas</a><span id='bg-showmore-hidden-69f25aac72e542029532060' ></p>
<ul>
<li>Audio espacial con seguimiento dinámico de la cabeza para un sonido envolvente<sup>1</sup></li>
<li>Ecualización Adaptativa que ajusta la música automáticamente según la forma de tus oídos</li>
<li>Un nuevo diseño con ajuste anatómico</li>
<li>Sensor de fuerza para controlar con facilidad lo que escuchas, responder o finalizar llamadas y mucho más</li>
<li>Resistencia al agua y al sudor<sup>3</sup></li>
<li>Hasta 6 horas de audio con una sola carga<sup>2</sup></li>
<li>Hasta 30 horas de audio en total con el estuche de carga MagSafe<sup>2</sup></li>
<li>Acceso rápido a Siri con sólo decir «OyeSiri»<sup>4</sup></li>
<li>Fácil configuración, detección de uso y cambio automático de dispositivo para una experiencia mágica<sup>5</sup></li>
<li>Comparte fácilmente lo que estás escuchando entre dos pares de AirPods conectados a tu iPhone, iPad, iPod touch o Apple TV</li>
</ul>
<ol>
<li>. El audio espacial funciona con películas, programas de TV y videos en apps compatibles. Requiere un iPhone o iPad.</li>
<li>. La duración de la batería varía según el uso y la configuración. Para obtener más información, visita apple.com/cl/batteries.</li>
<li>. Los AirPods (tercera generación) son resistentes al agua y al sudor al hacer ejercicio o practicar deportes no acuáticos. Los AirPods (tercera generación) fueron probados en condiciones de laboratorio controladas y tienen una clasificación IPX4 según la norma IEC 60529. La resistencia al agua y al sudor no es una condición permanente, y podría disminuir como consecuencia del uso normal. No intentes cargar los AirPods (tercera generación) si están mojados; visita https://support.apple.com/es-cl/HT210711 para ver las instrucciones de limpieza y secado.</li>
<li>. Siri puede no estar disponible en todos los idiomas y áreas, y las funcionalidades pueden variar según el área.</li>
<li>. Requiere una cuenta de iCloud y macOS 15.1, iOS 15.1, iPadOS, watchOS 8.1 o tvOS 15.1 o posterior.</li>
</ol>
<p></span></span>
<p> </p>

<ul class="spec-list summary">
<li style="list-style-type: none">
<ul class="spec-list summary">
<li style="list-style-type: none">
<ul class="spec-list summary">AirPods (3ª generación)</ul>
</li>
</ul>
</li>
</ul>
<span style='display:inline;'><input type='hidden' bg_collapse_expand='69f25aac738735081986159' value='69f25aac738735081986159'><input type='hidden' id='bg-show-more-text-69f25aac738735081986159' value='Ver Mas'><input type='hidden' id='bg-show-less-text-69f25aac738735081986159' value='Ver Menos'><a id='bg-showmore-action-69f25aac738735081986159' class='bg-showmore-plg-link  '  style=" color:#FF0000;" href='#'>Ver Mas</a><span id='bg-showmore-hidden-69f25aac738735081986159' ></p>
<p>&nbsp;</p>
<table>
<tbody>
<tr>
<td><strong>Tecnología de audio</strong></td>
<td>Audio espacial con seguimiento dinámico de la cabeza<br />
Ecualización Adaptativa<br />
Controlador de alta excursión diseñado por Apple<br />
Amplificador exclusivo con alto rango dinámico</td>
</tr>
<tr>
<td><strong>Sensores</strong></td>
<td>Dos micrófonos con tecnología beamforming<br />
Micrófono orientado hacia adentro<br />
Sensor de detección de piel<br />
Acelerómetro con detección de movimiento<br />
Acelerómetro con detección de voz<br />
Sensor de fuerza</td>
</tr>
<tr>
<td><strong>Chip</strong></td>
<td>Chip H1 para audífonos</p>
<p>&nbsp;</td>
</tr>
<tr>
<td><strong>Controles</strong></td>
<td>Presiona una vez para reproducir, pausar o contestar una llamada<br />
Presiona dos veces para avanzar<br />
Presiona tres veces para retroceder<br />
Mantén presionado activar Siri<br />
Di «Oye Siri» para escuchar música, hacer una llamada u obtener indicaciones para llegar a un lugar</td>
</tr>
<tr>
<td><strong>Resistencia al agua y al sudor</strong></p>
<p>&nbsp;</td>
<td>Resistentes al agua y al sudor (IPX4)</td>
</tr>
<tr>
<td><strong>Tamaño y peso</strong></td>
<td>AirPods (cada uno)<br />
Alto: 30,79 mm<br />
Ancho: 18,26 mm<br />
Grosor: 19,21 mm<br />
Peso: 4,28 gEstuche de carga inalámbrica<br />
Alto: 46,4 mm<br />
Ancho: 54,4 mm<br />
Grosor: 21,38 mm<br />
Peso: 37,91 g</td>
</tr>
<tr>
<td><strong>Estuche de carga</strong></td>
<td>Funciona con cargadores MagSafe, cargadores con certificación Qi o con el conector Lightning</p>
<p>&nbsp;</td>
</tr>
<tr>
<td><strong>Batería</strong></td>
<td>AirPods<br />
Hasta 6 horas de audio con una sola carga (hasta 5 horas con el audio espacial activado)<br />
Hasta 4 horas de conversación con una sola cargaAirPods con estuche de carga MagSafe<br />
Hasta 30 horas de audio<br />
Hasta 20 horas de conversación<br />
5 minutos en el estuche te dan aproximadamente 1 hora de audio o aproximadamente 1 hora de conversación</td>
</tr>
<tr>
<td><strong>Conectividad</strong></td>
<td>Bluetooth 5.0</p>
<p>&nbsp;</td>
</tr>
<tr>
<td><strong>Accesibilidad</strong></td>
<td>Las funcionalidades de accesibilidad ayudan a las personas con alguna discapacidad a aprovechar al máximo sus nuevos AirPods.</p>
<p>Funcionalidades incluidas:<br />
Funcionalidad de audio Escucha en Vivo<br />
Niveles de los audífonos<br />
Adaptaciones de Audífonos</p>
<p>&nbsp;</td>
</tr>
<tr>
<td><strong>Requisitos de sistema</strong></td>
<td>Modelos de iPhone y iPod touch con la última versión de iOS<br />
Modelos de iPad con la última versión de iPadOS<br />
Modelos de Apple Watch con la última versión de watchOS<br />
Modelos de Mac con la última versión de macOS<br />
Modelos de Apple TV con la última versión de tvOS</td>
</tr>
<tr>
<td><strong>Incluye</strong></td>
<td>AirPods<br />
Estuche de carga MagSafe<br />
Cable de Lightning a USB-C<br />
Documentación</td>
</tr>
<tr>
<td><strong>País de origen</strong></td>
<td>China</td>
</tr>
</tbody>
</table>
<p></span></span>
<p>&nbsp;</p>
