{"id":5335,"date":"2021-12-15T16:55:49","date_gmt":"2021-12-15T19:55:49","guid":{"rendered":"https:\/\/jobstore.cl\/?post_type=product&#038;p=5335"},"modified":"2023-03-16T18:06:56","modified_gmt":"2023-03-16T21:06:56","slug":"carcasa-de-cuero-para-iphone-7-plus-serie-napa-juice-zafiro","status":"publish","type":"product","link":"https:\/\/jobstore.cl\/index.php\/product\/carcasa-de-cuero-para-iphone-7-plus-serie-napa-juice-zafiro\/","title":{"rendered":"Carcasa de Cuero para iPhone 7 Plus Serie Napa Juice &#8211; Color Zafiro"},"content":{"rendered":"<p>De apariencia similar al cuero, pero de PU texturizado y material importado, este estuche es antideslizante, resistente al desgaste y a los ara\u00f1azos, a la vez que presenta un estilo elegante y moderno.<span class=\"Apple-converted-space\">\u00a0<\/span><\/p>\n<p>Las esquinas con colch\u00f3n de aire reducen eficazmente el impacto causado por una ca\u00edda inesperada. Adem\u00e1s se puede convertir en un soporte para una experiencia de manos libres.<\/p>\n","protected":false},"excerpt":{"rendered":"<ul>\n<li>Textura de cuero PU y material de TPU importado, construcci\u00f3n de alta calidad.<\/li>\n<li>Las esquinas de los cojines de aire presentan una excelente resistencia a ca\u00eddas e impactos.<\/li>\n<li>Soporte plegable para una visualizaci\u00f3n conveniente.<\/li>\n<li>Dise\u00f1o completamente envuelto, protecci\u00f3n considerable.<\/li>\n<\/ul>\n","protected":false},"featured_media":5336,"comment_status":"open","ping_status":"closed","template":"","meta":{"_joinchat":[]},"product_cat":[192,280,376,380],"product_tag":[],"class_list":{"0":"post-5335","1":"product","2":"type-product","3":"status-publish","4":"has-post-thumbnail","6":"product_cat-accesorios","7":"product_cat-accesorios-iphone-accesorios-iphone","8":"product_cat-carcasas","9":"product_cat-iphone-7-plus","11":"first","12":"instock","13":"sale","14":"shipping-taxable","15":"purchasable","16":"product-type-simple"},"_links":{"self":[{"href":"https:\/\/jobstore.cl\/index.php\/wp-json\/wp\/v2\/product\/5335","targetHints":{"allow":["GET"]}}],"collection":[{"href":"https:\/\/jobstore.cl\/index.php\/wp-json\/wp\/v2\/product"}],"about":[{"href":"https:\/\/jobstore.cl\/index.php\/wp-json\/wp\/v2\/types\/product"}],"replies":[{"embeddable":true,"href":"https:\/\/jobstore.cl\/index.php\/wp-json\/wp\/v2\/comments?post=5335"}],"version-history":[{"count":3,"href":"https:\/\/jobstore.cl\/index.php\/wp-json\/wp\/v2\/product\/5335\/revisions"}],"predecessor-version":[{"id":13370,"href":"https:\/\/jobstore.cl\/index.php\/wp-json\/wp\/v2\/product\/5335\/revisions\/13370"}],"wp:featuredmedia":[{"embeddable":true,"href":"https:\/\/jobstore.cl\/index.php\/wp-json\/wp\/v2\/media\/5336"}],"wp:attachment":[{"href":"https:\/\/jobstore.cl\/index.php\/wp-json\/wp\/v2\/media?parent=5335"}],"wp:term":[{"taxonomy":"product_cat","embeddable":true,"href":"https:\/\/jobstore.cl\/index.php\/wp-json\/wp\/v2\/product_cat?post=5335"},{"taxonomy":"product_tag","embeddable":true,"href":"https:\/\/jobstore.cl\/index.php\/wp-json\/wp\/v2\/product_tag?post=5335"}],"curies":[{"name":"wp","href":"https:\/\/api.w.org\/{rel}","templated":true}]}}