{"id":5232,"date":"2021-12-13T10:21:31","date_gmt":"2021-12-13T13:21:31","guid":{"rendered":"https:\/\/jobstore.cl\/?post_type=product&#038;p=5232"},"modified":"2022-01-07T16:22:22","modified_gmt":"2022-01-07T19:22:22","slug":"carcasa-de-tpu-serie-light-para-iphone-x-transparente","status":"publish","type":"product","link":"https:\/\/jobstore.cl\/index.php\/product\/carcasa-de-tpu-serie-light-para-iphone-x-transparente\/","title":{"rendered":"Carcasa para iPhone X Serie Light &#8211; Transparente"},"content":{"rendered":"<p>Light Series TPU para iPhone X Material de TPU de alta pureza Textura \u00f3ptica interna de 0,8 mm de espesor para evitar marcas de agua con la protecci\u00f3n de la c\u00e1mara.<\/p>\n","protected":false},"excerpt":{"rendered":"<ul>\n<li>Materia prima de TPU de alta pureza.<\/li>\n<li>Espesor: 0,8 mm.<\/li>\n<li>La textura \u00f3ptica interna, evita las marcas de agua.<\/li>\n<li>Posici\u00f3n de la c\u00e1mara elevada para evitar el desgaste.<\/li>\n<\/ul>\n","protected":false},"featured_media":5234,"comment_status":"open","ping_status":"closed","template":"","meta":{"_joinchat":[]},"product_cat":[192,280,384],"product_tag":[],"class_list":{"0":"post-5232","1":"product","2":"type-product","3":"status-publish","4":"has-post-thumbnail","6":"product_brand-hoco","7":"product_cat-accesorios","8":"product_cat-accesorios-iphone-accesorios-iphone","9":"product_cat-iphone-x","11":"first","12":"instock","13":"sale","14":"shipping-taxable","15":"purchasable","16":"product-type-simple"},"_links":{"self":[{"href":"https:\/\/jobstore.cl\/index.php\/wp-json\/wp\/v2\/product\/5232","targetHints":{"allow":["GET"]}}],"collection":[{"href":"https:\/\/jobstore.cl\/index.php\/wp-json\/wp\/v2\/product"}],"about":[{"href":"https:\/\/jobstore.cl\/index.php\/wp-json\/wp\/v2\/types\/product"}],"replies":[{"embeddable":true,"href":"https:\/\/jobstore.cl\/index.php\/wp-json\/wp\/v2\/comments?post=5232"}],"version-history":[{"count":3,"href":"https:\/\/jobstore.cl\/index.php\/wp-json\/wp\/v2\/product\/5232\/revisions"}],"predecessor-version":[{"id":5603,"href":"https:\/\/jobstore.cl\/index.php\/wp-json\/wp\/v2\/product\/5232\/revisions\/5603"}],"wp:featuredmedia":[{"embeddable":true,"href":"https:\/\/jobstore.cl\/index.php\/wp-json\/wp\/v2\/media\/5234"}],"wp:attachment":[{"href":"https:\/\/jobstore.cl\/index.php\/wp-json\/wp\/v2\/media?parent=5232"}],"wp:term":[{"taxonomy":"product_cat","embeddable":true,"href":"https:\/\/jobstore.cl\/index.php\/wp-json\/wp\/v2\/product_cat?post=5232"},{"taxonomy":"product_tag","embeddable":true,"href":"https:\/\/jobstore.cl\/index.php\/wp-json\/wp\/v2\/product_tag?post=5232"}],"curies":[{"name":"wp","href":"https:\/\/api.w.org\/{rel}","templated":true}]}}