{"id":4525,"date":"2021-11-26T10:22:51","date_gmt":"2021-11-26T13:22:51","guid":{"rendered":"https:\/\/jobstore.cl\/?post_type=product&#038;p=4525"},"modified":"2023-03-16T18:28:37","modified_gmt":"2023-03-16T21:28:37","slug":"palo-selfie-plegable-plus-wireless-integrated-edition-87-cm","status":"publish","type":"product","link":"https:\/\/jobstore.cl\/index.php\/product\/palo-selfie-plegable-plus-wireless-integrated-edition-87-cm\/","title":{"rendered":"Palo Selfie Plegable Plus, Wireless Integrated Edition de 87 Cm &#8211; Color Azul"},"content":{"rendered":"<p>Palo selfie plegable que ocupa menos espacio, f\u00e1cil de transportar, ajustable hasta 87 cm, porta c\u00e1mara GoPro, soporte para tel\u00e9fono inteligente, m\u00e1s estable y m\u00e1s seguro.<\/p>\n<p>Convi\u00e9rtete en un talento para selfies. No importa la c\u00e1mara o el tel\u00e9fono, esto puede satisfacer completamente tu demanda de tomar fotos.<\/p>\n<p>\u00a0<\/p>\n","protected":false},"excerpt":{"rendered":"<ul>\n<li>Dise\u00f1o integrado por Bluetooth, control con una sola mano.<\/li>\n<li>Perfectamente compatible con el sistema Apple IOS y Android.<\/li>\n<li>Hecho de material de aluminio espacial, superligero.<\/li>\n<li>Soporte para tel\u00e9fono plegable, ahorra espacio, f\u00e1cil de llevar al aire libre.<\/li>\n<li>Posee alfombrilla antideslizante, puede contener f\u00e1cilmente la mayor\u00eda de los tama\u00f1os de tel\u00e9fonos celulares en el mercado principal (por ejemplo, iPhone 5S \/ 5C \/ 6\/ 6s \/6 Plus etc).<\/li>\n<\/ul>\n","protected":false},"featured_media":4527,"comment_status":"open","ping_status":"closed","template":"","meta":{"_joinchat":[]},"product_cat":[192,280],"product_tag":[],"class_list":{"0":"post-4525","1":"product","2":"type-product","3":"status-publish","4":"has-post-thumbnail","6":"product_cat-accesorios","7":"product_cat-accesorios-iphone-accesorios-iphone","9":"first","10":"instock","11":"sale","12":"shipping-taxable","13":"purchasable","14":"product-type-simple"},"_links":{"self":[{"href":"https:\/\/jobstore.cl\/index.php\/wp-json\/wp\/v2\/product\/4525","targetHints":{"allow":["GET"]}}],"collection":[{"href":"https:\/\/jobstore.cl\/index.php\/wp-json\/wp\/v2\/product"}],"about":[{"href":"https:\/\/jobstore.cl\/index.php\/wp-json\/wp\/v2\/types\/product"}],"replies":[{"embeddable":true,"href":"https:\/\/jobstore.cl\/index.php\/wp-json\/wp\/v2\/comments?post=4525"}],"version-history":[{"count":5,"href":"https:\/\/jobstore.cl\/index.php\/wp-json\/wp\/v2\/product\/4525\/revisions"}],"predecessor-version":[{"id":13401,"href":"https:\/\/jobstore.cl\/index.php\/wp-json\/wp\/v2\/product\/4525\/revisions\/13401"}],"wp:featuredmedia":[{"embeddable":true,"href":"https:\/\/jobstore.cl\/index.php\/wp-json\/wp\/v2\/media\/4527"}],"wp:attachment":[{"href":"https:\/\/jobstore.cl\/index.php\/wp-json\/wp\/v2\/media?parent=4525"}],"wp:term":[{"taxonomy":"product_cat","embeddable":true,"href":"https:\/\/jobstore.cl\/index.php\/wp-json\/wp\/v2\/product_cat?post=4525"},{"taxonomy":"product_tag","embeddable":true,"href":"https:\/\/jobstore.cl\/index.php\/wp-json\/wp\/v2\/product_tag?post=4525"}],"curies":[{"name":"wp","href":"https:\/\/api.w.org\/{rel}","templated":true}]}}

<p>Palo selfie plegable que ocupa menos espacio, fácil de transportar, ajustable hasta 87 cm, porta cámara GoPro, soporte para teléfono inteligente, más estable y más seguro.</p>
<p>Conviértete en un talento para selfies. No importa la cámara o el teléfono, esto puede satisfacer completamente tu demanda de tomar fotos.</p>
<p> </p>

<ul>
<li>Diseño integrado por Bluetooth, control con una sola mano.</li>
<li>Perfectamente compatible con el sistema Apple IOS y Android.</li>
<li>Hecho de material de aluminio espacial, superligero.</li>
<li>Soporte para teléfono plegable, ahorra espacio, fácil de llevar al aire libre.</li>
<li>Posee alfombrilla antideslizante, puede contener fácilmente la mayoría de los tamaños de teléfonos celulares en el mercado principal (por ejemplo, iPhone 5S / 5C / 6/ 6s /6 Plus etc).</li>
</ul>
