{"id":4453,"date":"2021-11-25T12:45:17","date_gmt":"2021-11-25T15:45:17","guid":{"rendered":"https:\/\/jobstore.cl\/?post_type=product&#038;p=4453"},"modified":"2024-01-04T15:02:32","modified_gmt":"2024-01-04T18:02:32","slug":"audifonos-airpods-pro-con-estuche-de-carga-magsafe","status":"publish","type":"product","link":"https:\/\/jobstore.cl\/index.php\/product\/audifonos-airpods-pro-con-estuche-de-carga-magsafe\/","title":{"rendered":"Aud\u00edfonos Apple AirPods Pro con Estuche de Carga Inal\u00e1mbrica"},"content":{"rendered":"<h4>Escucha como un pro.<\/h4>\n<p>Los AirPods Pro tienen Cancelaci\u00f3n Activa de Ruido para que disfrutes de un sonido inmersivo. Modo Ambiente para que escuches todo lo que pasa a tu alrededor. Resistencia al agua y al sudor.<sup>1<\/sup> Y un ajuste personalizable para que los uses con comodidad todo el d\u00eda.<\/p>\n<ul>\n<li>Cancelaci\u00f3n Activa de Ruido que bloquea el ruido exterior para que puedas sumergirte por completo en lo que est\u00e1s escuchando<\/li>\n<li>Modo Ambiente para que escuches todo lo que pasa a tu alrededor y puedas interactuar con tu entorno<\/li>\n<li>Audio espacial con seguimiento din\u00e1mico de la cabeza para un sonido envolvente<sup>2<\/sup><\/li>\n<li>Ecualizaci\u00f3n Adaptativa que ajusta la m\u00fasica autom\u00e1ticamente seg\u00fan la forma de tus o\u00eddos<\/li>\n<li>Tres tama\u00f1os distintos de almohadillas de silicona, c\u00f3nicas y suaves, para brindarte un ajuste personalizable<\/li>\n<li>Sensor de fuerza para controlar con facilidad lo que escuchas, responder o finalizar llamadas y mucho m\u00e1s<\/li>\n<li>Resistencia al agua y al sudor<sup>1<\/sup><\/li>\n<li>M\u00e1s de 24 horas de audio en total con el estuche de carga MagSafe<sup>3<\/sup><\/li>\n<li>Acceso r\u00e1pido a Siri con s\u00f3lo decir \u00abOye Siri\u00bb<sup>4<\/sup><\/li>\n<li>F\u00e1cil configuraci\u00f3n, detecci\u00f3n de uso y cambio autom\u00e1tico de dispositivo para una experiencia m\u00e1gica5<\/li>\n<li>Comparte f\u00e1cilmente lo que est\u00e1s escuchando entre dos pares de AirPods conectados a tu iPhone,iPad, iPod touch o Apple TV<\/li>\n<\/ul>\n<span style='display:inline;'><input type='hidden' bg_collapse_expand='69f3ba9d099a72077866144' value='69f3ba9d099a72077866144'><input type='hidden' id='bg-show-more-text-69f3ba9d099a72077866144' value='Ver Mas'><input type='hidden' id='bg-show-less-text-69f3ba9d099a72077866144' value='Ver Menos'><a id='bg-showmore-action-69f3ba9d099a72077866144' class='bg-showmore-plg-link  '  style=\" color:#FF0000;\" href='#'>Ver Mas<\/a><span id='bg-showmore-hidden-69f3ba9d099a72077866144' ><\/p>\n<ol>\n<li>. Los AirPods Pro son resistentes al agua y al sudor al hacer ejercicio o practicar deportes no acu\u00e1ticos, y tienen una clasificaci\u00f3n IPX4. La resistencia al agua y al sudor no es una condici\u00f3n permanente. El estuche de carga no es resistente al agua ni al sudor.<\/li>\n<li>. El audio espacial funciona con pel\u00edculas, programas de TV y videos en apps compatibles. Requiere un iPhone o un iPad.<\/li>\n<li>. La duraci\u00f3n de la bater\u00eda var\u00eda seg\u00fan el uso y la configuraci\u00f3n. Para obtener m\u00e1s informaci\u00f3n, visita apple.com\/cl\/batteries.<\/li>\n<li>. Siri puede no estar disponible en todos los idiomas y \u00e1reas, y las funcionalidades pueden variar seg\u00fan el \u00e1rea.<\/li>\n<li>. Requiere una cuenta de iCloud y macOS 11.1, iOS 14.3, iPadOS 14.3, watchOS 7.2 o tvOS 14.3 o posterior.<\/li>\n<\/ol>\n<p><\/span><\/span>\n<p>\u00a0<\/p>\n","protected":false},"excerpt":{"rendered":"<ul>\n<li>Aud\u00edfonos In-Ear Bluetooth Apple<\/li>\n<li>AirPods Pro con estuche de carga MagSafe<\/li>\n<\/ul>\n<span style='display:inline;'><input type='hidden' bg_collapse_expand='69f3ba9d0a2e27022439970' value='69f3ba9d0a2e27022439970'><input type='hidden' id='bg-show-more-text-69f3ba9d0a2e27022439970' value='Ver Mas'><input type='hidden' id='bg-show-less-text-69f3ba9d0a2e27022439970' value='Ver Menos'><a id='bg-showmore-action-69f3ba9d0a2e27022439970' class='bg-showmore-plg-link  '  style=\" color:#FF0000;\" href='#'>Ver Mas<\/a><span id='bg-showmore-hidden-69f3ba9d0a2e27022439970' ><\/p>\n<table>\n<tbody>\n<tr>\n<td><strong>Tecnolog\u00eda de audio<\/strong><\/td>\n<td>Cancelaci\u00f3n Activa de Ruido<br \/>\nModo Ambiente<br \/>\nEcualizaci\u00f3n Adaptativa<br \/>\nEcualizaci\u00f3n de presi\u00f3n mediante un sistema de ventilaci\u00f3n<br \/>\nControlador de alta excursi\u00f3n dise\u00f1ado por Apple<br \/>\nAmplificador exclusivo con alto rango din\u00e1mico<br \/>\nAudio espacial con seguimiento din\u00e1mico del movimiento de la cabeza<sup>1<\/sup><\/td>\n<\/tr>\n<tr>\n<td><strong>Sensores<\/strong><\/td>\n<td>Dos micr\u00f3fonos con tecnolog\u00eda beamforming<br \/>\nMicr\u00f3fono orientado hacia adentro<br \/>\nDos sensores \u00f3pticos<br \/>\nAceler\u00f3metro detector de movimiento<br \/>\nAceler\u00f3metro detector de voz<br \/>\nSensor de fuerza<\/td>\n<\/tr>\n<tr>\n<td><strong>Chip<\/strong><\/td>\n<td>Chip H1 para aud\u00edfonos<\/p>\n<p>&nbsp;<\/td>\n<\/tr>\n<tr>\n<td><strong>Controles<\/strong><\/td>\n<td>Presiona una vez para reproducir, pausar o contestar una llamada<br \/>\nPresiona dos veces para avanzar<br \/>\nPresiona tres veces para retroceder<br \/>\nMant\u00e9n presionado para cambiar entre Cancelaci\u00f3n Activa de Ruido y modo Ambiente<br \/>\nDi \u201cOye Siri\u201d para escuchar m\u00fasica, hacer una llamada u obtener indicaciones para llegar a un lugar<\/td>\n<\/tr>\n<tr>\n<td><strong>Resistencia al agua y al sudor<sup>2<\/sup><\/strong><\/p>\n<p>&nbsp;<\/td>\n<td>Resistentes al agua y al sudor (IPX4)<\/td>\n<\/tr>\n<tr>\n<td><strong>Tama\u00f1o y peso<\/strong><\/td>\n<td>AirPods Pro (cada uno)<sup>3<\/sup><br \/>\nAlto: 30.9 mm<br \/>\nAncho: 21.8 mm<br \/>\nGrosor: 24 mm<br \/>\nPeso: 5.4 gEstuche de carga inal\u00e1mbrica<sup>3<\/sup><br \/>\nAlto: 45.2 mm<br \/>\nAncho: 60.6 mm<br \/>\nGrosor: 21.7 mm<br \/>\nPeso: 45.6 g&nbsp;<\/td>\n<\/tr>\n<tr>\n<td><strong>Estuche de carga<\/strong><\/td>\n<td>Funciona con cargadores MagSafe, cargadores con certificaci\u00f3n Qi o con el conector Lightning<\/p>\n<p>&nbsp;<\/td>\n<\/tr>\n<tr>\n<td><strong>Bater\u00eda<\/strong><\/td>\n<td>AirPods Pro<br \/>\nHasta 4.5 horas de audio con una sola carga (hasta 5 horas con la Cancelaci\u00f3n Activa de Ruido y el modo Ambiente\u00a0desactivados)<sup>4<\/sup><br \/>\nHasta 3.5 horas de conversaci\u00f3n con una sola carga<sup>5<\/sup>AirPods Pro con estuche de carga\u00a0MagSafe<br \/>\nM\u00e1s de 24 horas de audio<sup>6<\/sup><br \/>\nM\u00e1s de 18 horas de conversaci\u00f3n<sup>7<\/sup><br \/>\n5 minutos en el estuche te dan hasta 1 hora de audio<sup>8<\/sup>\u00a0o aproximadamente 1 hora de conversaci\u00f3n<sup>9<\/sup>&nbsp;<\/td>\n<\/tr>\n<tr>\n<td><strong>Conectividad<\/strong><\/td>\n<td>Bluetooth 5.0<\/p>\n<p>&nbsp;<\/td>\n<\/tr>\n<tr>\n<td><strong>Accesibilidad<\/strong><\/td>\n<td>Las funcionalidades de accesibilidad ayudan a las personas con alguna discapacidad a aprovechar al m\u00e1ximo sus nuevos AirPods Pro. Las funcionalidades incluyen:<br \/>\nFuncionalidad de audio Escucha en Vivo<sup>10<\/sup><br \/>\nNiveles de los aud\u00edfonos<br \/>\nAdaptaciones de Aud\u00edfonos<br \/>\nAmplificaci\u00f3n de la Conversaci\u00f3n<\/td>\n<\/tr>\n<tr>\n<td><strong>Requisitos de sistema<\/strong><\/td>\n<td>Modelos de iPhone y iPod touch con la \u00faltima versi\u00f3n de iOS<br \/>\nModelos de iPad con la \u00faltima versi\u00f3n de iPadOS<br \/>\nModelos de Apple Watch con la \u00faltima versi\u00f3n de watchOS<br \/>\nModelos de Mac con la \u00faltima versi\u00f3n de macOS<br \/>\nModelos de Apple TV con la \u00faltima versi\u00f3n de tvOS<\/td>\n<\/tr>\n<tr>\n<td><strong>Incluye<\/strong><\/td>\n<td>AirPods Pro<br \/>\nEstuche de carga MagSafe<br \/>\nAlmohadillas de silicona (tres tama\u00f1os)<br \/>\nCable de Lightning a USB-C<br \/>\nDocumentaci\u00f3n<\/td>\n<\/tr>\n<tr>\n<td><strong>Pa\u00eds de origen<\/strong><\/td>\n<td>China<\/td>\n<\/tr>\n<\/tbody>\n<\/table>\n<p><\/span><\/span>\n<p>&nbsp;<\/p>\n","protected":false},"featured_media":4455,"comment_status":"open","ping_status":"closed","template":"","meta":{"_joinchat":[]},"product_cat":[192,593,283,280,599],"product_tag":[349],"class_list":{"0":"post-4453","1":"product","2":"type-product","3":"status-publish","4":"has-post-thumbnail","6":"product_brand-apple","7":"product_cat-accesorios","8":"product_cat-accesorios-apple","9":"product_cat-accesorios-ipad","10":"product_cat-accesorios-iphone-accesorios-iphone","11":"product_cat-cables","12":"product_tag-mlwk3am-a","14":"first","15":"outofstock","16":"shipping-taxable","17":"purchasable","18":"product-type-simple"},"_links":{"self":[{"href":"https:\/\/jobstore.cl\/index.php\/wp-json\/wp\/v2\/product\/4453","targetHints":{"allow":["GET"]}}],"collection":[{"href":"https:\/\/jobstore.cl\/index.php\/wp-json\/wp\/v2\/product"}],"about":[{"href":"https:\/\/jobstore.cl\/index.php\/wp-json\/wp\/v2\/types\/product"}],"replies":[{"embeddable":true,"href":"https:\/\/jobstore.cl\/index.php\/wp-json\/wp\/v2\/comments?post=4453"}],"version-history":[{"count":17,"href":"https:\/\/jobstore.cl\/index.php\/wp-json\/wp\/v2\/product\/4453\/revisions"}],"predecessor-version":[{"id":13487,"href":"https:\/\/jobstore.cl\/index.php\/wp-json\/wp\/v2\/product\/4453\/revisions\/13487"}],"wp:featuredmedia":[{"embeddable":true,"href":"https:\/\/jobstore.cl\/index.php\/wp-json\/wp\/v2\/media\/4455"}],"wp:attachment":[{"href":"https:\/\/jobstore.cl\/index.php\/wp-json\/wp\/v2\/media?parent=4453"}],"wp:term":[{"taxonomy":"product_cat","embeddable":true,"href":"https:\/\/jobstore.cl\/index.php\/wp-json\/wp\/v2\/product_cat?post=4453"},{"taxonomy":"product_tag","embeddable":true,"href":"https:\/\/jobstore.cl\/index.php\/wp-json\/wp\/v2\/product_tag?post=4453"}],"curies":[{"name":"wp","href":"https:\/\/api.w.org\/{rel}","templated":true}]}}

Audífonos Apple AirPods Pro con Estuche de Carga Inalámbrica

<h4>Escucha como un pro.</h4>
<p>Los AirPods Pro tienen Cancelación Activa de Ruido para que disfrutes de un sonido inmersivo. Modo Ambiente para que escuches todo lo que pasa a tu alrededor. Resistencia al agua y al sudor.<sup>1</sup> Y un ajuste personalizable para que los uses con comodidad todo el día.</p>
<ul>
<li>Cancelación Activa de Ruido que bloquea el ruido exterior para que puedas sumergirte por completo en lo que estás escuchando</li>
<li>Modo Ambiente para que escuches todo lo que pasa a tu alrededor y puedas interactuar con tu entorno</li>
<li>Audio espacial con seguimiento dinámico de la cabeza para un sonido envolvente<sup>2</sup></li>
<li>Ecualización Adaptativa que ajusta la música automáticamente según la forma de tus oídos</li>
<li>Tres tamaños distintos de almohadillas de silicona, cónicas y suaves, para brindarte un ajuste personalizable</li>
<li>Sensor de fuerza para controlar con facilidad lo que escuchas, responder o finalizar llamadas y mucho más</li>
<li>Resistencia al agua y al sudor<sup>1</sup></li>
<li>Más de 24 horas de audio en total con el estuche de carga MagSafe<sup>3</sup></li>
<li>Acceso rápido a Siri con sólo decir «Oye Siri»<sup>4</sup></li>
<li>Fácil configuración, detección de uso y cambio automático de dispositivo para una experiencia mágica5</li>
<li>Comparte fácilmente lo que estás escuchando entre dos pares de AirPods conectados a tu iPhone,iPad, iPod touch o Apple TV</li>
</ul>
<span style='display:inline;'><input type='hidden' bg_collapse_expand='69f3ba9d099a72077866144' value='69f3ba9d099a72077866144'><input type='hidden' id='bg-show-more-text-69f3ba9d099a72077866144' value='Ver Mas'><input type='hidden' id='bg-show-less-text-69f3ba9d099a72077866144' value='Ver Menos'><a id='bg-showmore-action-69f3ba9d099a72077866144' class='bg-showmore-plg-link  '  style=" color:#FF0000;" href='#'>Ver Mas</a><span id='bg-showmore-hidden-69f3ba9d099a72077866144' ></p>
<ol>
<li>. Los AirPods Pro son resistentes al agua y al sudor al hacer ejercicio o practicar deportes no acuáticos, y tienen una clasificación IPX4. La resistencia al agua y al sudor no es una condición permanente. El estuche de carga no es resistente al agua ni al sudor.</li>
<li>. El audio espacial funciona con películas, programas de TV y videos en apps compatibles. Requiere un iPhone o un iPad.</li>
<li>. La duración de la batería varía según el uso y la configuración. Para obtener más información, visita apple.com/cl/batteries.</li>
<li>. Siri puede no estar disponible en todos los idiomas y áreas, y las funcionalidades pueden variar según el área.</li>
<li>. Requiere una cuenta de iCloud y macOS 11.1, iOS 14.3, iPadOS 14.3, watchOS 7.2 o tvOS 14.3 o posterior.</li>
</ol>
<p></span></span>
<p> </p>

<ul>
<li>Audífonos In-Ear Bluetooth Apple</li>
<li>AirPods Pro con estuche de carga MagSafe</li>
</ul>
<span style='display:inline;'><input type='hidden' bg_collapse_expand='69f3ba9d0a2e27022439970' value='69f3ba9d0a2e27022439970'><input type='hidden' id='bg-show-more-text-69f3ba9d0a2e27022439970' value='Ver Mas'><input type='hidden' id='bg-show-less-text-69f3ba9d0a2e27022439970' value='Ver Menos'><a id='bg-showmore-action-69f3ba9d0a2e27022439970' class='bg-showmore-plg-link  '  style=" color:#FF0000;" href='#'>Ver Mas</a><span id='bg-showmore-hidden-69f3ba9d0a2e27022439970' ></p>
<table>
<tbody>
<tr>
<td><strong>Tecnología de audio</strong></td>
<td>Cancelación Activa de Ruido<br />
Modo Ambiente<br />
Ecualización Adaptativa<br />
Ecualización de presión mediante un sistema de ventilación<br />
Controlador de alta excursión diseñado por Apple<br />
Amplificador exclusivo con alto rango dinámico<br />
Audio espacial con seguimiento dinámico del movimiento de la cabeza<sup>1</sup></td>
</tr>
<tr>
<td><strong>Sensores</strong></td>
<td>Dos micrófonos con tecnología beamforming<br />
Micrófono orientado hacia adentro<br />
Dos sensores ópticos<br />
Acelerómetro detector de movimiento<br />
Acelerómetro detector de voz<br />
Sensor de fuerza</td>
</tr>
<tr>
<td><strong>Chip</strong></td>
<td>Chip H1 para audífonos</p>
<p>&nbsp;</td>
</tr>
<tr>
<td><strong>Controles</strong></td>
<td>Presiona una vez para reproducir, pausar o contestar una llamada<br />
Presiona dos veces para avanzar<br />
Presiona tres veces para retroceder<br />
Mantén presionado para cambiar entre Cancelación Activa de Ruido y modo Ambiente<br />
Di “Oye Siri” para escuchar música, hacer una llamada u obtener indicaciones para llegar a un lugar</td>
</tr>
<tr>
<td><strong>Resistencia al agua y al sudor<sup>2</sup></strong></p>
<p>&nbsp;</td>
<td>Resistentes al agua y al sudor (IPX4)</td>
</tr>
<tr>
<td><strong>Tamaño y peso</strong></td>
<td>AirPods Pro (cada uno)<sup>3</sup><br />
Alto: 30.9 mm<br />
Ancho: 21.8 mm<br />
Grosor: 24 mm<br />
Peso: 5.4 gEstuche de carga inalámbrica<sup>3</sup><br />
Alto: 45.2 mm<br />
Ancho: 60.6 mm<br />
Grosor: 21.7 mm<br />
Peso: 45.6 g&nbsp;</td>
</tr>
<tr>
<td><strong>Estuche de carga</strong></td>
<td>Funciona con cargadores MagSafe, cargadores con certificación Qi o con el conector Lightning</p>
<p>&nbsp;</td>
</tr>
<tr>
<td><strong>Batería</strong></td>
<td>AirPods Pro<br />
Hasta 4.5 horas de audio con una sola carga (hasta 5 horas con la Cancelación Activa de Ruido y el modo Ambiente desactivados)<sup>4</sup><br />
Hasta 3.5 horas de conversación con una sola carga<sup>5</sup>AirPods Pro con estuche de carga MagSafe<br />
Más de 24 horas de audio<sup>6</sup><br />
Más de 18 horas de conversación<sup>7</sup><br />
5 minutos en el estuche te dan hasta 1 hora de audio<sup>8</sup> o aproximadamente 1 hora de conversación<sup>9</sup>&nbsp;</td>
</tr>
<tr>
<td><strong>Conectividad</strong></td>
<td>Bluetooth 5.0</p>
<p>&nbsp;</td>
</tr>
<tr>
<td><strong>Accesibilidad</strong></td>
<td>Las funcionalidades de accesibilidad ayudan a las personas con alguna discapacidad a aprovechar al máximo sus nuevos AirPods Pro. Las funcionalidades incluyen:<br />
Funcionalidad de audio Escucha en Vivo<sup>10</sup><br />
Niveles de los audífonos<br />
Adaptaciones de Audífonos<br />
Amplificación de la Conversación</td>
</tr>
<tr>
<td><strong>Requisitos de sistema</strong></td>
<td>Modelos de iPhone y iPod touch con la última versión de iOS<br />
Modelos de iPad con la última versión de iPadOS<br />
Modelos de Apple Watch con la última versión de watchOS<br />
Modelos de Mac con la última versión de macOS<br />
Modelos de Apple TV con la última versión de tvOS</td>
</tr>
<tr>
<td><strong>Incluye</strong></td>
<td>AirPods Pro<br />
Estuche de carga MagSafe<br />
Almohadillas de silicona (tres tamaños)<br />
Cable de Lightning a USB-C<br />
Documentación</td>
</tr>
<tr>
<td><strong>País de origen</strong></td>
<td>China</td>
</tr>
</tbody>
</table>
<p></span></span>
<p>&nbsp;</p>
