{"id":3681,"date":"2021-11-19T16:18:45","date_gmt":"2021-11-19T19:18:45","guid":{"rendered":"https:\/\/jobstore.cl\/?post_type=product&#038;p=3681"},"modified":"2023-03-17T17:01:37","modified_gmt":"2023-03-17T20:01:37","slug":"carcasa-con-anillo-metalico-para-iphone-7-plus-silver-white","status":"publish","type":"product","link":"https:\/\/jobstore.cl\/index.php\/product\/carcasa-con-anillo-metalico-para-iphone-7-plus-silver-white\/","title":{"rendered":"Carcasa con Anillo Met\u00e1lico para iPhone 7 Plus &#8211; Color Silver Blanco"},"content":{"rendered":"<p>Estuche Glaze Ring para iPhone 7 Plus, con aro met\u00e1lico para el sost\u00e9n del dedo adem\u00e1s de poseer un im\u00e1n en su centro.<\/p>\n","protected":false},"excerpt":{"rendered":"<ul>\n<li>Funci\u00f3n de soporte<span class=\"Apple-converted-space\">\u00a0<\/span><\/li>\n<li>Im\u00e1n en el interior<\/li>\n<li>Anti-ca\u00edda para iphone 7 plus<\/li>\n<\/ul>\n","protected":false},"featured_media":3683,"comment_status":"open","ping_status":"closed","template":"","meta":{"_joinchat":[]},"product_cat":[280],"product_tag":[],"class_list":{"0":"post-3681","1":"product","2":"type-product","3":"status-publish","4":"has-post-thumbnail","6":"product_cat-accesorios-iphone-accesorios-iphone","8":"first","9":"instock","10":"sale","11":"shipping-taxable","12":"purchasable","13":"product-type-simple"},"_links":{"self":[{"href":"https:\/\/jobstore.cl\/index.php\/wp-json\/wp\/v2\/product\/3681","targetHints":{"allow":["GET"]}}],"collection":[{"href":"https:\/\/jobstore.cl\/index.php\/wp-json\/wp\/v2\/product"}],"about":[{"href":"https:\/\/jobstore.cl\/index.php\/wp-json\/wp\/v2\/types\/product"}],"replies":[{"embeddable":true,"href":"https:\/\/jobstore.cl\/index.php\/wp-json\/wp\/v2\/comments?post=3681"}],"version-history":[{"count":5,"href":"https:\/\/jobstore.cl\/index.php\/wp-json\/wp\/v2\/product\/3681\/revisions"}],"predecessor-version":[{"id":13508,"href":"https:\/\/jobstore.cl\/index.php\/wp-json\/wp\/v2\/product\/3681\/revisions\/13508"}],"wp:featuredmedia":[{"embeddable":true,"href":"https:\/\/jobstore.cl\/index.php\/wp-json\/wp\/v2\/media\/3683"}],"wp:attachment":[{"href":"https:\/\/jobstore.cl\/index.php\/wp-json\/wp\/v2\/media?parent=3681"}],"wp:term":[{"taxonomy":"product_cat","embeddable":true,"href":"https:\/\/jobstore.cl\/index.php\/wp-json\/wp\/v2\/product_cat?post=3681"},{"taxonomy":"product_tag","embeddable":true,"href":"https:\/\/jobstore.cl\/index.php\/wp-json\/wp\/v2\/product_tag?post=3681"}],"curies":[{"name":"wp","href":"https:\/\/api.w.org\/{rel}","templated":true}]}}