{"id":3321,"date":"2021-11-15T18:11:49","date_gmt":"2021-11-15T21:11:49","guid":{"rendered":"https:\/\/jobstore.cl\/?post_type=product&#038;p=3321"},"modified":"2023-03-13T11:39:15","modified_gmt":"2023-03-13T14:39:15","slug":"lamina-protectora-de-pantalla-para-macbook-12","status":"publish","type":"product","link":"https:\/\/jobstore.cl\/index.php\/product\/lamina-protectora-de-pantalla-para-macbook-12\/","title":{"rendered":"Protector de Pantalla L\u00e1mina para Macbook 12\u201d"},"content":{"rendered":"<ul>\n<li>Antiara\u00f1azos y duradero: en condiciones de uso diario normal. La pel\u00edcula OA podr\u00eda durar un largo per\u00edodo de tiempo sin afectar su suavidad y transparencia debido a la rigidez del material de la pel\u00edcula OA.<\/li>\n<\/ul>\n<ul>\n<li>Recubrimiento adhesivo de silicona: la pel\u00edcula OA recubierta de silicona y sin pegamento no deja residuos cuando la retira de la pantalla LCD.<\/li>\n<\/ul>\n<ul>\n<li>Antideslumbrante: la pel\u00edcula OA minimiza los deslumbramientos molestos causados \u200b\u200bpor el reflejo de fuertes fuentes de luz de fondo.<\/li>\n<\/ul>\n<ul>\n<li>Suavidad: la pel\u00edcula OA no tiene burbujas cuando se aplica. Su acabado mate le da una sensaci\u00f3n de papel en la superficie de escritura que lo hace m\u00e1s suave y f\u00e1cil de manipular.<\/li>\n<\/ul>\n","protected":false},"excerpt":{"rendered":"<p>Antiara\u00f1azos y duradero: en condiciones de uso diario normal. La pel\u00edcula OA podr\u00eda durar un largo per\u00edodo de tiempo sin afectar su suavidad y transparencia debido<span class=\"excerpt-hellip\"> [\u2026]<\/span><\/p>\n","protected":false},"featured_media":3323,"comment_status":"open","ping_status":"closed","template":"","meta":{"_joinchat":[]},"product_cat":[192],"product_tag":[],"class_list":{"0":"post-3321","1":"product","2":"type-product","3":"status-publish","4":"has-post-thumbnail","6":"product_cat-accesorios","8":"first","9":"instock","10":"sale","11":"shipping-taxable","12":"purchasable","13":"product-type-simple"},"_links":{"self":[{"href":"https:\/\/jobstore.cl\/index.php\/wp-json\/wp\/v2\/product\/3321","targetHints":{"allow":["GET"]}}],"collection":[{"href":"https:\/\/jobstore.cl\/index.php\/wp-json\/wp\/v2\/product"}],"about":[{"href":"https:\/\/jobstore.cl\/index.php\/wp-json\/wp\/v2\/types\/product"}],"replies":[{"embeddable":true,"href":"https:\/\/jobstore.cl\/index.php\/wp-json\/wp\/v2\/comments?post=3321"}],"version-history":[{"count":3,"href":"https:\/\/jobstore.cl\/index.php\/wp-json\/wp\/v2\/product\/3321\/revisions"}],"predecessor-version":[{"id":12896,"href":"https:\/\/jobstore.cl\/index.php\/wp-json\/wp\/v2\/product\/3321\/revisions\/12896"}],"wp:featuredmedia":[{"embeddable":true,"href":"https:\/\/jobstore.cl\/index.php\/wp-json\/wp\/v2\/media\/3323"}],"wp:attachment":[{"href":"https:\/\/jobstore.cl\/index.php\/wp-json\/wp\/v2\/media?parent=3321"}],"wp:term":[{"taxonomy":"product_cat","embeddable":true,"href":"https:\/\/jobstore.cl\/index.php\/wp-json\/wp\/v2\/product_cat?post=3321"},{"taxonomy":"product_tag","embeddable":true,"href":"https:\/\/jobstore.cl\/index.php\/wp-json\/wp\/v2\/product_tag?post=3321"}],"curies":[{"name":"wp","href":"https:\/\/api.w.org\/{rel}","templated":true}]}}