{"id":3311,"date":"2021-11-15T15:39:13","date_gmt":"2021-11-15T18:39:13","guid":{"rendered":"https:\/\/jobstore.cl\/?post_type=product&#038;p=3311"},"modified":"2023-03-13T11:40:26","modified_gmt":"2023-03-13T14:40:26","slug":"lamina-protectora-para-macbook-air-11","status":"publish","type":"product","link":"https:\/\/jobstore.cl\/index.php\/product\/lamina-protectora-para-macbook-air-11\/","title":{"rendered":"Protector de Pantalla L\u00e1mina para MacBook Air 11&#8243;"},"content":{"rendered":"<p>Con el protector de pantalla MacBook Air de 11 pulgadas, tanto los ara\u00f1azos como la suciedad en tu pantalla pasan. El protector de pantalla es ultra transparente y personalizado, gracias al especial anti-reflejo tendr\u00e1s menos problemas como la luz del sol mientras te sientas al aire libre. Adem\u00e1s los ara\u00f1azos y golpes existentes en tu pantalla ya no ser\u00e1n visibles porque esta l\u00e1mina lo filtrar\u00e1 con un nuevo aspecto.<\/p>\n","protected":false},"excerpt":{"rendered":"<p>Con el protector de pantalla MacBook Air de 11 pulgadas, tanto los ara\u00f1azos como la suciedad en tu pantalla pasan. El protector de pantalla es ultra<span class=\"excerpt-hellip\"> [\u2026]<\/span><\/p>\n","protected":false},"featured_media":3314,"comment_status":"open","ping_status":"closed","template":"","meta":{"_joinchat":[]},"product_cat":[192,190],"product_tag":[],"class_list":{"0":"post-3311","1":"product","2":"type-product","3":"status-publish","4":"has-post-thumbnail","6":"product_cat-accesorios","7":"product_cat-air","9":"first","10":"instock","11":"sale","12":"shipping-taxable","13":"purchasable","14":"product-type-simple"},"_links":{"self":[{"href":"https:\/\/jobstore.cl\/index.php\/wp-json\/wp\/v2\/product\/3311","targetHints":{"allow":["GET"]}}],"collection":[{"href":"https:\/\/jobstore.cl\/index.php\/wp-json\/wp\/v2\/product"}],"about":[{"href":"https:\/\/jobstore.cl\/index.php\/wp-json\/wp\/v2\/types\/product"}],"replies":[{"embeddable":true,"href":"https:\/\/jobstore.cl\/index.php\/wp-json\/wp\/v2\/comments?post=3311"}],"version-history":[{"count":4,"href":"https:\/\/jobstore.cl\/index.php\/wp-json\/wp\/v2\/product\/3311\/revisions"}],"predecessor-version":[{"id":12898,"href":"https:\/\/jobstore.cl\/index.php\/wp-json\/wp\/v2\/product\/3311\/revisions\/12898"}],"wp:featuredmedia":[{"embeddable":true,"href":"https:\/\/jobstore.cl\/index.php\/wp-json\/wp\/v2\/media\/3314"}],"wp:attachment":[{"href":"https:\/\/jobstore.cl\/index.php\/wp-json\/wp\/v2\/media?parent=3311"}],"wp:term":[{"taxonomy":"product_cat","embeddable":true,"href":"https:\/\/jobstore.cl\/index.php\/wp-json\/wp\/v2\/product_cat?post=3311"},{"taxonomy":"product_tag","embeddable":true,"href":"https:\/\/jobstore.cl\/index.php\/wp-json\/wp\/v2\/product_tag?post=3311"}],"curies":[{"name":"wp","href":"https:\/\/api.w.org\/{rel}","templated":true}]}}