{"id":2922,"date":"2021-11-04T16:38:13","date_gmt":"2021-11-04T19:38:13","guid":{"rendered":"https:\/\/jobstore.cl\/?post_type=product&#038;p=2922"},"modified":"2023-03-31T09:17:26","modified_gmt":"2023-03-31T12:17:26","slug":"teclado-inalambrico-para-ipad-de-102-bryge-plata","status":"publish","type":"product","link":"https:\/\/jobstore.cl\/index.php\/product\/teclado-inalambrico-para-ipad-de-102-bryge-plata\/","title":{"rendered":"Teclado Inal\u00e1mbrico para iPad de 10,2&#8243; &#8211; Color Plata"},"content":{"rendered":"<p>El teclado Brydge de 10.2 color plata, lleva la productividad al siguiente nivel. Cuando se combina con el iPad de s\u00e9ptima generaci\u00f3n, esta combinaci\u00f3n crea el dispositivo diario definitivo. Un equilibrio perfecto entre tableta y computadora port\u00e1til.<\/p>\n<p>Impresionantemente capaz y adaptable, el Brydge 10.2 cuenta con teclas de acceso directo de iOS, \u00e1ngulos de visi\u00f3n de 0-180 \u00b0 y 3 niveles de teclas retroiluminadas para que puedas trabajar de d\u00eda o de noche.<\/p>\n<p>El iPad es un potente dispositivo b\u00e1sico que merece un teclado igualmente potente. El teclado 10.2 lleva la eficiencia un paso m\u00e1s all\u00e1 y le brinda el m\u00e1ximo provecho de su tableta.<\/p>\n<p>Bellamente dise\u00f1ado para integrarse a la perfecci\u00f3n con su iPad. El Brydge 10.2 combina con la apariencia de su iPad sin sacrificar el estilo por la funci\u00f3n.<\/p>\n","protected":false},"excerpt":{"rendered":"<p><strong>Compatibilidad con modelos Ipad:<\/strong><\/p>\n<p>iPad Pro (9.a generaci\u00f3n)<\/p>\n<p>iPad Pro (8.a generaci\u00f3n)<\/p>\n<p>iPad Pro (7.a generaci\u00f3n)<\/p>\n","protected":false},"featured_media":0,"comment_status":"open","ping_status":"closed","template":"","meta":{"_joinchat":[]},"product_cat":[283],"product_tag":[295],"class_list":{"0":"post-2922","1":"product","2":"type-product","3":"status-publish","5":"product_cat-accesorios-ipad","6":"product_tag-bry80012es","8":"first","9":"outofstock","10":"shipping-taxable","11":"purchasable","12":"product-type-simple"},"_links":{"self":[{"href":"https:\/\/jobstore.cl\/index.php\/wp-json\/wp\/v2\/product\/2922","targetHints":{"allow":["GET"]}}],"collection":[{"href":"https:\/\/jobstore.cl\/index.php\/wp-json\/wp\/v2\/product"}],"about":[{"href":"https:\/\/jobstore.cl\/index.php\/wp-json\/wp\/v2\/types\/product"}],"replies":[{"embeddable":true,"href":"https:\/\/jobstore.cl\/index.php\/wp-json\/wp\/v2\/comments?post=2922"}],"version-history":[{"count":9,"href":"https:\/\/jobstore.cl\/index.php\/wp-json\/wp\/v2\/product\/2922\/revisions"}],"predecessor-version":[{"id":13804,"href":"https:\/\/jobstore.cl\/index.php\/wp-json\/wp\/v2\/product\/2922\/revisions\/13804"}],"wp:attachment":[{"href":"https:\/\/jobstore.cl\/index.php\/wp-json\/wp\/v2\/media?parent=2922"}],"wp:term":[{"taxonomy":"product_cat","embeddable":true,"href":"https:\/\/jobstore.cl\/index.php\/wp-json\/wp\/v2\/product_cat?post=2922"},{"taxonomy":"product_tag","embeddable":true,"href":"https:\/\/jobstore.cl\/index.php\/wp-json\/wp\/v2\/product_tag?post=2922"}],"curies":[{"name":"wp","href":"https:\/\/api.w.org\/{rel}","templated":true}]}}

Teclado Inalámbrico para iPad de 10,2&#8243; &#8211; Color Plata

<p>El teclado Brydge de 10.2 color plata, lleva la productividad al siguiente nivel. Cuando se combina con el iPad de séptima generación, esta combinación crea el dispositivo diario definitivo. Un equilibrio perfecto entre tableta y computadora portátil.</p>
<p>Impresionantemente capaz y adaptable, el Brydge 10.2 cuenta con teclas de acceso directo de iOS, ángulos de visión de 0-180 ° y 3 niveles de teclas retroiluminadas para que puedas trabajar de día o de noche.</p>
<p>El iPad es un potente dispositivo básico que merece un teclado igualmente potente. El teclado 10.2 lleva la eficiencia un paso más allá y le brinda el máximo provecho de su tableta.</p>
<p>Bellamente diseñado para integrarse a la perfección con su iPad. El Brydge 10.2 combina con la apariencia de su iPad sin sacrificar el estilo por la función.</p>

<p><strong>Compatibilidad con modelos Ipad:</strong></p>
<p>iPad Pro (9.a generación)</p>
<p>iPad Pro (8.a generación)</p>
<p>iPad Pro (7.a generación)</p>
