{"id":2262,"date":"2021-10-26T14:07:06","date_gmt":"2021-10-26T17:07:06","guid":{"rendered":"https:\/\/jobstore.cl\/?post_type=product&#038;p=2262"},"modified":"2025-11-19T17:31:22","modified_gmt":"2025-11-19T20:31:22","slug":"apple-pencil-2a-generacion","status":"publish","type":"product","link":"https:\/\/jobstore.cl\/index.php\/product\/apple-pencil-2a-generacion\/","title":{"rendered":"Apple Pencil de 2da Generaci\u00f3n"},"content":{"rendered":"<p>El Apple Pencil de segunda generaci\u00f3n permite darle vida a tus ideas. Tiene una precisi\u00f3n incre\u00edble, y es sensible a la presi\u00f3n y a la inclinaci\u00f3n. Adem\u00e1s, se adhiere de forma magn\u00e9tica al iPad Pro y al iPad Air<sup>1<\/sup>, se carga de forma inal\u00e1mbrica y te permite cambiar de herramienta con s\u00f3lo tocarlo dos veces. Puedes transformarlo en la herramienta que necesites para desplegar toda tu creatividad: un pincel, un carboncillo o un l\u00e1piz. Descubre todo su potencial y pinta, dibuja y toma apuntes como nunca antes.<\/p>\n<span style='display:inline;'><input type='hidden' bg_collapse_expand='69f50ef293dd69098127187' value='69f50ef293dd69098127187'><input type='hidden' id='bg-show-more-text-69f50ef293dd69098127187' value='Ver Mas'><input type='hidden' id='bg-show-less-text-69f50ef293dd69098127187' value='Ver Menos'><a id='bg-showmore-action-69f50ef293dd69098127187' class='bg-showmore-plg-link  '  style=\" color:#FF0000;\" href='#'>Ver Mas<\/a><span id='bg-showmore-hidden-69f50ef293dd69098127187' ><\/p>\n<p>1* Compatible con el iPad Pro de 12,9 pulgadas (tercera,\u00a0cuarta y quinta generaci\u00f3n), iPad Pro de 11 pulgadas (primera,\u00a0segunda y tercera generaci\u00f3n) y iPad Air de 10,9 pulgadas (cuarta generaci\u00f3n).<\/p>\n<p><\/span><\/span>\n<p>\u00a0<\/p>\n","protected":false},"excerpt":{"rendered":"<ul class=\"spec-list summary\">Apple Pencil (2\u00aa generaci\u00f3n)<\/ul>\n<span style='display:inline;'><input type='hidden' bg_collapse_expand='69f50ef2943998047761786' value='69f50ef2943998047761786'><input type='hidden' id='bg-show-more-text-69f50ef2943998047761786' value='Ver Mas'><input type='hidden' id='bg-show-less-text-69f50ef2943998047761786' value='Ver Menos'><a id='bg-showmore-action-69f50ef2943998047761786' class='bg-showmore-plg-link  '  style=\" color:#FF0000;\" href='#'>Ver Mas<\/a><span id='bg-showmore-hidden-69f50ef2943998047761786' ><\/p>\n<p>&nbsp;<\/p>\n<table>\n<tbody>\n<tr>\n<td><strong>Incluye<\/strong><\/td>\n<td>\n<div class=\"para-list\">\n<p>Apple Pencil (2\u00aa generaci\u00f3n)<\/p>\n<\/div>\n<\/td>\n<\/tr>\n<tr>\n<td><strong>Especificaciones<\/strong><\/td>\n<td>\n<h4 class=\"h4-para-title\">Dimensiones<\/h4>\n<div class=\"para-list\">\n<p>Longitud: 166\u00a0mm<\/p>\n<\/div>\n<div class=\"para-list as-pdp-lastparalist\">\n<p>Di\u00e1metro: 8.9 mm<\/p>\n<\/div>\n<div class=\"para-list as-pdp-lastparalist\">\n<p>Peso: 20.7 gramos<\/p>\n<\/div>\n<h4 class=\"h4-para-title\">Conexiones<\/h4>\n<div class=\"para-list\">\n<p>Bluetooth<\/p>\n<p>&nbsp;<\/p>\n<\/div>\n<\/td>\n<\/tr>\n<tr>\n<td><strong>Compatibilidad<\/strong><\/td>\n<td>iPad Pro (12,9 pulgadas, M1,\u00a05\u00aa generaci\u00f3n)<\/p>\n<p>iPad Pro (12,9 pulgadas, 4\u00aa generaci\u00f3n)<\/p>\n<p>iPad Pro (12,9 pulgadas, 3\u00aa generaci\u00f3n)<\/p>\n<p>iPad Pro (11\u00a0pulgadas, M1,\u00a03\u00aa generaci\u00f3n)<\/p>\n<p>iPad Pro (11\u00a0pulgadas, 2\u00aa generaci\u00f3n)<\/p>\n<p>iPad Pro (11\u00a0pulgadas, 1\u00aa generaci\u00f3n)<\/p>\n<p>iPad Air (10,9 pulgadas,\u00a04\u00aa generaci\u00f3n)<\/p>\n<p><strong>IMPORTANTE<\/strong>: No es compatible con\u00a0otros modelos de iPad o iPad Pro<\/p>\n<p>&nbsp;<\/td>\n<\/tr>\n<\/tbody>\n<\/table>\n<p><\/span><\/span>\n<p>&nbsp;<\/p>\n","protected":false},"featured_media":2264,"comment_status":"open","ping_status":"closed","template":"","meta":{"_joinchat":[]},"product_cat":[192],"product_tag":[203],"class_list":{"0":"post-2262","1":"product","2":"type-product","3":"status-publish","4":"has-post-thumbnail","6":"product_cat-accesorios","7":"product_tag-mu8f2am-a","9":"first","10":"instock","11":"shipping-taxable","12":"purchasable","13":"product-type-simple"},"_links":{"self":[{"href":"https:\/\/jobstore.cl\/index.php\/wp-json\/wp\/v2\/product\/2262","targetHints":{"allow":["GET"]}}],"collection":[{"href":"https:\/\/jobstore.cl\/index.php\/wp-json\/wp\/v2\/product"}],"about":[{"href":"https:\/\/jobstore.cl\/index.php\/wp-json\/wp\/v2\/types\/product"}],"replies":[{"embeddable":true,"href":"https:\/\/jobstore.cl\/index.php\/wp-json\/wp\/v2\/comments?post=2262"}],"version-history":[{"count":5,"href":"https:\/\/jobstore.cl\/index.php\/wp-json\/wp\/v2\/product\/2262\/revisions"}],"predecessor-version":[{"id":13083,"href":"https:\/\/jobstore.cl\/index.php\/wp-json\/wp\/v2\/product\/2262\/revisions\/13083"}],"wp:featuredmedia":[{"embeddable":true,"href":"https:\/\/jobstore.cl\/index.php\/wp-json\/wp\/v2\/media\/2264"}],"wp:attachment":[{"href":"https:\/\/jobstore.cl\/index.php\/wp-json\/wp\/v2\/media?parent=2262"}],"wp:term":[{"taxonomy":"product_cat","embeddable":true,"href":"https:\/\/jobstore.cl\/index.php\/wp-json\/wp\/v2\/product_cat?post=2262"},{"taxonomy":"product_tag","embeddable":true,"href":"https:\/\/jobstore.cl\/index.php\/wp-json\/wp\/v2\/product_tag?post=2262"}],"curies":[{"name":"wp","href":"https:\/\/api.w.org\/{rel}","templated":true}]}}

Apple Pencil de 2da Generación

<p>El Apple Pencil de segunda generación permite darle vida a tus ideas. Tiene una precisión increíble, y es sensible a la presión y a la inclinación. Además, se adhiere de forma magnética al iPad Pro y al iPad Air<sup>1</sup>, se carga de forma inalámbrica y te permite cambiar de herramienta con sólo tocarlo dos veces. Puedes transformarlo en la herramienta que necesites para desplegar toda tu creatividad: un pincel, un carboncillo o un lápiz. Descubre todo su potencial y pinta, dibuja y toma apuntes como nunca antes.</p>
<span style='display:inline;'><input type='hidden' bg_collapse_expand='69f50ef293dd69098127187' value='69f50ef293dd69098127187'><input type='hidden' id='bg-show-more-text-69f50ef293dd69098127187' value='Ver Mas'><input type='hidden' id='bg-show-less-text-69f50ef293dd69098127187' value='Ver Menos'><a id='bg-showmore-action-69f50ef293dd69098127187' class='bg-showmore-plg-link  '  style=" color:#FF0000;" href='#'>Ver Mas</a><span id='bg-showmore-hidden-69f50ef293dd69098127187' ></p>
<p>1* Compatible con el iPad Pro de 12,9 pulgadas (tercera, cuarta y quinta generación), iPad Pro de 11 pulgadas (primera, segunda y tercera generación) y iPad Air de 10,9 pulgadas (cuarta generación).</p>
<p></span></span>
<p> </p>

<ul class="spec-list summary">Apple Pencil (2ª generación)</ul>
<span style='display:inline;'><input type='hidden' bg_collapse_expand='69f50ef2943998047761786' value='69f50ef2943998047761786'><input type='hidden' id='bg-show-more-text-69f50ef2943998047761786' value='Ver Mas'><input type='hidden' id='bg-show-less-text-69f50ef2943998047761786' value='Ver Menos'><a id='bg-showmore-action-69f50ef2943998047761786' class='bg-showmore-plg-link  '  style=" color:#FF0000;" href='#'>Ver Mas</a><span id='bg-showmore-hidden-69f50ef2943998047761786' ></p>
<p>&nbsp;</p>
<table>
<tbody>
<tr>
<td><strong>Incluye</strong></td>
<td>
<div class="para-list">
<p>Apple Pencil (2ª generación)</p>
</div>
</td>
</tr>
<tr>
<td><strong>Especificaciones</strong></td>
<td>
<h4 class="h4-para-title">Dimensiones</h4>
<div class="para-list">
<p>Longitud: 166 mm</p>
</div>
<div class="para-list as-pdp-lastparalist">
<p>Diámetro: 8.9 mm</p>
</div>
<div class="para-list as-pdp-lastparalist">
<p>Peso: 20.7 gramos</p>
</div>
<h4 class="h4-para-title">Conexiones</h4>
<div class="para-list">
<p>Bluetooth</p>
<p>&nbsp;</p>
</div>
</td>
</tr>
<tr>
<td><strong>Compatibilidad</strong></td>
<td>iPad Pro (12,9 pulgadas, M1, 5ª generación)</p>
<p>iPad Pro (12,9 pulgadas, 4ª generación)</p>
<p>iPad Pro (12,9 pulgadas, 3ª generación)</p>
<p>iPad Pro (11 pulgadas, M1, 3ª generación)</p>
<p>iPad Pro (11 pulgadas, 2ª generación)</p>
<p>iPad Pro (11 pulgadas, 1ª generación)</p>
<p>iPad Air (10,9 pulgadas, 4ª generación)</p>
<p><strong>IMPORTANTE</strong>: No es compatible con otros modelos de iPad o iPad Pro</p>
<p>&nbsp;</td>
</tr>
</tbody>
</table>
<p></span></span>
<p>&nbsp;</p>
