{"id":2242,"date":"2021-10-25T20:57:19","date_gmt":"2021-10-25T23:57:19","guid":{"rendered":"https:\/\/jobstore.cl\/?post_type=product&#038;p=2242"},"modified":"2024-01-04T15:05:22","modified_gmt":"2024-01-04T18:05:22","slug":"audifonos-bluetooth-apple-airpods-2a-generacion","status":"publish","type":"product","link":"https:\/\/jobstore.cl\/index.php\/product\/audifonos-bluetooth-apple-airpods-2a-generacion\/","title":{"rendered":"Aud\u00edfonos Apple AirPods con Estuche de Carga Inal\u00e1mbrica de 2da Generaci\u00f3n"},"content":{"rendered":"<h4>Sonido realmente m\u00e1gico.<\/h4>\n<p>Cancelaci\u00f3n Activa de Ruido para que disfrutes de un sonido inmersivo. Modo Ambiente para que escuches todo lo que ocurre a tu alrededor y puedas interactuar con tu entorno. Ajuste personalizable para que los uses con comodidad todo el d\u00eda. Y resistencia al agua y al sudor.<sup>1<\/sup> Los AirPods Pro tienen un dise\u00f1o incre\u00edblemente liviano y se configuran f\u00e1cilmente en todos tus dispositivos Apple.<sup>2<\/sup><\/p>\n<span style='display:inline;'><input type='hidden' bg_collapse_expand='69f4f32c880df6057539613' value='69f4f32c880df6057539613'><input type='hidden' id='bg-show-more-text-69f4f32c880df6057539613' value='Ver Mas'><input type='hidden' id='bg-show-less-text-69f4f32c880df6057539613' value='Ver Menos'><a id='bg-showmore-action-69f4f32c880df6057539613' class='bg-showmore-plg-link  '  style=\" color:#FF0000;\" href='#'>Ver Mas<\/a><span id='bg-showmore-hidden-69f4f32c880df6057539613' ><\/p>\n<ul>\n<li>Cancelaci\u00f3n Activa de Ruido para un sonido inmersivo<\/li>\n<li>Modo Ambiente para que escuches todo lo que ocurre a tu alrededor y puedas interactuar con tu entorno<\/li>\n<li>Audio espacial con seguimiento din\u00e1mico del movimiento de la cabeza para crear un sonido envolvente como en el cine<sup>3<\/sup><\/li>\n<li>Ecualizaci\u00f3n Adaptativa que ajusta la m\u00fasica autom\u00e1ticamente seg\u00fan la forma de tu o\u00eddo<\/li>\n<li>Tres tama\u00f1os distintos de almohadillas de silicona, c\u00f3nicas y suaves, para brindarte un ajuste personalizable<\/li>\n<li>Resistencia al agua y al sudor<sup>1<\/sup><\/li>\n<li>F\u00e1cil configuraci\u00f3n y detecci\u00f3n de uso para una experiencia m\u00e1gica2<\/li>\n<li>Acceso r\u00e1pido a Siri con s\u00f3lo decir \u201cOye Siri\u201d<sup>4<\/sup><\/li>\n<li>Comparte f\u00e1cilmente lo que est\u00e1s escuchando entre dos pares de AirPods conectados a tu iPhone, iPad, iPod touch o Apple TV<\/li>\n<li>Cambio inmediato de un dispositivo a otro<sup>2<\/sup><\/li>\n<li>Estuche de carga inal\u00e1mbrica para disfrutar m\u00e1s de 24 horas de bater\u00eda<sup>5<\/sup><\/li>\n<\/ul>\n<p>\u00a0<\/p>\n<ol>\n<li>. Los AirPods Pro son resistentes al agua y al sudor al hacer ejercicio o practicar deportes no acu\u00e1ticos, y tienen una clasificaci\u00f3n IPX4. La resistencia al agua y al sudor no es una condici\u00f3n permanente. El estuche de carga no es resistente al agua ni al sudor.<\/li>\n<li>. Requiere una cuenta de iCloud y macOS 11.1, iOS 14.3, iPadOS 14.3, watchOS 7.2 o tvOS 14.3 o posterior.<\/li>\n<li>. El audio espacial funciona con pel\u00edculas, programas de TV y videos en apps compatibles. Requiere un iPhone o un iPad.<\/li>\n<li>. Siri puede no estar disponible en todos los idiomas y \u00e1reas, y las funcionalidades pueden variar seg\u00fan el \u00e1rea.<\/li>\n<li>. La duraci\u00f3n de la bater\u00eda var\u00eda seg\u00fan el uso y la configuraci\u00f3n. Para obtener m\u00e1s informaci\u00f3n, visita apple.com\/cl\/batteries.<\/li>\n<\/ol>\n<p><\/span><\/span>\n<p>\u00a0<\/p>\n","protected":false},"excerpt":{"rendered":"<ul>\n<li>Aud\u00edfonos Bluetooth Apple AirPods (2\u00aa generaci\u00f3n)<\/li>\n<\/ul>\n<span style='display:inline;'><input type='hidden' bg_collapse_expand='69f4f32c88a828034436243' value='69f4f32c88a828034436243'><input type='hidden' id='bg-show-more-text-69f4f32c88a828034436243' value='Ver Mas'><input type='hidden' id='bg-show-less-text-69f4f32c88a828034436243' value='Ver Menos'><a id='bg-showmore-action-69f4f32c88a828034436243' class='bg-showmore-plg-link  '  style=\" color:#FF0000;\" href='#'>Ver Mas<\/a><span id='bg-showmore-hidden-69f4f32c88a828034436243' ><\/p>\n<p>&nbsp;<\/p>\n<table>\n<tbody>\n<tr>\n<td><strong>Peso<\/strong><\/td>\n<td>AirPods (cada uno): 4 g<br \/>\nEstuche de carga: 38 g<\/td>\n<\/tr>\n<tr>\n<td><strong>Dimensiones<\/strong><\/td>\n<td>AirPods (cada uno): 16.5 x 18.0 x 40.5 mm<br \/>\nEstuche de carga: 44.3 x 21.3 x 53.5 mm<\/td>\n<\/tr>\n<tr>\n<td><strong>Conexiones<\/strong><\/td>\n<td>AirPods: Bluetooth<br \/>\nEstuche de carga: conector Lightning<\/td>\n<\/tr>\n<tr>\n<td><strong>Accesibilidad<\/strong><\/td>\n<td>Funcionalidad de audio Escucha en Directo<\/p>\n<p>&nbsp;<\/td>\n<\/tr>\n<tr>\n<td><strong>Sensores de los AirPods (cada uno):<\/strong><\/td>\n<td>Dos micr\u00f3fonos con tecnolog\u00eda beamforming<br \/>\nDos sensores \u00f3pticos<br \/>\nAceler\u00f3metro detector de movimiento<br \/>\nAceler\u00f3metro detector de voz<\/td>\n<\/tr>\n<tr>\n<td><strong>Alimentaci\u00f3n<\/strong><\/td>\n<td>AirPods con estuche de carga: m\u00e1s de 24 horas de audio, hasta 18 horas de conversaci\u00f3n<br \/>\nAirPods (una sola carga): hasta 5 horas de audio, hasta 3 horas de conversaci\u00f3n<br \/>\n15 minutos en el estuche equivalen a 3 horas de audio o hasta 2 horas de conversaci\u00f3n<\/td>\n<\/tr>\n<tr>\n<td><strong>Requisitos del sistema<\/strong><\/td>\n<td>Modelos de iPhone, iPad y iPod touch con iOS 12.2 o posterior<br \/>\nModelos de Apple Watch con watchOS 5.2 o posterior<br \/>\nModelos de Mac con macOS 10.14.4 o posterior<\/td>\n<\/tr>\n<tr>\n<td><strong>Compatibilidad<\/strong><\/td>\n<td>\n<table>\n<tbody>\n<tr>\n<td><strong>iPhone<\/strong><\/td>\n<td>iPhone 13 Pro<br \/>\niPhone 13 Pro Max<br \/>\niPhone 13 mini<br \/>\niPhone 13iPhone 12 Pro<br \/>\niPhone 12 Pro Max<br \/>\niPhone 12 mini<br \/>\niPhone 12iPhone 11 Pro<br \/>\niPhone 11 Pro Max<br \/>\niPhone 11iPhone SE (segunda generaci\u00f3n)iPhone XS<br \/>\niPhone XS Max<br \/>\niPhone XRiPhone XiPhone 8<br \/>\niPhone 8 PlusiPhone 7<br \/>\niPhone 7 PlusiPhone 6s<br \/>\niPhone 6s PlusiPhone SE (primera generaci\u00f3n)<\/td>\n<\/tr>\n<tr>\n<td><strong>iPad<\/strong><\/td>\n<td>iPad Pro de 12.9 pulgadas (quinta generaci\u00f3n)<br \/>\niPad Pro de 12.9 pulgadas (cuarta generaci\u00f3n)<br \/>\niPad Pro de 12.9 pulgadas (tercera generaci\u00f3n)<br \/>\niPad Pro de 12.9 pulgadas (segunda generaci\u00f3n)<br \/>\niPad Pro de 12.9 pulgadas (primera generaci\u00f3n)<br \/>\niPad Pro de 11 pulgadas (tercera generaci\u00f3n)<br \/>\niPad Pro de 11 pulgadas (segunda generaci\u00f3n)<br \/>\niPad Pro de 11 pulgadas (primera generaci\u00f3n)<br \/>\niPad Pro de 10.5 pulgadas<br \/>\niPad Pro de 9.7 pulgadas<br \/>\niPad Air (cuarta generaci\u00f3n)<br \/>\niPad Air (tercera generaci\u00f3n)<br \/>\niPad Air 2<br \/>\niPad (octava generaci\u00f3n)<br \/>\niPad (s\u00e9ptima generaci\u00f3n)<br \/>\niPad (sexta generaci\u00f3n)<br \/>\niPad (quinta generaci\u00f3n)<br \/>\niPad mini (quinta generaci\u00f3n)<br \/>\niPad mini 4<\/td>\n<\/tr>\n<tr>\n<td><strong>Apple Watch<\/strong><\/td>\n<td>Apple Watch Series\u00a07<\/p>\n<p>Apple Watch Series 6<br \/>\nApple Watch SE<br \/>\nApple Watch Series 5<br \/>\nApple Watch Series 4<br \/>\nApple Watch Series 3<br \/>\nApple Watch Series 2<br \/>\nApple Watch Series 1<\/p>\n<p>&nbsp;<\/td>\n<\/tr>\n<tr>\n<td><strong>Mac<\/strong><\/td>\n<td>MacBook Air (M1, 2020)<br \/>\nMacBook Air (pantalla Retina, 13 pulgadas, 2020)<br \/>\nMacBook Air (pantalla Retina, 13 pulgadas, 2018 &#8211; 2019)<br \/>\nMacBook Air (13 pulgadas, principios del 2015 &#8211; 2017)<br \/>\nMacBook Air (11 pulgadas, principios del 2015)<br \/>\nMacBook Pro (13 pulgadas, M1, 2020)<br \/>\nMacBook Pro (13 pulgadas, 2020)<br \/>\nMacBook Pro (16 pulgadas, 2019)<br \/>\nMacBook Pro (13 pulgadas, 2016 &#8211; 2019)<br \/>\nMacBook Pro (15 pulgadas, 2016 &#8211; 2019)<br \/>\nMacBook Pro (Retina, 13 pulgadas, finales del 2012 &#8211; 2015)<br \/>\nMacBook Pro (Retina, 15 pulgadas, mediados del 2012 &#8211; 2015)<br \/>\nMacBook (Retina, 12 pulgadas, principios del 2015-2017)<br \/>\niMac (24 pulgadas, M1, 2021)<br \/>\niMac (pantalla Retina 4K, 21.5 pulgadas, 2019)<br \/>\niMac (pantalla Retina 5K, 27 pulgadas, 2019)<br \/>\niMac (Retina 4K, 21.5 pulgadas, 2017)<br \/>\niMac (Retina 5K, 27 pulgadas, 2017)<br \/>\niMac (Retina 4K, 21.5 pulgadas, finales del 2015)<br \/>\niMac (Retina 5K, 27 pulgadas, finales del 2014 &#8211; 2015)<br \/>\niMac Pro (2017)<br \/>\nMac Pro (2019)<br \/>\nMac Pro (finales del 2013)<br \/>\nMac mini (M1, 2020)<br \/>\nMac mini (2018)<br \/>\nMac mini (finales del 2014)<\/td>\n<\/tr>\n<tr>\n<td><strong>Apple TV<\/strong><\/td>\n<td>Apple TV 4K (segunda generaci\u00f3n)<br \/>\nApple TV 4K (primera generaci\u00f3n)<br \/>\nApple TV HD<\/td>\n<\/tr>\n<tr>\n<td><strong>iPod<\/strong><\/td>\n<td>iPod touch (s\u00e9ptima generaci\u00f3n)<\/td>\n<\/tr>\n<\/tbody>\n<\/table>\n<\/td>\n<\/tr>\n<\/tbody>\n<\/table>\n<p>&nbsp;<\/p>\n<p><\/span><\/span>\n<p>&nbsp;<\/p>\n","protected":false},"featured_media":2243,"comment_status":"open","ping_status":"closed","template":"","meta":{"_joinchat":[]},"product_cat":[192,431,593,280,397],"product_tag":[240],"class_list":{"0":"post-2242","1":"product","2":"type-product","3":"status-publish","4":"has-post-thumbnail","6":"product_brand-apple","7":"product_cat-accesorios","8":"product_cat-accesorios-airpods-pro","9":"product_cat-accesorios-apple","10":"product_cat-accesorios-iphone-accesorios-iphone","11":"product_cat-audio","12":"product_tag-mv7n2be-a","14":"first","15":"outofstock","16":"shipping-taxable","17":"purchasable","18":"product-type-simple"},"_links":{"self":[{"href":"https:\/\/jobstore.cl\/index.php\/wp-json\/wp\/v2\/product\/2242","targetHints":{"allow":["GET"]}}],"collection":[{"href":"https:\/\/jobstore.cl\/index.php\/wp-json\/wp\/v2\/product"}],"about":[{"href":"https:\/\/jobstore.cl\/index.php\/wp-json\/wp\/v2\/types\/product"}],"replies":[{"embeddable":true,"href":"https:\/\/jobstore.cl\/index.php\/wp-json\/wp\/v2\/comments?post=2242"}],"version-history":[{"count":22,"href":"https:\/\/jobstore.cl\/index.php\/wp-json\/wp\/v2\/product\/2242\/revisions"}],"predecessor-version":[{"id":13080,"href":"https:\/\/jobstore.cl\/index.php\/wp-json\/wp\/v2\/product\/2242\/revisions\/13080"}],"wp:featuredmedia":[{"embeddable":true,"href":"https:\/\/jobstore.cl\/index.php\/wp-json\/wp\/v2\/media\/2243"}],"wp:attachment":[{"href":"https:\/\/jobstore.cl\/index.php\/wp-json\/wp\/v2\/media?parent=2242"}],"wp:term":[{"taxonomy":"product_cat","embeddable":true,"href":"https:\/\/jobstore.cl\/index.php\/wp-json\/wp\/v2\/product_cat?post=2242"},{"taxonomy":"product_tag","embeddable":true,"href":"https:\/\/jobstore.cl\/index.php\/wp-json\/wp\/v2\/product_tag?post=2242"}],"curies":[{"name":"wp","href":"https:\/\/api.w.org\/{rel}","templated":true}]}}

Audífonos Apple AirPods con Estuche de Carga Inalámbrica de 2da Generación

<h4>Sonido realmente mágico.</h4>
<p>Cancelación Activa de Ruido para que disfrutes de un sonido inmersivo. Modo Ambiente para que escuches todo lo que ocurre a tu alrededor y puedas interactuar con tu entorno. Ajuste personalizable para que los uses con comodidad todo el día. Y resistencia al agua y al sudor.<sup>1</sup> Los AirPods Pro tienen un diseño increíblemente liviano y se configuran fácilmente en todos tus dispositivos Apple.<sup>2</sup></p>
<span style='display:inline;'><input type='hidden' bg_collapse_expand='69f4f32c880df6057539613' value='69f4f32c880df6057539613'><input type='hidden' id='bg-show-more-text-69f4f32c880df6057539613' value='Ver Mas'><input type='hidden' id='bg-show-less-text-69f4f32c880df6057539613' value='Ver Menos'><a id='bg-showmore-action-69f4f32c880df6057539613' class='bg-showmore-plg-link  '  style=" color:#FF0000;" href='#'>Ver Mas</a><span id='bg-showmore-hidden-69f4f32c880df6057539613' ></p>
<ul>
<li>Cancelación Activa de Ruido para un sonido inmersivo</li>
<li>Modo Ambiente para que escuches todo lo que ocurre a tu alrededor y puedas interactuar con tu entorno</li>
<li>Audio espacial con seguimiento dinámico del movimiento de la cabeza para crear un sonido envolvente como en el cine<sup>3</sup></li>
<li>Ecualización Adaptativa que ajusta la música automáticamente según la forma de tu oído</li>
<li>Tres tamaños distintos de almohadillas de silicona, cónicas y suaves, para brindarte un ajuste personalizable</li>
<li>Resistencia al agua y al sudor<sup>1</sup></li>
<li>Fácil configuración y detección de uso para una experiencia mágica2</li>
<li>Acceso rápido a Siri con sólo decir “Oye Siri”<sup>4</sup></li>
<li>Comparte fácilmente lo que estás escuchando entre dos pares de AirPods conectados a tu iPhone, iPad, iPod touch o Apple TV</li>
<li>Cambio inmediato de un dispositivo a otro<sup>2</sup></li>
<li>Estuche de carga inalámbrica para disfrutar más de 24 horas de batería<sup>5</sup></li>
</ul>
<p> </p>
<ol>
<li>. Los AirPods Pro son resistentes al agua y al sudor al hacer ejercicio o practicar deportes no acuáticos, y tienen una clasificación IPX4. La resistencia al agua y al sudor no es una condición permanente. El estuche de carga no es resistente al agua ni al sudor.</li>
<li>. Requiere una cuenta de iCloud y macOS 11.1, iOS 14.3, iPadOS 14.3, watchOS 7.2 o tvOS 14.3 o posterior.</li>
<li>. El audio espacial funciona con películas, programas de TV y videos en apps compatibles. Requiere un iPhone o un iPad.</li>
<li>. Siri puede no estar disponible en todos los idiomas y áreas, y las funcionalidades pueden variar según el área.</li>
<li>. La duración de la batería varía según el uso y la configuración. Para obtener más información, visita apple.com/cl/batteries.</li>
</ol>
<p></span></span>
<p> </p>

<ul>
<li>Audífonos Bluetooth Apple AirPods (2ª generación)</li>
</ul>
<span style='display:inline;'><input type='hidden' bg_collapse_expand='69f4f32c88a828034436243' value='69f4f32c88a828034436243'><input type='hidden' id='bg-show-more-text-69f4f32c88a828034436243' value='Ver Mas'><input type='hidden' id='bg-show-less-text-69f4f32c88a828034436243' value='Ver Menos'><a id='bg-showmore-action-69f4f32c88a828034436243' class='bg-showmore-plg-link  '  style=" color:#FF0000;" href='#'>Ver Mas</a><span id='bg-showmore-hidden-69f4f32c88a828034436243' ></p>
<p>&nbsp;</p>
<table>
<tbody>
<tr>
<td><strong>Peso</strong></td>
<td>AirPods (cada uno): 4 g<br />
Estuche de carga: 38 g</td>
</tr>
<tr>
<td><strong>Dimensiones</strong></td>
<td>AirPods (cada uno): 16.5 x 18.0 x 40.5 mm<br />
Estuche de carga: 44.3 x 21.3 x 53.5 mm</td>
</tr>
<tr>
<td><strong>Conexiones</strong></td>
<td>AirPods: Bluetooth<br />
Estuche de carga: conector Lightning</td>
</tr>
<tr>
<td><strong>Accesibilidad</strong></td>
<td>Funcionalidad de audio Escucha en Directo</p>
<p>&nbsp;</td>
</tr>
<tr>
<td><strong>Sensores de los AirPods (cada uno):</strong></td>
<td>Dos micrófonos con tecnología beamforming<br />
Dos sensores ópticos<br />
Acelerómetro detector de movimiento<br />
Acelerómetro detector de voz</td>
</tr>
<tr>
<td><strong>Alimentación</strong></td>
<td>AirPods con estuche de carga: más de 24 horas de audio, hasta 18 horas de conversación<br />
AirPods (una sola carga): hasta 5 horas de audio, hasta 3 horas de conversación<br />
15 minutos en el estuche equivalen a 3 horas de audio o hasta 2 horas de conversación</td>
</tr>
<tr>
<td><strong>Requisitos del sistema</strong></td>
<td>Modelos de iPhone, iPad y iPod touch con iOS 12.2 o posterior<br />
Modelos de Apple Watch con watchOS 5.2 o posterior<br />
Modelos de Mac con macOS 10.14.4 o posterior</td>
</tr>
<tr>
<td><strong>Compatibilidad</strong></td>
<td>
<table>
<tbody>
<tr>
<td><strong>iPhone</strong></td>
<td>iPhone 13 Pro<br />
iPhone 13 Pro Max<br />
iPhone 13 mini<br />
iPhone 13iPhone 12 Pro<br />
iPhone 12 Pro Max<br />
iPhone 12 mini<br />
iPhone 12iPhone 11 Pro<br />
iPhone 11 Pro Max<br />
iPhone 11iPhone SE (segunda generación)iPhone XS<br />
iPhone XS Max<br />
iPhone XRiPhone XiPhone 8<br />
iPhone 8 PlusiPhone 7<br />
iPhone 7 PlusiPhone 6s<br />
iPhone 6s PlusiPhone SE (primera generación)</td>
</tr>
<tr>
<td><strong>iPad</strong></td>
<td>iPad Pro de 12.9 pulgadas (quinta generación)<br />
iPad Pro de 12.9 pulgadas (cuarta generación)<br />
iPad Pro de 12.9 pulgadas (tercera generación)<br />
iPad Pro de 12.9 pulgadas (segunda generación)<br />
iPad Pro de 12.9 pulgadas (primera generación)<br />
iPad Pro de 11 pulgadas (tercera generación)<br />
iPad Pro de 11 pulgadas (segunda generación)<br />
iPad Pro de 11 pulgadas (primera generación)<br />
iPad Pro de 10.5 pulgadas<br />
iPad Pro de 9.7 pulgadas<br />
iPad Air (cuarta generación)<br />
iPad Air (tercera generación)<br />
iPad Air 2<br />
iPad (octava generación)<br />
iPad (séptima generación)<br />
iPad (sexta generación)<br />
iPad (quinta generación)<br />
iPad mini (quinta generación)<br />
iPad mini 4</td>
</tr>
<tr>
<td><strong>Apple Watch</strong></td>
<td>Apple Watch Series 7</p>
<p>Apple Watch Series 6<br />
Apple Watch SE<br />
Apple Watch Series 5<br />
Apple Watch Series 4<br />
Apple Watch Series 3<br />
Apple Watch Series 2<br />
Apple Watch Series 1</p>
<p>&nbsp;</td>
</tr>
<tr>
<td><strong>Mac</strong></td>
<td>MacBook Air (M1, 2020)<br />
MacBook Air (pantalla Retina, 13 pulgadas, 2020)<br />
MacBook Air (pantalla Retina, 13 pulgadas, 2018 &#8211; 2019)<br />
MacBook Air (13 pulgadas, principios del 2015 &#8211; 2017)<br />
MacBook Air (11 pulgadas, principios del 2015)<br />
MacBook Pro (13 pulgadas, M1, 2020)<br />
MacBook Pro (13 pulgadas, 2020)<br />
MacBook Pro (16 pulgadas, 2019)<br />
MacBook Pro (13 pulgadas, 2016 &#8211; 2019)<br />
MacBook Pro (15 pulgadas, 2016 &#8211; 2019)<br />
MacBook Pro (Retina, 13 pulgadas, finales del 2012 &#8211; 2015)<br />
MacBook Pro (Retina, 15 pulgadas, mediados del 2012 &#8211; 2015)<br />
MacBook (Retina, 12 pulgadas, principios del 2015-2017)<br />
iMac (24 pulgadas, M1, 2021)<br />
iMac (pantalla Retina 4K, 21.5 pulgadas, 2019)<br />
iMac (pantalla Retina 5K, 27 pulgadas, 2019)<br />
iMac (Retina 4K, 21.5 pulgadas, 2017)<br />
iMac (Retina 5K, 27 pulgadas, 2017)<br />
iMac (Retina 4K, 21.5 pulgadas, finales del 2015)<br />
iMac (Retina 5K, 27 pulgadas, finales del 2014 &#8211; 2015)<br />
iMac Pro (2017)<br />
Mac Pro (2019)<br />
Mac Pro (finales del 2013)<br />
Mac mini (M1, 2020)<br />
Mac mini (2018)<br />
Mac mini (finales del 2014)</td>
</tr>
<tr>
<td><strong>Apple TV</strong></td>
<td>Apple TV 4K (segunda generación)<br />
Apple TV 4K (primera generación)<br />
Apple TV HD</td>
</tr>
<tr>
<td><strong>iPod</strong></td>
<td>iPod touch (séptima generación)</td>
</tr>
</tbody>
</table>
</td>
</tr>
</tbody>
</table>
<p>&nbsp;</p>
<p></span></span>
<p>&nbsp;</p>
