{"id":2226,"date":"2021-10-25T20:22:19","date_gmt":"2021-10-25T23:22:19","guid":{"rendered":"https:\/\/jobstore.cl\/?post_type=product&#038;p=2226"},"modified":"2023-03-15T13:14:25","modified_gmt":"2023-03-15T16:14:25","slug":"audifonos-in-ear-bluetooth-apple-airpods-pro","status":"publish","type":"product","link":"https:\/\/jobstore.cl\/index.php\/product\/audifonos-in-ear-bluetooth-apple-airpods-pro\/","title":{"rendered":"Aud\u00edfonos Apple In-Ear Bluetooth AirPods Pro"},"content":{"rendered":"<h4>Sonido realmente m\u00e1gico.<\/h4>\n<p>Cancelaci\u00f3n Activa de Ruido para que disfrutes de un sonido inmersivo. Modo Ambiente para que escuches todo lo que ocurre a tu alrededor y puedas interactuar con tu entorno. Ajuste personalizable para que los uses con comodidad todo el d\u00eda. Y resistencia al agua y al sudor.<sup>1<\/sup> Los AirPods Pro tienen un dise\u00f1o incre\u00edblemente liviano y se configuran f\u00e1cilmente en todos tus dispositivos Apple.<sup>2<\/sup><\/p>\n<ul>\n<li>Cancelaci\u00f3n Activa de Ruido para un sonido inmersivo<\/li>\n<li>Modo Ambiente para que escuches todo lo que ocurre a tu alrededor y puedas interactuar con tu entorno<\/li>\n<li>Audio espacial con seguimiento din\u00e1mico del movimiento de la cabeza para crear un sonido envolvente como en el cine<sup>3<\/sup><\/li>\n<li>Ecualizaci\u00f3n Adaptativa que ajusta la m\u00fasica autom\u00e1ticamente seg\u00fan la forma de tu o\u00eddo<\/li>\n<li>Tres tama\u00f1os distintos de almohadillas de silicona, c\u00f3nicas y suaves, para brindarte un ajuste personalizable<\/li>\n<li>Resistencia al agua y al sudor<sup>1<\/sup><\/li>\n<li>F\u00e1cil configuraci\u00f3n y detecci\u00f3n de uso para una experiencia m\u00e1gica2<\/li>\n<li>Acceso r\u00e1pido a Siri con s\u00f3lo decir \u00abOye Siri\u00bb<sup>4<\/sup><\/li>\n<li>Comparte f\u00e1cilmente lo que est\u00e1s escuchando entre dos pares de AirPods conectados a tu iPhone, iPad, iPod touch o Apple TV<\/li>\n<li>Cambio inmediato de un dispositivo a otro<sup>2<\/sup><\/li>\n<li>Estuche de carga inal\u00e1mbrica para disfrutar m\u00e1s de 24 horas de bater\u00eda<sup>5<\/sup><\/li>\n<\/ul>\n<span style='display:inline;'><input type='hidden' bg_collapse_expand='69f57d3e83fab6092720355' value='69f57d3e83fab6092720355'><input type='hidden' id='bg-show-more-text-69f57d3e83fab6092720355' value='Ver Mas'><input type='hidden' id='bg-show-less-text-69f57d3e83fab6092720355' value='Ver Menos'><a id='bg-showmore-action-69f57d3e83fab6092720355' class='bg-showmore-plg-link  '  style=\" color:#FF0000;\" href='#'>Ver Mas<\/a><span id='bg-showmore-hidden-69f57d3e83fab6092720355' ><\/p>\n<p>\u00a0<\/p>\n<ol>\n<li>. Los AirPods Pro son resistentes al agua y al sudor al hacer ejercicio o practicar deportes no acu\u00e1ticos, y tienen una clasificaci\u00f3n IPX4. La \u00a0 \u00a0 \u00a0resistencia al agua y al sudor no es una condici\u00f3n permanente. El estuche de carga no es resistente al agua ni al sudor.<\/li>\n<li>. Requiere una cuenta de iCloud y macOS 11.1, iOS 14.3, iPadOS 14.3, watchOS 7.2 o tvOS 14.3 o posterior.<\/li>\n<li>. El audio espacial funciona con pel\u00edculas, programas de TV y videos en apps compatibles. Requiere un iPhone o un iPad.<\/li>\n<li>. Siri puede no estar disponible en todos los idiomas y \u00e1reas, y las funcionalidades pueden variar seg\u00fan el \u00e1rea.<\/li>\n<li>. La duraci\u00f3n de la bater\u00eda var\u00eda seg\u00fan el uso y la configuraci\u00f3n. Para obtener m\u00e1s informaci\u00f3n, visita apple.com\/cl\/batteries.<\/li>\n<\/ol>\n<p><\/span><\/span>\n<p>\u00a0<\/p>\n","protected":false},"excerpt":{"rendered":"<ul>\n<li>Aud\u00edfonos In-Ear Bluetooth Apple AirPods Pro<\/li>\n<\/ul>\n<span style='display:inline;'><input type='hidden' bg_collapse_expand='69f57d3e8466c0004681667' value='69f57d3e8466c0004681667'><input type='hidden' id='bg-show-more-text-69f57d3e8466c0004681667' value='Ver Mas'><input type='hidden' id='bg-show-less-text-69f57d3e8466c0004681667' value='Ver Menos'><a id='bg-showmore-action-69f57d3e8466c0004681667' class='bg-showmore-plg-link  '  style=\" color:#FF0000;\" href='#'>Ver Mas<\/a><span id='bg-showmore-hidden-69f57d3e8466c0004681667' ><\/p>\n<table>\n<tbody>\n<tr>\n<td><strong>Tecnolog\u00eda de audio<\/strong><\/td>\n<td>Cancelaci\u00f3n Activa de Ruido<br \/>\nModo Transparencia<br \/>\nEcualizaci\u00f3n Adaptativa<br \/>\nEcualizaci\u00f3n de presi\u00f3n mediante un sistema de ventilaci\u00f3n<br \/>\nControlador de alta excursi\u00f3n dise\u00f1ado por Apple<br \/>\nAmplificador exclusivo con alto rango din\u00e1mico<\/td>\n<\/tr>\n<tr>\n<td><strong>Sensores<\/strong><\/td>\n<td>Dos micr\u00f3fonos con tecnolog\u00eda beamforming<br \/>\nMicr\u00f3fono orientado hacia adentro<br \/>\nDos sensores \u00f3pticos<br \/>\nAceler\u00f3metro detector de movimiento<br \/>\nAceler\u00f3metro detector de voz<br \/>\nSensor de fuerza<\/td>\n<\/tr>\n<tr>\n<td><strong>Chip<\/strong><\/td>\n<td>SiP (System in Package) basado en el chip H1<\/p>\n<p>&nbsp;<\/td>\n<\/tr>\n<tr>\n<td><strong>Controles<\/strong><\/td>\n<td>Presiona una vez para reproducir, pausar o contestar una llamada<br \/>\nPresiona dos veces para avanzar<br \/>\nPresiona tres veces para retroceder<br \/>\nMant\u00e9n presionado para cambiar entre la Cancelaci\u00f3n Activa de Ruido y el modo Transparencia<br \/>\nDi \u201cOye Siri\u201d para escuchar m\u00fasica, hacer una llamada u obtener indicaciones para llegar a un lugar<\/td>\n<\/tr>\n<tr>\n<td><strong>Tama\u00f1o y peso<\/strong><\/td>\n<td>AirPods Pro (cada uno)<sup>4<\/sup><br \/>\nAlto: 30.9 mm<br \/>\nAncho: 21.8 mm<br \/>\nGrosor: 24 mm<br \/>\nPeso: 5.4 gEstuche de carga inal\u00e1mbrica<sup>4<\/sup><br \/>\nAlto: 45.2 mm<br \/>\nAncho: 60.6 mm<br \/>\nGrosor: 21.7 mm<br \/>\nPeso: 45.6 g<\/td>\n<\/tr>\n<\/tbody>\n<\/table>\n<p>&nbsp;<\/p>\n<p><\/span><\/span>\n<p>&nbsp;<\/p>\n","protected":false},"featured_media":2228,"comment_status":"open","ping_status":"closed","template":"","meta":{"_joinchat":[]},"product_cat":[192],"product_tag":[238],"class_list":{"0":"post-2226","1":"product","2":"type-product","3":"status-publish","4":"has-post-thumbnail","6":"product_cat-accesorios","7":"product_tag-mwp22am-a","9":"first","10":"outofstock","11":"shipping-taxable","12":"purchasable","13":"product-type-simple"},"_links":{"self":[{"href":"https:\/\/jobstore.cl\/index.php\/wp-json\/wp\/v2\/product\/2226","targetHints":{"allow":["GET"]}}],"collection":[{"href":"https:\/\/jobstore.cl\/index.php\/wp-json\/wp\/v2\/product"}],"about":[{"href":"https:\/\/jobstore.cl\/index.php\/wp-json\/wp\/v2\/types\/product"}],"replies":[{"embeddable":true,"href":"https:\/\/jobstore.cl\/index.php\/wp-json\/wp\/v2\/comments?post=2226"}],"version-history":[{"count":10,"href":"https:\/\/jobstore.cl\/index.php\/wp-json\/wp\/v2\/product\/2226\/revisions"}],"predecessor-version":[{"id":13077,"href":"https:\/\/jobstore.cl\/index.php\/wp-json\/wp\/v2\/product\/2226\/revisions\/13077"}],"wp:featuredmedia":[{"embeddable":true,"href":"https:\/\/jobstore.cl\/index.php\/wp-json\/wp\/v2\/media\/2228"}],"wp:attachment":[{"href":"https:\/\/jobstore.cl\/index.php\/wp-json\/wp\/v2\/media?parent=2226"}],"wp:term":[{"taxonomy":"product_cat","embeddable":true,"href":"https:\/\/jobstore.cl\/index.php\/wp-json\/wp\/v2\/product_cat?post=2226"},{"taxonomy":"product_tag","embeddable":true,"href":"https:\/\/jobstore.cl\/index.php\/wp-json\/wp\/v2\/product_tag?post=2226"}],"curies":[{"name":"wp","href":"https:\/\/api.w.org\/{rel}","templated":true}]}}

Audífonos Apple In-Ear Bluetooth AirPods Pro

<h4>Sonido realmente mágico.</h4>
<p>Cancelación Activa de Ruido para que disfrutes de un sonido inmersivo. Modo Ambiente para que escuches todo lo que ocurre a tu alrededor y puedas interactuar con tu entorno. Ajuste personalizable para que los uses con comodidad todo el día. Y resistencia al agua y al sudor.<sup>1</sup> Los AirPods Pro tienen un diseño increíblemente liviano y se configuran fácilmente en todos tus dispositivos Apple.<sup>2</sup></p>
<ul>
<li>Cancelación Activa de Ruido para un sonido inmersivo</li>
<li>Modo Ambiente para que escuches todo lo que ocurre a tu alrededor y puedas interactuar con tu entorno</li>
<li>Audio espacial con seguimiento dinámico del movimiento de la cabeza para crear un sonido envolvente como en el cine<sup>3</sup></li>
<li>Ecualización Adaptativa que ajusta la música automáticamente según la forma de tu oído</li>
<li>Tres tamaños distintos de almohadillas de silicona, cónicas y suaves, para brindarte un ajuste personalizable</li>
<li>Resistencia al agua y al sudor<sup>1</sup></li>
<li>Fácil configuración y detección de uso para una experiencia mágica2</li>
<li>Acceso rápido a Siri con sólo decir «Oye Siri»<sup>4</sup></li>
<li>Comparte fácilmente lo que estás escuchando entre dos pares de AirPods conectados a tu iPhone, iPad, iPod touch o Apple TV</li>
<li>Cambio inmediato de un dispositivo a otro<sup>2</sup></li>
<li>Estuche de carga inalámbrica para disfrutar más de 24 horas de batería<sup>5</sup></li>
</ul>
<span style='display:inline;'><input type='hidden' bg_collapse_expand='69f57d3e83fab6092720355' value='69f57d3e83fab6092720355'><input type='hidden' id='bg-show-more-text-69f57d3e83fab6092720355' value='Ver Mas'><input type='hidden' id='bg-show-less-text-69f57d3e83fab6092720355' value='Ver Menos'><a id='bg-showmore-action-69f57d3e83fab6092720355' class='bg-showmore-plg-link  '  style=" color:#FF0000;" href='#'>Ver Mas</a><span id='bg-showmore-hidden-69f57d3e83fab6092720355' ></p>
<p> </p>
<ol>
<li>. Los AirPods Pro son resistentes al agua y al sudor al hacer ejercicio o practicar deportes no acuáticos, y tienen una clasificación IPX4. La      resistencia al agua y al sudor no es una condición permanente. El estuche de carga no es resistente al agua ni al sudor.</li>
<li>. Requiere una cuenta de iCloud y macOS 11.1, iOS 14.3, iPadOS 14.3, watchOS 7.2 o tvOS 14.3 o posterior.</li>
<li>. El audio espacial funciona con películas, programas de TV y videos en apps compatibles. Requiere un iPhone o un iPad.</li>
<li>. Siri puede no estar disponible en todos los idiomas y áreas, y las funcionalidades pueden variar según el área.</li>
<li>. La duración de la batería varía según el uso y la configuración. Para obtener más información, visita apple.com/cl/batteries.</li>
</ol>
<p></span></span>
<p> </p>

<ul>
<li>Audífonos In-Ear Bluetooth Apple AirPods Pro</li>
</ul>
<span style='display:inline;'><input type='hidden' bg_collapse_expand='69f57d3e8466c0004681667' value='69f57d3e8466c0004681667'><input type='hidden' id='bg-show-more-text-69f57d3e8466c0004681667' value='Ver Mas'><input type='hidden' id='bg-show-less-text-69f57d3e8466c0004681667' value='Ver Menos'><a id='bg-showmore-action-69f57d3e8466c0004681667' class='bg-showmore-plg-link  '  style=" color:#FF0000;" href='#'>Ver Mas</a><span id='bg-showmore-hidden-69f57d3e8466c0004681667' ></p>
<table>
<tbody>
<tr>
<td><strong>Tecnología de audio</strong></td>
<td>Cancelación Activa de Ruido<br />
Modo Transparencia<br />
Ecualización Adaptativa<br />
Ecualización de presión mediante un sistema de ventilación<br />
Controlador de alta excursión diseñado por Apple<br />
Amplificador exclusivo con alto rango dinámico</td>
</tr>
<tr>
<td><strong>Sensores</strong></td>
<td>Dos micrófonos con tecnología beamforming<br />
Micrófono orientado hacia adentro<br />
Dos sensores ópticos<br />
Acelerómetro detector de movimiento<br />
Acelerómetro detector de voz<br />
Sensor de fuerza</td>
</tr>
<tr>
<td><strong>Chip</strong></td>
<td>SiP (System in Package) basado en el chip H1</p>
<p>&nbsp;</td>
</tr>
<tr>
<td><strong>Controles</strong></td>
<td>Presiona una vez para reproducir, pausar o contestar una llamada<br />
Presiona dos veces para avanzar<br />
Presiona tres veces para retroceder<br />
Mantén presionado para cambiar entre la Cancelación Activa de Ruido y el modo Transparencia<br />
Di “Oye Siri” para escuchar música, hacer una llamada u obtener indicaciones para llegar a un lugar</td>
</tr>
<tr>
<td><strong>Tamaño y peso</strong></td>
<td>AirPods Pro (cada uno)<sup>4</sup><br />
Alto: 30.9 mm<br />
Ancho: 21.8 mm<br />
Grosor: 24 mm<br />
Peso: 5.4 gEstuche de carga inalámbrica<sup>4</sup><br />
Alto: 45.2 mm<br />
Ancho: 60.6 mm<br />
Grosor: 21.7 mm<br />
Peso: 45.6 g</td>
</tr>
</tbody>
</table>
<p>&nbsp;</p>
<p></span></span>
<p>&nbsp;</p>
