{"id":2125,"date":"2021-10-25T12:52:18","date_gmt":"2021-10-25T15:52:18","guid":{"rendered":"https:\/\/jobstore.cl\/?post_type=product&#038;p=2125"},"modified":"2024-01-04T15:12:42","modified_gmt":"2024-01-04T18:12:42","slug":"cargador-magsafe-2-de-45-w-para-macbook-air","status":"publish","type":"product","link":"https:\/\/jobstore.cl\/index.php\/product\/cargador-magsafe-2-de-45-w-para-macbook-air\/","title":{"rendered":"Cargador Apple MagSafe 2 de 45 Watts para MacBook Air"},"content":{"rendered":"<div class=\"para-list as-pdp-lastparalist\">\n<p>El adaptador de corriente MagSafe 2 de 45 W de Apple tiene un conector magn\u00e9tico de CD, de modo que si alguien se tropieza con \u00e9l, el cable se desconecta sin causar da\u00f1o, y tu MacBook Air seguir\u00e1 en su lugar. Tambi\u00e9n ayuda a prevenir el desgaste y el debilitamiento de los cables con el tiempo. Adem\u00e1s, el CD magn\u00e9tico ayuda al conector a encontrar su posici\u00f3n correcta, para lograr una conexi\u00f3n segura y r\u00e1pida.<\/p>\n<\/div>\n<div class=\"para-list as-pdp-lastparalist\">\n<p>Cuando la conexi\u00f3n es segura, se enciende un indicador LED ubicado en la parte superior del conector CD; una luz \u00e1mbar te permite saber que tu notebook se est\u00e1 cargando, mientras que una luz verde indica una carga completa. Incluye un cable de corriente alterna junto con el adaptador ofreciendo una longitud m\u00e1xima de cable, mientras que el adaptador de pared de corriente alterna (tambi\u00e9n incluido) te brinda una forma incluso m\u00e1s sencilla y compacta de viajar.<\/p>\n<\/div>\n<span style='display:inline;'><input type='hidden' bg_collapse_expand='69f25aca9a4805040426132' value='69f25aca9a4805040426132'><input type='hidden' id='bg-show-more-text-69f25aca9a4805040426132' value='Ver Mas'><input type='hidden' id='bg-show-less-text-69f25aca9a4805040426132' value='Ver Menos'><a id='bg-showmore-action-69f25aca9a4805040426132' class='bg-showmore-plg-link  '  style=\" color:#FF0000;\" href='#'>Ver Mas<\/a><span id='bg-showmore-hidden-69f25aca9a4805040426132' ><\/p>\n<div class=\"para-list as-pdp-lastparalist\">\n<p>Dise\u00f1ado para ser el compa\u00f1ero de viaje perfecto, el adaptador tiene un dise\u00f1o ingenioso, que le permite al cable CD enrollarse sin problemas y as\u00ed guardarlo f\u00e1cilmente.<\/p>\n<\/div>\n<div class=\"para-list as-pdp-lastparalist\">\n<p>Este adaptador de corriente recarga la bater\u00eda de pol\u00edmero de litio, mientras el sistema est\u00e1 apagado, encendido o en modo de descanso. Tambi\u00e9n le brinda corriente al sistema si eliges operar sin una bater\u00eda.<\/p>\n<\/div>\n<div class=\"para-list as-pdp-lastparalist\">\n<p>*Compatible \u00fanicamente con la MacBook Air con entrada de corriente MagSafe 2.<\/p>\n<\/div>\n<p><\/span><\/span>\n<p>\u00a0<\/p>\n","protected":false},"excerpt":{"rendered":"<table>\n<tbody>\n<tr>\n<td><strong>Compatibilidad<sup>1<\/sup><\/strong><\/td>\n<td>MacBook Air (13 pulgadas, modelos del 2012\u00a0al 2017)<\/p>\n<p>MacBook Air (11 pulgadas, modelos del 2012\u00a0al 2015)<\/td>\n<\/tr>\n<\/tbody>\n<\/table>\n<ol>\n<li><a href=\"https:\/\/support.apple.com\/es-cl\/HT201700\">. Verifica el modelo de tu equipo<\/a> antes de comprar.<\/li>\n<\/ol>\n","protected":false},"featured_media":2126,"comment_status":"open","ping_status":"closed","template":"","meta":{"_joinchat":[]},"product_cat":[192,593],"product_tag":[222],"class_list":{"0":"post-2125","1":"product","2":"type-product","3":"status-publish","4":"has-post-thumbnail","6":"product_brand-apple","7":"product_cat-accesorios","8":"product_cat-accesorios-apple","9":"product_tag-md592ci-a","11":"first","12":"outofstock","13":"shipping-taxable","14":"purchasable","15":"product-type-simple"},"_links":{"self":[{"href":"https:\/\/jobstore.cl\/index.php\/wp-json\/wp\/v2\/product\/2125","targetHints":{"allow":["GET"]}}],"collection":[{"href":"https:\/\/jobstore.cl\/index.php\/wp-json\/wp\/v2\/product"}],"about":[{"href":"https:\/\/jobstore.cl\/index.php\/wp-json\/wp\/v2\/types\/product"}],"replies":[{"embeddable":true,"href":"https:\/\/jobstore.cl\/index.php\/wp-json\/wp\/v2\/comments?post=2125"}],"version-history":[{"count":7,"href":"https:\/\/jobstore.cl\/index.php\/wp-json\/wp\/v2\/product\/2125\/revisions"}],"predecessor-version":[{"id":13693,"href":"https:\/\/jobstore.cl\/index.php\/wp-json\/wp\/v2\/product\/2125\/revisions\/13693"}],"wp:featuredmedia":[{"embeddable":true,"href":"https:\/\/jobstore.cl\/index.php\/wp-json\/wp\/v2\/media\/2126"}],"wp:attachment":[{"href":"https:\/\/jobstore.cl\/index.php\/wp-json\/wp\/v2\/media?parent=2125"}],"wp:term":[{"taxonomy":"product_cat","embeddable":true,"href":"https:\/\/jobstore.cl\/index.php\/wp-json\/wp\/v2\/product_cat?post=2125"},{"taxonomy":"product_tag","embeddable":true,"href":"https:\/\/jobstore.cl\/index.php\/wp-json\/wp\/v2\/product_tag?post=2125"}],"curies":[{"name":"wp","href":"https:\/\/api.w.org\/{rel}","templated":true}]}}

<div class="para-list as-pdp-lastparalist">
<p>El adaptador de corriente MagSafe 2 de 45 W de Apple tiene un conector magnético de CD, de modo que si alguien se tropieza con él, el cable se desconecta sin causar daño, y tu MacBook Air seguirá en su lugar. También ayuda a prevenir el desgaste y el debilitamiento de los cables con el tiempo. Además, el CD magnético ayuda al conector a encontrar su posición correcta, para lograr una conexión segura y rápida.</p>
</div>
<div class="para-list as-pdp-lastparalist">
<p>Cuando la conexión es segura, se enciende un indicador LED ubicado en la parte superior del conector CD; una luz ámbar te permite saber que tu notebook se está cargando, mientras que una luz verde indica una carga completa. Incluye un cable de corriente alterna junto con el adaptador ofreciendo una longitud máxima de cable, mientras que el adaptador de pared de corriente alterna (también incluido) te brinda una forma incluso más sencilla y compacta de viajar.</p>
</div>
<span style='display:inline;'><input type='hidden' bg_collapse_expand='69f25aca9a4805040426132' value='69f25aca9a4805040426132'><input type='hidden' id='bg-show-more-text-69f25aca9a4805040426132' value='Ver Mas'><input type='hidden' id='bg-show-less-text-69f25aca9a4805040426132' value='Ver Menos'><a id='bg-showmore-action-69f25aca9a4805040426132' class='bg-showmore-plg-link  '  style=" color:#FF0000;" href='#'>Ver Mas</a><span id='bg-showmore-hidden-69f25aca9a4805040426132' ></p>
<div class="para-list as-pdp-lastparalist">
<p>Diseñado para ser el compañero de viaje perfecto, el adaptador tiene un diseño ingenioso, que le permite al cable CD enrollarse sin problemas y así guardarlo fácilmente.</p>
</div>
<div class="para-list as-pdp-lastparalist">
<p>Este adaptador de corriente recarga la batería de polímero de litio, mientras el sistema está apagado, encendido o en modo de descanso. También le brinda corriente al sistema si eliges operar sin una batería.</p>
</div>
<div class="para-list as-pdp-lastparalist">
<p>*Compatible únicamente con la MacBook Air con entrada de corriente MagSafe 2.</p>
</div>
<p></span></span>
<p> </p>
