{"id":1965,"date":"2021-09-23T18:40:10","date_gmt":"2021-09-23T21:40:10","guid":{"rendered":"https:\/\/jobstore.cl\/?post_type=product&#038;p=1965"},"modified":"2026-04-13T14:42:18","modified_gmt":"2026-04-13T17:42:18","slug":"adaptador-usb-c-a-usb","status":"publish","type":"product","link":"https:\/\/jobstore.cl\/index.php\/product\/adaptador-usb-c-a-usb\/","title":{"rendered":"Adaptador Apple de USB-C a USB-A"},"content":{"rendered":"<h3><\/h3>\n<h2 class=\"rc-pdsection-title\" data-autom=\"sectionTitle\"><strong>\u00bfQu\u00e9 hay en la caja?<\/strong><\/h2>\n<h4>Adaptador USB-C a USB de Apple<\/h4>\n<p>\u00a0<\/p>\n<p>\u00a0<\/p>\n<h3 class=\"rc-pdsection-title\" data-autom=\"sectionTitle\"><strong>Especificaciones t\u00e9cnicas<\/strong><\/h3>\n<h4 class=\"h4-para-title\">Conexiones<\/h4>\n<div class=\"para-list as-pdp-lastparalist\">\n<p>USB-C<\/p>\n<\/div>\n<h2><strong>Compatibilidad<\/strong><\/h2>\n<h3 class=\"rf-pdp-compatibility-title\" data-autom=\"compatibleModelTitle\"><strong>Modelos de iPad<\/strong><\/h3>\n<ul class=\"rf-pdp-productlist\">\n<li class=\"rf-pdp-compatibility-productlistitems\"><a class=\"rf-pdp-compatibility-productlistlinks\" href=\"https:\/\/www.apple.com\/shop\/buy-ipad\/ipad-mini\">iPad mini (6.a generaci\u00f3n)<\/a><\/li>\n<li class=\"rf-pdp-compatibility-productlistitems\"><a class=\"rf-pdp-compatibility-productlistlinks\" href=\"https:\/\/www.apple.com\/shop\/buy-ipad\/ipad-pro\">iPad Pro de 12,9 pulgadas (5.a generaci\u00f3n)<\/a><\/li>\n<li class=\"rf-pdp-compatibility-productlistitems\">iPad Pro de 12,9 pulgadas (4.a generaci\u00f3n)<\/li>\n<li class=\"rf-pdp-compatibility-productlistitems\">iPad Pro de 12,9 pulgadas (3.a generaci\u00f3n)<\/li>\n<li class=\"rf-pdp-compatibility-productlistitems\"><a class=\"rf-pdp-compatibility-productlistlinks\" href=\"https:\/\/www.apple.com\/shop\/buy-ipad\/ipad-pro\">iPad Pro de 11 pulgadas (3.a generaci\u00f3n)<\/a><\/li>\n<li class=\"rf-pdp-compatibility-productlistitems\">iPad Pro de 11 pulgadas (2.a generaci\u00f3n)<\/li>\n<li class=\"rf-pdp-compatibility-productlistitems\">iPad Pro de 11 pulgadas (1.a generaci\u00f3n)<\/li>\n<li class=\"rf-pdp-compatibility-productlistitems\"><a class=\"rf-pdp-compatibility-productlistlinks\" href=\"https:\/\/www.apple.com\/shop\/buy-ipad\/ipad-air\">iPad Air (4.a generaci\u00f3n)<\/a><br \/>\n<h3 class=\"rf-pdp-compatibility-title\" data-autom=\"compatibleModelTitle\"><strong>Modelos de Mac<\/strong><\/h3>\n<ul class=\"rf-pdp-productlist\">\n<li class=\"rf-pdp-compatibility-productlistitems\"><a class=\"rf-pdp-compatibility-productlistlinks\" href=\"https:\/\/www.apple.com\/shop\/buy-mac\/macbook-air\">MacBook Air (M1, 2020)<\/a><\/li>\n<li class=\"rf-pdp-compatibility-productlistitems\">MacBook Air (Retina, 13 pulgadas, 2020)<\/li>\n<li class=\"rf-pdp-compatibility-productlistitems\">MacBook Air (Retina, 13 pulgadas, 2018 \u2013 2019)<\/li>\n<li class=\"rf-pdp-compatibility-productlistitems\"><a class=\"rf-pdp-compatibility-productlistlinks\" href=\"https:\/\/www.apple.com\/shop\/buy-mac\/macbook-pro\">MacBook Pro (13 pulgadas, M1, 2020)<\/a><\/li>\n<li class=\"rf-pdp-compatibility-productlistitems\"><a class=\"rf-pdp-compatibility-productlistlinks\" href=\"https:\/\/www.apple.com\/shop\/buy-mac\/macbook-pro\">MacBook Pro (13 pulgadas, 2020)<\/a><\/li>\n<li class=\"rf-pdp-compatibility-productlistitems\">MacBook Pro (13 pulgadas, 2016 \u2013 2019)<\/li>\n<li class=\"rf-pdp-compatibility-productlistitems\"><a class=\"rf-pdp-compatibility-productlistlinks\" href=\"https:\/\/www.apple.com\/shop\/buy-mac\/macbook-pro\">MacBook Pro (16 pulgadas, 2019)<\/a><\/li>\n<li class=\"rf-pdp-compatibility-productlistitems\">MacBook Pro (15 pulgadas, 2016 \u2013 2019)<\/li>\n<li class=\"rf-pdp-compatibility-productlistitems\">MacBook (Retina, 12 pulgadas, principios de 2015 \u2013 2017)<\/li>\n<\/ul>\n<\/li>\n<\/ul>\n","protected":false},"excerpt":{"rendered":"<div class=\"para-list as-pdp-lastparalist\">\n<p>El adaptador USB-C a USB le permite conectar dispositivos iOS y muchos de sus accesorios USB est\u00e1ndar a un Mac habilitado para USB-C o Thunderbolt 3 (USB-C).<\/p>\n<\/div>\n<div class=\"para-list as-pdp-lastparalist\">\n<p>Conecte el extremo USB-C del adaptador a un puerto USB-C o Thunderbolt 3 (USB-C) en su Mac y luego conecte su unidad flash, c\u00e1mara u otro dispositivo USB est\u00e1ndar. Tambi\u00e9n puede conectar un cable Lightning a USB para sincronizar y cargar su iPhone, iPad o iPod.<\/p>\n<\/div>\n","protected":false},"featured_media":1966,"comment_status":"open","ping_status":"closed","template":"","meta":{"_joinchat":[]},"product_cat":[192,593],"product_tag":[204],"class_list":{"0":"post-1965","1":"product","2":"type-product","3":"status-publish","4":"has-post-thumbnail","6":"product_brand-apple","7":"product_cat-accesorios","8":"product_cat-accesorios-apple","9":"product_tag-mj1m2am-a","11":"first","12":"outofstock","13":"shipping-taxable","14":"purchasable","15":"product-type-simple"},"_links":{"self":[{"href":"https:\/\/jobstore.cl\/index.php\/wp-json\/wp\/v2\/product\/1965","targetHints":{"allow":["GET"]}}],"collection":[{"href":"https:\/\/jobstore.cl\/index.php\/wp-json\/wp\/v2\/product"}],"about":[{"href":"https:\/\/jobstore.cl\/index.php\/wp-json\/wp\/v2\/types\/product"}],"replies":[{"embeddable":true,"href":"https:\/\/jobstore.cl\/index.php\/wp-json\/wp\/v2\/comments?post=1965"}],"version-history":[{"count":3,"href":"https:\/\/jobstore.cl\/index.php\/wp-json\/wp\/v2\/product\/1965\/revisions"}],"predecessor-version":[{"id":13246,"href":"https:\/\/jobstore.cl\/index.php\/wp-json\/wp\/v2\/product\/1965\/revisions\/13246"}],"wp:featuredmedia":[{"embeddable":true,"href":"https:\/\/jobstore.cl\/index.php\/wp-json\/wp\/v2\/media\/1966"}],"wp:attachment":[{"href":"https:\/\/jobstore.cl\/index.php\/wp-json\/wp\/v2\/media?parent=1965"}],"wp:term":[{"taxonomy":"product_cat","embeddable":true,"href":"https:\/\/jobstore.cl\/index.php\/wp-json\/wp\/v2\/product_cat?post=1965"},{"taxonomy":"product_tag","embeddable":true,"href":"https:\/\/jobstore.cl\/index.php\/wp-json\/wp\/v2\/product_tag?post=1965"}],"curies":[{"name":"wp","href":"https:\/\/api.w.org\/{rel}","templated":true}]}}

<h3></h3>
<h2 class="rc-pdsection-title" data-autom="sectionTitle"><strong>¿Qué hay en la caja?</strong></h2>
<h4>Adaptador USB-C a USB de Apple</h4>
<p> </p>
<p> </p>
<h3 class="rc-pdsection-title" data-autom="sectionTitle"><strong>Especificaciones técnicas</strong></h3>
<h4 class="h4-para-title">Conexiones</h4>
<div class="para-list as-pdp-lastparalist">
<p>USB-C</p>
</div>
<h2><strong>Compatibilidad</strong></h2>
<h3 class="rf-pdp-compatibility-title" data-autom="compatibleModelTitle"><strong>Modelos de iPad</strong></h3>
<ul class="rf-pdp-productlist">
<li class="rf-pdp-compatibility-productlistitems"><a class="rf-pdp-compatibility-productlistlinks" href="https://www.apple.com/shop/buy-ipad/ipad-mini">iPad mini (6.a generación)</a></li>
<li class="rf-pdp-compatibility-productlistitems"><a class="rf-pdp-compatibility-productlistlinks" href="https://www.apple.com/shop/buy-ipad/ipad-pro">iPad Pro de 12,9 pulgadas (5.a generación)</a></li>
<li class="rf-pdp-compatibility-productlistitems">iPad Pro de 12,9 pulgadas (4.a generación)</li>
<li class="rf-pdp-compatibility-productlistitems">iPad Pro de 12,9 pulgadas (3.a generación)</li>
<li class="rf-pdp-compatibility-productlistitems"><a class="rf-pdp-compatibility-productlistlinks" href="https://www.apple.com/shop/buy-ipad/ipad-pro">iPad Pro de 11 pulgadas (3.a generación)</a></li>
<li class="rf-pdp-compatibility-productlistitems">iPad Pro de 11 pulgadas (2.a generación)</li>
<li class="rf-pdp-compatibility-productlistitems">iPad Pro de 11 pulgadas (1.a generación)</li>
<li class="rf-pdp-compatibility-productlistitems"><a class="rf-pdp-compatibility-productlistlinks" href="https://www.apple.com/shop/buy-ipad/ipad-air">iPad Air (4.a generación)</a><br />
<h3 class="rf-pdp-compatibility-title" data-autom="compatibleModelTitle"><strong>Modelos de Mac</strong></h3>
<ul class="rf-pdp-productlist">
<li class="rf-pdp-compatibility-productlistitems"><a class="rf-pdp-compatibility-productlistlinks" href="https://www.apple.com/shop/buy-mac/macbook-air">MacBook Air (M1, 2020)</a></li>
<li class="rf-pdp-compatibility-productlistitems">MacBook Air (Retina, 13 pulgadas, 2020)</li>
<li class="rf-pdp-compatibility-productlistitems">MacBook Air (Retina, 13 pulgadas, 2018 – 2019)</li>
<li class="rf-pdp-compatibility-productlistitems"><a class="rf-pdp-compatibility-productlistlinks" href="https://www.apple.com/shop/buy-mac/macbook-pro">MacBook Pro (13 pulgadas, M1, 2020)</a></li>
<li class="rf-pdp-compatibility-productlistitems"><a class="rf-pdp-compatibility-productlistlinks" href="https://www.apple.com/shop/buy-mac/macbook-pro">MacBook Pro (13 pulgadas, 2020)</a></li>
<li class="rf-pdp-compatibility-productlistitems">MacBook Pro (13 pulgadas, 2016 – 2019)</li>
<li class="rf-pdp-compatibility-productlistitems"><a class="rf-pdp-compatibility-productlistlinks" href="https://www.apple.com/shop/buy-mac/macbook-pro">MacBook Pro (16 pulgadas, 2019)</a></li>
<li class="rf-pdp-compatibility-productlistitems">MacBook Pro (15 pulgadas, 2016 – 2019)</li>
<li class="rf-pdp-compatibility-productlistitems">MacBook (Retina, 12 pulgadas, principios de 2015 – 2017)</li>
</ul>
</li>
</ul>

<div class="para-list as-pdp-lastparalist">
<p>El adaptador USB-C a USB le permite conectar dispositivos iOS y muchos de sus accesorios USB estándar a un Mac habilitado para USB-C o Thunderbolt 3 (USB-C).</p>
</div>
<div class="para-list as-pdp-lastparalist">
<p>Conecte el extremo USB-C del adaptador a un puerto USB-C o Thunderbolt 3 (USB-C) en su Mac y luego conecte su unidad flash, cámara u otro dispositivo USB estándar. También puede conectar un cable Lightning a USB para sincronizar y cargar su iPhone, iPad o iPod.</p>
</div>
