{"id":1934,"date":"2021-09-23T14:54:32","date_gmt":"2021-09-23T17:54:32","guid":{"rendered":"https:\/\/jobstore.cl\/?post_type=product&#038;p=1934"},"modified":"2024-05-17T17:40:34","modified_gmt":"2024-05-17T20:40:34","slug":"adaptador-apple-usb-c-a-lector-de-tarjeta-sd","status":"publish","type":"product","link":"https:\/\/jobstore.cl\/index.php\/product\/adaptador-apple-usb-c-a-lector-de-tarjeta-sd\/","title":{"rendered":"Adaptador Apple de USB-C a Lector de Tarjetas SD"},"content":{"rendered":"<p><strong>Compatibilidad:<\/strong><\/p>\n<h3><strong>Modelos de iPad<\/strong><\/h3>\n<div class=\"rf-compability-mainpanel column large-9 small-12\">\n<div class=\"rf-pdp-compatibility-list\">\n<ul class=\"rf-pdp-productlist\">\n<li class=\"rf-pdp-compatibility-productlistitems\"><a class=\"rf-pdp-compatibility-productlistlinks\" href=\"https:\/\/www.apple.com\/mx\/shop\/buy-ipad\/ipad-pro\">iPad\u00a0Pro de 12.9 pulgadas (quinta generaci\u00f3n)<\/a><\/li>\n<li class=\"rf-pdp-compatibility-productlistitems\">iPad\u00a0Pro de 12.9\u00a0pulgadas (cuarta\u00a0generaci\u00f3n)<\/li>\n<li class=\"rf-pdp-compatibility-productlistitems\">iPad Pro de 12.9 pulgadas (tercera\u00a0generaci\u00f3n)<\/li>\n<li class=\"rf-pdp-compatibility-productlistitems\"><a class=\"rf-pdp-compatibility-productlistlinks\" href=\"https:\/\/www.apple.com\/mx\/shop\/buy-ipad\/ipad-pro\">iPad\u00a0Pro de 11 pulgadas (tercera generaci\u00f3n)<\/a><\/li>\n<li class=\"rf-pdp-compatibility-productlistitems\">iPad\u00a0Pro de 11\u00a0pulgadas (segunda\u00a0generaci\u00f3n)<\/li>\n<li class=\"rf-pdp-compatibility-productlistitems\">iPad\u00a0Pro de 11\u00a0pulgadas (primera generaci\u00f3n)<\/li>\n<li class=\"rf-pdp-compatibility-productlistitems\"><a class=\"rf-pdp-compatibility-productlistlinks\" href=\"https:\/\/www.apple.com\/mx\/shop\/buy-ipad\/ipad-air\">iPad\u00a0Air (cuarta generaci\u00f3n)<\/a><\/li>\n<\/ul>\n<\/div>\n<div class=\"rf-pdp-compatibility-list\">\n<span style='display:inline;'><input type='hidden' bg_collapse_expand='69f1b80e46f768056999078' value='69f1b80e46f768056999078'><input type='hidden' id='bg-show-more-text-69f1b80e46f768056999078' value='Ver Mas'><input type='hidden' id='bg-show-less-text-69f1b80e46f768056999078' value='Ver Menos'><a id='bg-showmore-action-69f1b80e46f768056999078' class='bg-showmore-plg-link  '  style=\" color:#FF0000;\" href='#'>Ver Mas<\/a><span id='bg-showmore-hidden-69f1b80e46f768056999078' ><\/p>\n<h3 class=\"rf-pdp-compatibility-title\">Modelos de Mac<\/h3>\n<ul class=\"rf-pdp-productlist\">\n<li class=\"rf-pdp-compatibility-productlistitems\"><a class=\"rf-pdp-compatibility-productlistlinks\" href=\"https:\/\/www.apple.com\/mx\/shop\/buy-mac\/macbook-air\">MacBook\u00a0Air (M1, 2020)<\/a><\/li>\n<li class=\"rf-pdp-compatibility-productlistitems\">MacBook\u00a0Air (pantalla Retina, 13 pulgadas, 2020)<\/li>\n<li class=\"rf-pdp-compatibility-productlistitems\">MacBook\u00a0Air (pantalla Retina, 13 pulgadas, 2018 &#8211; 2019)<\/li>\n<li class=\"rf-pdp-compatibility-productlistitems\"><a class=\"rf-pdp-compatibility-productlistlinks\" href=\"https:\/\/www.apple.com\/mx\/shop\/buy-mac\/macbook-pro\">MacBook\u00a0Pro (13\u00a0pulgadas, M1, 2020)<\/a><\/li>\n<li class=\"rf-pdp-compatibility-productlistitems\"><a class=\"rf-pdp-compatibility-productlistlinks\" href=\"https:\/\/www.apple.com\/mx\/shop\/buy-mac\/macbook-pro\">MacBook\u00a0Pro (13 pulgadas, 2020)<\/a><\/li>\n<li class=\"rf-pdp-compatibility-productlistitems\"><a class=\"rf-pdp-compatibility-productlistlinks\" href=\"https:\/\/www.apple.com\/mx\/shop\/buy-mac\/macbook-pro\">MacBook\u00a0Pro (16 pulgadas, 2019)<\/a><\/li>\n<li class=\"rf-pdp-compatibility-productlistitems\">MacBook\u00a0Pro (13 pulgadas, 2016\u00a0&#8211;\u00a02019)<\/li>\n<li class=\"rf-pdp-compatibility-productlistitems\">MacBook\u00a0Pro (15 pulgadas, 2016\u00a0&#8211;\u00a02019)<\/li>\n<li class=\"rf-pdp-compatibility-productlistitems\">MacBook (Retina, 12 pulgadas, principios del 2015-2017)<\/li>\n<li class=\"rf-pdp-compatibility-productlistitems\"><a class=\"rf-pdp-compatibility-productlistlinks\" href=\"https:\/\/www.apple.com\/mx\/shop\/buy-mac\/imac\">iMac (24 pulgadas, M1, 2021)<\/a><\/li>\n<li class=\"rf-pdp-compatibility-productlistitems\"><a class=\"rf-pdp-compatibility-productlistlinks\" href=\"https:\/\/www.apple.com\/mx\/shop\/buy-mac\/imac-imac\">iMac (pantalla Retina 4K, 21.5 pulgadas, 2019)<\/a><\/li>\n<li class=\"rf-pdp-compatibility-productlistitems\"><a class=\"rf-pdp-compatibility-productlistlinks\" href=\"https:\/\/www.apple.com\/mx\/shop\/buy-mac\/imac-imac\">iMac (pantalla Retina 5K, 27 pulgadas, 2019)<\/a><\/li>\n<li class=\"rf-pdp-compatibility-productlistitems\">iMac (Retina 4K, 21.5 pulgadas, 2017)<\/li>\n<li class=\"rf-pdp-compatibility-productlistitems\">iMac (Retina 5K, 27 pulgadas, 2017)<\/li>\n<li class=\"rf-pdp-compatibility-productlistitems\">iMac Pro (2017)<\/li>\n<li class=\"rf-pdp-compatibility-productlistitems\"><a class=\"rf-pdp-compatibility-productlistlinks\" href=\"https:\/\/www.apple.com\/mx\/shop\/buy-mac\/mac-pro\/mac-pro\">Mac\u00a0Pro (2019)<\/a><\/li>\n<li class=\"rf-pdp-compatibility-productlistitems\"><a class=\"rf-pdp-compatibility-productlistlinks\" href=\"https:\/\/www.apple.com\/mx\/shop\/buy-mac\/mac-mini\">Mac\u00a0mini (M1, 2020)<\/a><\/li>\n<li class=\"rf-pdp-compatibility-productlistitems\"><a class=\"rf-pdp-compatibility-productlistlinks\" href=\"https:\/\/www.apple.com\/mx\/shop\/buy-mac\/mac-mini\">Mac\u00a0mini (2018)<\/a><\/li>\n<\/ul>\n<\/div>\n<\/div>\n<p><\/span><\/span>\n<p>&nbsp;<\/p>\n","protected":false},"excerpt":{"rendered":"<p>El adaptador de USB-C a lector de tarjetas SD transfiere fotos y videos de alta resoluci\u00f3n a velocidades UHS-II a tu Mac o iPad con puerto USB-C. Est\u00e1 dise\u00f1ado para no obstruir los otros puertos, funciona con tarjetas SD UHS-II y es compatible con versiones anteriores de otros adaptadores y tarjetas SD.<\/p>\n<p>&nbsp;<\/p>\n","protected":false},"featured_media":11007,"comment_status":"open","ping_status":"closed","template":"","meta":{"_joinchat":[]},"product_cat":[192,329,593,283],"product_tag":[199],"class_list":{"0":"post-1934","1":"product","2":"type-product","3":"status-publish","4":"has-post-thumbnail","6":"product_brand-apple","7":"product_cat-accesorios","8":"product_cat-accesorios-air","9":"product_cat-accesorios-apple","10":"product_cat-accesorios-ipad","11":"product_tag-mufg2am-a","13":"first","14":"outofstock","15":"sale","16":"shipping-taxable","17":"purchasable","18":"product-type-simple"},"_links":{"self":[{"href":"https:\/\/jobstore.cl\/index.php\/wp-json\/wp\/v2\/product\/1934","targetHints":{"allow":["GET"]}}],"collection":[{"href":"https:\/\/jobstore.cl\/index.php\/wp-json\/wp\/v2\/product"}],"about":[{"href":"https:\/\/jobstore.cl\/index.php\/wp-json\/wp\/v2\/types\/product"}],"replies":[{"embeddable":true,"href":"https:\/\/jobstore.cl\/index.php\/wp-json\/wp\/v2\/comments?post=1934"}],"version-history":[{"count":6,"href":"https:\/\/jobstore.cl\/index.php\/wp-json\/wp\/v2\/product\/1934\/revisions"}],"predecessor-version":[{"id":13287,"href":"https:\/\/jobstore.cl\/index.php\/wp-json\/wp\/v2\/product\/1934\/revisions\/13287"}],"wp:featuredmedia":[{"embeddable":true,"href":"https:\/\/jobstore.cl\/index.php\/wp-json\/wp\/v2\/media\/11007"}],"wp:attachment":[{"href":"https:\/\/jobstore.cl\/index.php\/wp-json\/wp\/v2\/media?parent=1934"}],"wp:term":[{"taxonomy":"product_cat","embeddable":true,"href":"https:\/\/jobstore.cl\/index.php\/wp-json\/wp\/v2\/product_cat?post=1934"},{"taxonomy":"product_tag","embeddable":true,"href":"https:\/\/jobstore.cl\/index.php\/wp-json\/wp\/v2\/product_tag?post=1934"}],"curies":[{"name":"wp","href":"https:\/\/api.w.org\/{rel}","templated":true}]}}

<p><strong>Compatibilidad:</strong></p>
<h3><strong>Modelos de iPad</strong></h3>
<div class="rf-compability-mainpanel column large-9 small-12">
<div class="rf-pdp-compatibility-list">
<ul class="rf-pdp-productlist">
<li class="rf-pdp-compatibility-productlistitems"><a class="rf-pdp-compatibility-productlistlinks" href="https://www.apple.com/mx/shop/buy-ipad/ipad-pro">iPad Pro de 12.9 pulgadas (quinta generación)</a></li>
<li class="rf-pdp-compatibility-productlistitems">iPad Pro de 12.9 pulgadas (cuarta generación)</li>
<li class="rf-pdp-compatibility-productlistitems">iPad Pro de 12.9 pulgadas (tercera generación)</li>
<li class="rf-pdp-compatibility-productlistitems"><a class="rf-pdp-compatibility-productlistlinks" href="https://www.apple.com/mx/shop/buy-ipad/ipad-pro">iPad Pro de 11 pulgadas (tercera generación)</a></li>
<li class="rf-pdp-compatibility-productlistitems">iPad Pro de 11 pulgadas (segunda generación)</li>
<li class="rf-pdp-compatibility-productlistitems">iPad Pro de 11 pulgadas (primera generación)</li>
<li class="rf-pdp-compatibility-productlistitems"><a class="rf-pdp-compatibility-productlistlinks" href="https://www.apple.com/mx/shop/buy-ipad/ipad-air">iPad Air (cuarta generación)</a></li>
</ul>
</div>
<div class="rf-pdp-compatibility-list">
<span style='display:inline;'><input type='hidden' bg_collapse_expand='69f1b80e46f768056999078' value='69f1b80e46f768056999078'><input type='hidden' id='bg-show-more-text-69f1b80e46f768056999078' value='Ver Mas'><input type='hidden' id='bg-show-less-text-69f1b80e46f768056999078' value='Ver Menos'><a id='bg-showmore-action-69f1b80e46f768056999078' class='bg-showmore-plg-link  '  style=" color:#FF0000;" href='#'>Ver Mas</a><span id='bg-showmore-hidden-69f1b80e46f768056999078' ></p>
<h3 class="rf-pdp-compatibility-title">Modelos de Mac</h3>
<ul class="rf-pdp-productlist">
<li class="rf-pdp-compatibility-productlistitems"><a class="rf-pdp-compatibility-productlistlinks" href="https://www.apple.com/mx/shop/buy-mac/macbook-air">MacBook Air (M1, 2020)</a></li>
<li class="rf-pdp-compatibility-productlistitems">MacBook Air (pantalla Retina, 13 pulgadas, 2020)</li>
<li class="rf-pdp-compatibility-productlistitems">MacBook Air (pantalla Retina, 13 pulgadas, 2018 &#8211; 2019)</li>
<li class="rf-pdp-compatibility-productlistitems"><a class="rf-pdp-compatibility-productlistlinks" href="https://www.apple.com/mx/shop/buy-mac/macbook-pro">MacBook Pro (13 pulgadas, M1, 2020)</a></li>
<li class="rf-pdp-compatibility-productlistitems"><a class="rf-pdp-compatibility-productlistlinks" href="https://www.apple.com/mx/shop/buy-mac/macbook-pro">MacBook Pro (13 pulgadas, 2020)</a></li>
<li class="rf-pdp-compatibility-productlistitems"><a class="rf-pdp-compatibility-productlistlinks" href="https://www.apple.com/mx/shop/buy-mac/macbook-pro">MacBook Pro (16 pulgadas, 2019)</a></li>
<li class="rf-pdp-compatibility-productlistitems">MacBook Pro (13 pulgadas, 2016 &#8211; 2019)</li>
<li class="rf-pdp-compatibility-productlistitems">MacBook Pro (15 pulgadas, 2016 &#8211; 2019)</li>
<li class="rf-pdp-compatibility-productlistitems">MacBook (Retina, 12 pulgadas, principios del 2015-2017)</li>
<li class="rf-pdp-compatibility-productlistitems"><a class="rf-pdp-compatibility-productlistlinks" href="https://www.apple.com/mx/shop/buy-mac/imac">iMac (24 pulgadas, M1, 2021)</a></li>
<li class="rf-pdp-compatibility-productlistitems"><a class="rf-pdp-compatibility-productlistlinks" href="https://www.apple.com/mx/shop/buy-mac/imac-imac">iMac (pantalla Retina 4K, 21.5 pulgadas, 2019)</a></li>
<li class="rf-pdp-compatibility-productlistitems"><a class="rf-pdp-compatibility-productlistlinks" href="https://www.apple.com/mx/shop/buy-mac/imac-imac">iMac (pantalla Retina 5K, 27 pulgadas, 2019)</a></li>
<li class="rf-pdp-compatibility-productlistitems">iMac (Retina 4K, 21.5 pulgadas, 2017)</li>
<li class="rf-pdp-compatibility-productlistitems">iMac (Retina 5K, 27 pulgadas, 2017)</li>
<li class="rf-pdp-compatibility-productlistitems">iMac Pro (2017)</li>
<li class="rf-pdp-compatibility-productlistitems"><a class="rf-pdp-compatibility-productlistlinks" href="https://www.apple.com/mx/shop/buy-mac/mac-pro/mac-pro">Mac Pro (2019)</a></li>
<li class="rf-pdp-compatibility-productlistitems"><a class="rf-pdp-compatibility-productlistlinks" href="https://www.apple.com/mx/shop/buy-mac/mac-mini">Mac mini (M1, 2020)</a></li>
<li class="rf-pdp-compatibility-productlistitems"><a class="rf-pdp-compatibility-productlistlinks" href="https://www.apple.com/mx/shop/buy-mac/mac-mini">Mac mini (2018)</a></li>
</ul>
</div>
</div>
<p></span></span>
<p>&nbsp;</p>

<p>El adaptador de USB-C a lector de tarjetas SD transfiere fotos y videos de alta resolución a velocidades UHS-II a tu Mac o iPad con puerto USB-C. Está diseñado para no obstruir los otros puertos, funciona con tarjetas SD UHS-II y es compatible con versiones anteriores de otros adaptadores y tarjetas SD.</p>
<p>&nbsp;</p>
