{"id":18576,"date":"2026-04-16T14:56:13","date_gmt":"2026-04-16T17:56:13","guid":{"rendered":"https:\/\/jobstore.cl\/?post_type=product&#038;p=18576"},"modified":"2026-04-16T14:56:17","modified_gmt":"2026-04-16T17:56:17","slug":"airpods-pro-con-cancelacion-de-ruido-3era-gen","status":"publish","type":"product","link":"https:\/\/jobstore.cl\/index.php\/product\/airpods-pro-con-cancelacion-de-ruido-3era-gen\/","title":{"rendered":"AirPods PRO CON CANCELACION DE RUIDO 3ERA GEN"},"content":{"rendered":"<p>AirPods Pro 3. Hasta 2 veces m\u00e1s Cancelaci\u00f3n Activa de Ruido que los AirPods Pro 2.<sup>1<\/sup> Ahora con detecci\u00f3n de la frecuencia cardiaca<sup>2<\/sup>, Traducci\u00f3n en Vivo<sup>3<\/sup>, mayor duraci\u00f3n de la bater\u00eda<sup>4<\/sup> y avances en salud auditiva.<sup>5<\/sup> Redise\u00f1ados para un ajuste m\u00e1s seguro.<sup>4<\/sup><\/p>\n<p>&nbsp;<\/p>\n<ul>\n<li>LA MEJOR CANCELACI\u00d3N ACTIVA DE RUIDO DEL MUNDO DENTRO DEL O\u00cdDO \u2014 Reduce hasta 2 veces m\u00e1s ruidos no deseados que los AirPods Pro 2 y d\u00e9jate envolver por el aqu\u00ed y el ahora.<sup>1<\/sup><\/li>\n<li>RENDIMIENTO DE AUDIO REVOLUCIONARIO \u2014 Disfruta de un sonido tridimensional fuera de serie con los AirPods Pro 3. Gracias a la nueva arquitectura ac\u00fastica, los bajos suenan m\u00e1s profundos y las voces m\u00e1s claras para que no te pierdas ni una sola nota.<\/li>\n<li>DETECCI\u00d3N DE LA FRECUENCIA CARDIACA \u2014 La detecci\u00f3n de la frecuencia cardiaca integrada te permite medir tu ritmo cardiaco y las calor\u00edas que quemas en hasta 50 tipos de entrenamiento diferentes.<sup>2<\/sup> Con el iPhone, puedes acceder al c\u00edrculo Moverse, tu conteo de pasos y al nuevo Workout Buddy,<sup>6<\/sup> impulsado por Apple Intelligence.<sup>7<\/sup><\/li>\n<li>TRADUCCI\u00d3N EN VIVO \u2014 Comun\u00edcate en otros idiomas usando Traducci\u00f3n en Vivo<sup>3<\/sup>, gracias a Apple Intelligence.<sup>7<\/sup><\/li>\n<li>MAYOR DURACI\u00d3N DE LA BATER\u00cdA \u2014 Disfruta hasta 8 horas de audio con Cancelaci\u00f3n Activa de Ruido con una sola carga,<sup>8<\/sup> o hasta 10 horas en modo Ambiente con la funcionalidad Asistencia Auditiva.<sup>9<\/sup><\/li>\n<li>MEJOR AJUSTE DENTRO DE LA OREJA \u2014 Las nuevas almohadillas, que ahora vienen en cinco tama\u00f1os, ofrecen un ajuste m\u00e1s seguro y personalizado, y un rendimiento de audio sin precedentes.<sup>4<\/sup><\/li>\n<li>SALUD AUDITIVA \u2014 Hazte una prueba de audici\u00f3n en la comodidad de tu casa.<sup>10<\/sup> Usa la funcionalidad Asistencia Auditiva<sup>11<\/sup> , ahora con Amplificaci\u00f3n de la Conversaci\u00f3n autom\u00e1tica para una comunicaci\u00f3n m\u00e1s clara. Y Reducci\u00f3n de Ruidos Altos disminuye tu exposici\u00f3n a niveles altos de ruido ambiente.<\/li>\n<li>EXPERIENCIA DE AUDIO A TU MEDIDA \u2014 La Ecualizaci\u00f3n Adaptativa de \u00faltima generaci\u00f3n permite personalizar el uso de los dispositivos de acuerdo con la geometr\u00eda \u00fanica de tus orejas. Y los micr\u00f3fonos orientados hacia adentro se usan para analizar lo que est\u00e1s escuchando y hacer ajustes en tiempo real.<\/li>\n<li>UNA EXPERIENCIA M\u00c1GICA \u2014 Con la detecci\u00f3n autom\u00e1tica de dispositivo, pasa autom\u00e1ticamente de un dispositivo Apple a otro.<sup>13<\/sup> Y Compartir Audio te permite disfrutar al instante una canci\u00f3n o una pel\u00edcula conectando dos pares de AirPods a tu iPhone, iPad o Apple TV.<sup>14<\/sup><\/li>\n<\/ul>\n<p>&nbsp;<\/p>\n<ol>\n<li>Pruebas realizadas por Apple en julio de 2025 usando unidades AirPods Pro 3 enlazadas con unidades iPhone 16 con versiones preliminares de firmware de los AirPods y iOS 26. La prueba de reducci\u00f3n de ruido se realiz\u00f3 seg\u00fan la norma IEC 60268-24. La comparaci\u00f3n se realiz\u00f3 con los aud\u00edfonos internos inal\u00e1mbricos m\u00e1s vendidos disponibles en el mercado al momento de la prueba. El rendimiento depende de la configuraci\u00f3n del dispositivo, el entorno y muchos otros factores.<\/li>\n<li>El monitoreo de la frecuencia cardiaca integrado est\u00e1 dise\u00f1ado para funcionar durante los entrenamientos con la app Fitness y es compatible con apps de terceros en dispositivos iPhone con iOS 26 o posterior. Para obtener m\u00e1s informaci\u00f3n, visita support.apple.com\/es-cl\/.<\/li>\n<li>Traducci\u00f3n en Vivo con AirPods funciona en los AirPods 4 con Cancelaci\u00f3n Activa de Ruido y AirPods Pro 2 y posteriores con el \u00faltimo firmware al enlazarlos con un iPhone con iOS 26 o posterior que tenga Apple Intelligence habilitado. Disponible en ingl\u00e9s (Reino Unido, Estados Unidos), franc\u00e9s (Francia), alem\u00e1n, portugu\u00e9s (Brasil) y espa\u00f1ol (Espa\u00f1a). Consulta la Disponibilidad de funcionalidades para obtener m\u00e1s informaci\u00f3n.<\/li>\n<li>En comparaci\u00f3n con los AirPods Pro 2.<\/li>\n<li>Disponible en los AirPods Pro 2 y posteriores con el \u00faltimo firmware al enlazarlos con un iPhone o iPad compatible que tenga instalada la \u00faltima versi\u00f3n del sistema operativo. Las funcionalidad Asistencia Auditiva tambi\u00e9n puede usarse en el Mac con la \u00faltima versi\u00f3n del software instalada. Para obtener m\u00e1s informaci\u00f3n, visita support.apple.com\/es-cl\/.<\/li>\n<li>Requiere un iPhone con Apple Intelligence habilitado que est\u00e9 cerca y aud\u00edfonos Bluetooth, con el idioma del dispositivo y Siri configurados en ingl\u00e9s. Apple Intelligence est\u00e1 disponible en versi\u00f3n beta. Algunas funcionalidades podr\u00edan no estar disponibles en todas las regiones o idiomas. Consulta support.apple.com\/es-cl\/121115 para obtener m\u00e1s informaci\u00f3n sobre la disponibilidad de funcionalidades e idiomas y los requisitos del sistema.<\/li>\n<li>Apple Intelligence est\u00e1 disponible en versi\u00f3n beta. Algunas funcionalidades podr\u00edan no estar disponibles en todas las regiones o idiomas. Consulta support.apple.com\/es-cl\/121115 para obtener m\u00e1s informaci\u00f3n sobre la disponibilidad de funcionalidades e idiomas y los requisitos del sistema.<\/li>\n<li>Pruebas realizadas por Apple en julio y agosto de 2025 con unidades en preproducci\u00f3n de los AirPods Pro 3 y estuche de carga MagSafe y versiones preliminares de software enlazados con unidades en preproducci\u00f3n del iPhone 17 Pro y versiones preliminares de software. La lista de reproducci\u00f3n consisti\u00f3 en 358 pistas de audio compradas en el iTunes Store (codificaci\u00f3n AAC de 256 Kbps). El volumen estaba configurado al 50% y la Cancelaci\u00f3n Activa de Ruido estaba activada. Hasta 7,5 horas de audio con el Audio Espacial y el seguimiento din\u00e1mico de la cabeza activados. Las pruebas consistieron en la descarga completa de la bater\u00eda de los AirPods Pro mientras se reproduc\u00eda audio hasta que uno de los AirPods Pro dej\u00f3 de funcionar. La duraci\u00f3n de la bater\u00eda depende de la configuraci\u00f3n del dispositivo, el entorno, el uso y muchos otros factores.<\/li>\n<li>Pruebas realizadas por Apple en julio y agosto de 2025 con unidades en preproducci\u00f3n de los AirPods Pro 3 y estuche de carga MagSafe y versiones preliminares de software enlazados con unidades en preproducci\u00f3n del iPhone 17 Pro y versiones preliminares de software. Tanto el volumen como el nivel de amplificaci\u00f3n estaban configurados al 50%, y el modo Ambiente estaba activado. Las pruebas consistieron en la descarga completa de la bater\u00eda de los AirPods Pro con la funcionalidad Asistencia Auditiva activada, sin reproducir audio desde el iPhone y hasta que uno de los AirPods Pro dej\u00f3 de funcionar. La duraci\u00f3n de la bater\u00eda depende de la configuraci\u00f3n del dispositivo, el entorno, el uso y muchos otros factores.<\/li>\n<li>La funcionalidad Prueba de Audici\u00f3n est\u00e1 disponible en los AirPods Pro 2 y posteriores con el \u00faltimo firmware enlazados con un iPhone o iPad compatible que tenga iOS 18 o iPadOS 18 o posterior instalado, y est\u00e1 dise\u00f1ada para personas mayores de 18 a\u00f1os.<\/li>\n<li>La funcionalidad Asistencia Auditiva est\u00e1 disponible en los AirPods Pro 2 y posteriores con el \u00faltimo firmware al enlazarlos con un iPhone, iPad o Mac compatible que tenga iOS 18, iPadOS 18 o macOS Sequoia o posterior instalado, y est\u00e1 dise\u00f1ada para personas mayores de 18 a\u00f1os con una posible p\u00e9rdida auditiva leve a moderada.<\/li>\n<li>Disponible en los AirPods Pro 2 o posteriores con el \u00faltimo firmware enlazados con un iPhone compatible que tenga la versi\u00f3n m\u00e1s reciente de software. Esta funcionalidad podr\u00eda no estar disponible en todas las regiones o idiomas. Haz clic aqu\u00ed para ver la lista completa.<\/li>\n<li>Requiere una Cuenta de Apple y un dispositivo Apple compatible que tenga la \u00faltima versi\u00f3n del software del sistema operativo instalada.<\/li>\n<li>Requiere un dispositivo Apple compatible que tenga la \u00faltima versi\u00f3n del software del sistema operativo instalada.<\/li>\n<\/ol>\n","protected":false},"excerpt":{"rendered":"<h4>AirPods Pro 3. La mejor Cancelaci\u00f3n Activa de Ruido del mundo dentro del o\u00eddo<\/h4>\n","protected":false},"featured_media":18579,"comment_status":"open","ping_status":"closed","template":"","meta":{"_joinchat":[]},"product_cat":[192,630],"product_tag":[658,659,660],"class_list":{"0":"post-18576","1":"product","2":"type-product","3":"status-publish","4":"has-post-thumbnail","6":"product_brand-apple","7":"product_cat-accesorios","8":"product_cat-airpods-cancelacion-ruido","9":"product_tag-airpods","10":"product_tag-cancelacion","11":"product_tag-ruido","13":"first","14":"instock","15":"sale","16":"shipping-taxable","17":"purchasable","18":"product-type-simple"},"_links":{"self":[{"href":"https:\/\/jobstore.cl\/index.php\/wp-json\/wp\/v2\/product\/18576","targetHints":{"allow":["GET"]}}],"collection":[{"href":"https:\/\/jobstore.cl\/index.php\/wp-json\/wp\/v2\/product"}],"about":[{"href":"https:\/\/jobstore.cl\/index.php\/wp-json\/wp\/v2\/types\/product"}],"replies":[{"embeddable":true,"href":"https:\/\/jobstore.cl\/index.php\/wp-json\/wp\/v2\/comments?post=18576"}],"version-history":[{"count":1,"href":"https:\/\/jobstore.cl\/index.php\/wp-json\/wp\/v2\/product\/18576\/revisions"}],"predecessor-version":[{"id":18580,"href":"https:\/\/jobstore.cl\/index.php\/wp-json\/wp\/v2\/product\/18576\/revisions\/18580"}],"wp:featuredmedia":[{"embeddable":true,"href":"https:\/\/jobstore.cl\/index.php\/wp-json\/wp\/v2\/media\/18579"}],"wp:attachment":[{"href":"https:\/\/jobstore.cl\/index.php\/wp-json\/wp\/v2\/media?parent=18576"}],"wp:term":[{"taxonomy":"product_cat","embeddable":true,"href":"https:\/\/jobstore.cl\/index.php\/wp-json\/wp\/v2\/product_cat?post=18576"},{"taxonomy":"product_tag","embeddable":true,"href":"https:\/\/jobstore.cl\/index.php\/wp-json\/wp\/v2\/product_tag?post=18576"}],"curies":[{"name":"wp","href":"https:\/\/api.w.org\/{rel}","templated":true}]}}