{"id":17351,"date":"2025-10-06T13:12:34","date_gmt":"2025-10-06T16:12:34","guid":{"rendered":"https:\/\/jobstore.cl\/?post_type=product&#038;p=17351"},"modified":"2025-10-06T13:18:02","modified_gmt":"2025-10-06T16:18:02","slug":"funda-ipad-pro-11-m4","status":"publish","type":"product","link":"https:\/\/jobstore.cl\/index.php\/product\/funda-ipad-pro-11-m4\/","title":{"rendered":"FUNDA IPAD PRO 11&#8243; M4"},"content":{"rendered":"<p>Mant\u00e9n tu\u00a0<strong>iPad Pro 11&#8243; <\/strong>\u00a0protegido con la sofisticada\u00a0<strong>Funda Folio Slim DECODED<\/strong> en color <strong>NEGRO<\/strong>, elaborada con cuero vegano de alta calidad. Esta funda no solo protege tu dispositivo de golpes y ara\u00f1azos, sino que tambi\u00e9n aporta un toque de elegancia con su dise\u00f1o minimalista y moderno. Su funci\u00f3n folio te permite ajustar el \u00e1ngulo de tu iPad para una experiencia m\u00e1s c\u00f3moda al escribir, ver videos o trabajar. Adem\u00e1s, su dise\u00f1o delgado garantiza que tu iPad mantenga un perfil estilizado sin a\u00f1adir volumen innecesario.<\/p>\n","protected":false},"excerpt":{"rendered":"<p>Mant\u00e9n tu\u00a0iPad Pro 11&#8243; \u00a0protegido con la sofisticada\u00a0Funda Folio Slim DECODED en color NEGRO, elaborada con cuero vegano de alta calidad. Esta funda no solo protege<span class=\"excerpt-hellip\"> [\u2026]<\/span><\/p>\n","protected":false},"featured_media":17352,"comment_status":"open","ping_status":"closed","template":"","meta":{"_joinchat":[]},"product_cat":[192,283,189],"product_tag":[],"class_list":{"0":"post-17351","1":"product","2":"type-product","3":"status-publish","4":"has-post-thumbnail","6":"product_cat-accesorios","7":"product_cat-accesorios-ipad","8":"product_cat-ipad","10":"first","11":"instock","12":"sale","13":"shipping-taxable","14":"purchasable","15":"product-type-simple"},"_links":{"self":[{"href":"https:\/\/jobstore.cl\/index.php\/wp-json\/wp\/v2\/product\/17351","targetHints":{"allow":["GET"]}}],"collection":[{"href":"https:\/\/jobstore.cl\/index.php\/wp-json\/wp\/v2\/product"}],"about":[{"href":"https:\/\/jobstore.cl\/index.php\/wp-json\/wp\/v2\/types\/product"}],"replies":[{"embeddable":true,"href":"https:\/\/jobstore.cl\/index.php\/wp-json\/wp\/v2\/comments?post=17351"}],"version-history":[{"count":3,"href":"https:\/\/jobstore.cl\/index.php\/wp-json\/wp\/v2\/product\/17351\/revisions"}],"predecessor-version":[{"id":17355,"href":"https:\/\/jobstore.cl\/index.php\/wp-json\/wp\/v2\/product\/17351\/revisions\/17355"}],"wp:featuredmedia":[{"embeddable":true,"href":"https:\/\/jobstore.cl\/index.php\/wp-json\/wp\/v2\/media\/17352"}],"wp:attachment":[{"href":"https:\/\/jobstore.cl\/index.php\/wp-json\/wp\/v2\/media?parent=17351"}],"wp:term":[{"taxonomy":"product_cat","embeddable":true,"href":"https:\/\/jobstore.cl\/index.php\/wp-json\/wp\/v2\/product_cat?post=17351"},{"taxonomy":"product_tag","embeddable":true,"href":"https:\/\/jobstore.cl\/index.php\/wp-json\/wp\/v2\/product_tag?post=17351"}],"curies":[{"name":"wp","href":"https:\/\/api.w.org\/{rel}","templated":true}]}}