{"id":17262,"date":"2025-08-26T13:34:44","date_gmt":"2025-08-26T16:34:44","guid":{"rendered":"https:\/\/jobstore.cl\/?post_type=product&#038;p=17262"},"modified":"2026-03-20T11:03:37","modified_gmt":"2026-03-20T14:03:37","slug":"lamina-protectora-iphone-15-pro-max","status":"publish","type":"product","link":"https:\/\/jobstore.cl\/index.php\/product\/lamina-protectora-iphone-15-pro-max\/","title":{"rendered":"LAMINA PROTECTORA IPHONE 15 PRO MAX"},"content":{"rendered":"<ul>\n<li>Protector de pantalla con cristal templado de alta dureza, resistente a impactos y ara\u00f1azos, alta transparencia y bordes curvos.<\/li>\n<li>Tecnolog\u00eda de cobertura de pantalla completa para proteger los tel\u00e9fonos m\u00f3viles en todas las direcciones.<\/li>\n<\/ul>\n","protected":false},"excerpt":{"rendered":"<ul>\n<li>imagen referencial<\/li>\n<li>no incluye iPhone21990<\/li>\n<\/ul>\n","protected":false},"featured_media":16210,"comment_status":"open","ping_status":"closed","template":"","meta":{"_joinchat":[]},"product_cat":[192,628,611],"product_tag":[],"class_list":{"0":"post-17262","1":"product","2":"type-product","3":"status-publish","4":"has-post-thumbnail","6":"product_cat-accesorios","7":"product_cat-iphone-15-pro-max-carcasa","8":"product_cat-tempered-glass","10":"first","11":"instock","12":"sale","13":"shipping-taxable","14":"purchasable","15":"product-type-simple"},"_links":{"self":[{"href":"https:\/\/jobstore.cl\/index.php\/wp-json\/wp\/v2\/product\/17262","targetHints":{"allow":["GET"]}}],"collection":[{"href":"https:\/\/jobstore.cl\/index.php\/wp-json\/wp\/v2\/product"}],"about":[{"href":"https:\/\/jobstore.cl\/index.php\/wp-json\/wp\/v2\/types\/product"}],"replies":[{"embeddable":true,"href":"https:\/\/jobstore.cl\/index.php\/wp-json\/wp\/v2\/comments?post=17262"}],"version-history":[{"count":2,"href":"https:\/\/jobstore.cl\/index.php\/wp-json\/wp\/v2\/product\/17262\/revisions"}],"predecessor-version":[{"id":17264,"href":"https:\/\/jobstore.cl\/index.php\/wp-json\/wp\/v2\/product\/17262\/revisions\/17264"}],"wp:featuredmedia":[{"embeddable":true,"href":"https:\/\/jobstore.cl\/index.php\/wp-json\/wp\/v2\/media\/16210"}],"wp:attachment":[{"href":"https:\/\/jobstore.cl\/index.php\/wp-json\/wp\/v2\/media?parent=17262"}],"wp:term":[{"taxonomy":"product_cat","embeddable":true,"href":"https:\/\/jobstore.cl\/index.php\/wp-json\/wp\/v2\/product_cat?post=17262"},{"taxonomy":"product_tag","embeddable":true,"href":"https:\/\/jobstore.cl\/index.php\/wp-json\/wp\/v2\/product_tag?post=17262"}],"curies":[{"name":"wp","href":"https:\/\/api.w.org\/{rel}","templated":true}]}}