{"id":16760,"date":"2025-03-19T11:51:54","date_gmt":"2025-03-19T14:51:54","guid":{"rendered":"https:\/\/jobstore.cl\/?post_type=product&#038;p=16760"},"modified":"2026-04-13T14:06:52","modified_gmt":"2026-04-13T17:06:52","slug":"cable-de-carga-magnetica-rapida-a-usb-c-para-apple-watch-de-1-m","status":"publish","type":"product","link":"https:\/\/jobstore.cl\/index.php\/product\/cable-de-carga-magnetica-rapida-a-usb-c-para-apple-watch-de-1-m\/","title":{"rendered":"Cable de carga magn\u00e9tica r\u00e1pida a USB-C para Apple Watch de 1 m"},"content":{"rendered":"<p>Cable trenzado resistente con la funcionalidad de carga r\u00e1pida para algunos modelos de Apple Watch.<sup>1<\/sup> S\u00f3lo tienes que acercar el conector de carga magn\u00e9tica a la parte posterior del reloj y los imanes se encargar\u00e1n de adherirlo.<\/p>\n<p>&nbsp;<\/p>\n<ol>\n<li>La carga r\u00e1pida s\u00f3lo es compatible con el Apple Watch Series 9,\u00a0Apple Watch Series 8, Apple Watch Series 7 y Apple Watch Ultra. Los otros modelos tendr\u00e1n tiempos de carga est\u00e1ndar.<\/li>\n<\/ol>\n","protected":false},"excerpt":{"rendered":"<p>Cable trenzado resistente con la funcionalidad de carga r\u00e1pida para algunos modelos de Apple Watch.1 S\u00f3lo tienes que acercar el conector de carga magn\u00e9tica a la<span class=\"excerpt-hellip\"> [\u2026]<\/span><\/p>\n","protected":false},"featured_media":16761,"comment_status":"open","ping_status":"closed","template":"","meta":{"_joinchat":[]},"product_cat":[192,458,599,245],"product_tag":[],"class_list":{"0":"post-16760","1":"product","2":"type-product","3":"status-publish","4":"has-post-thumbnail","6":"product_brand-apple","7":"product_cat-accesorios","8":"product_cat-apple-watch","9":"product_cat-cables","10":"product_cat-watch","12":"first","13":"instock","14":"sale","15":"shipping-taxable","16":"purchasable","17":"product-type-simple"},"_links":{"self":[{"href":"https:\/\/jobstore.cl\/index.php\/wp-json\/wp\/v2\/product\/16760","targetHints":{"allow":["GET"]}}],"collection":[{"href":"https:\/\/jobstore.cl\/index.php\/wp-json\/wp\/v2\/product"}],"about":[{"href":"https:\/\/jobstore.cl\/index.php\/wp-json\/wp\/v2\/types\/product"}],"replies":[{"embeddable":true,"href":"https:\/\/jobstore.cl\/index.php\/wp-json\/wp\/v2\/comments?post=16760"}],"version-history":[{"count":4,"href":"https:\/\/jobstore.cl\/index.php\/wp-json\/wp\/v2\/product\/16760\/revisions"}],"predecessor-version":[{"id":16768,"href":"https:\/\/jobstore.cl\/index.php\/wp-json\/wp\/v2\/product\/16760\/revisions\/16768"}],"wp:featuredmedia":[{"embeddable":true,"href":"https:\/\/jobstore.cl\/index.php\/wp-json\/wp\/v2\/media\/16761"}],"wp:attachment":[{"href":"https:\/\/jobstore.cl\/index.php\/wp-json\/wp\/v2\/media?parent=16760"}],"wp:term":[{"taxonomy":"product_cat","embeddable":true,"href":"https:\/\/jobstore.cl\/index.php\/wp-json\/wp\/v2\/product_cat?post=16760"},{"taxonomy":"product_tag","embeddable":true,"href":"https:\/\/jobstore.cl\/index.php\/wp-json\/wp\/v2\/product_tag?post=16760"}],"curies":[{"name":"wp","href":"https:\/\/api.w.org\/{rel}","templated":true}]}}