{"id":16209,"date":"2024-11-12T11:57:28","date_gmt":"2024-11-12T14:57:28","guid":{"rendered":"https:\/\/jobstore.cl\/?post_type=product&#038;p=16209"},"modified":"2025-11-27T14:03:57","modified_gmt":"2025-11-27T17:03:57","slug":"zagg-xtr4-protector-de-pantalla-para-iphone-16-pro-vidrio-templado-63","status":"publish","type":"product","link":"https:\/\/jobstore.cl\/index.php\/product\/zagg-xtr4-protector-de-pantalla-para-iphone-16-pro-vidrio-templado-63\/","title":{"rendered":"ZAGG XTR4 &#8211; Protector de pantalla para iPhone 16 Pro, vidrio templado  6,3&#8243;"},"content":{"rendered":"<ul class=\"a-unordered-list a-vertical a-spacing-mini\">\n<li class=\"a-spacing-mini\"><span class=\"a-list-item\">Protecci\u00f3n extrema contra ca\u00eddas: Fortificado con grafeno, el ZAGG XTR4 est\u00e1 probado para ser hasta 11 veces m\u00e1s fuerte que el vidrio templado est\u00e1ndar, ofreciendo una protecci\u00f3n superior contra ca\u00eddas, impactos y ara\u00f1azos para mantener tu iPhone 16 Pro seguro <\/span><\/li>\n<li class=\"a-spacing-mini\"><span class=\"a-list-item\">Duerme mejor con la filtraci\u00f3n de luz azul: la tecnolog\u00eda Radiance Protection Factor 60 filtra la luz azul da\u00f1ina que causa fatiga ocular e interrumpe el sue\u00f1o, asegurando un tiempo de pantalla m\u00e1s c\u00f3modo y saludable <\/span><\/li>\n<li class=\"a-spacing-mini\"><span class=\"a-list-item\">VIBRANCIA DE COLOR MEJORADA: La tecnolog\u00eda antirreflectante aumenta la claridad de la pantalla y la riqueza de color, ofreciendo negros m\u00e1s profundos, rojos m\u00e1s vivos y colores realistas en tu iPhone 16 Pro <\/span><\/li>\n<li class=\"a-spacing-mini\"><span class=\"a-list-item\">F\u00e1cil instalaci\u00f3n sin polvo: la bandeja EZ Apply y el adhesivo antipolvo garantizan una instalaci\u00f3n impecable y sin burbujas en todo momento, por lo que tu protector de pantalla se adapta perfectamente sin molestias <\/span><\/li>\n<li class=\"a-spacing-mini\"><span class=\"a-list-item\">Dise\u00f1o ecol\u00f3gico y garant\u00eda de por vida: fabricado con un 30% de vidrio reciclado post-consumo y certificado T\u00dcV Rheinland, este protector de pantalla es ecol\u00f3gico. Adem\u00e1s, disfruta de la tranquilidad con la garant\u00eda limitada de por vida de ZAGG para toda la vida \u00fatil de tu dispositivo<\/span><\/li>\n<\/ul>\n<h6 id=\"title\" class=\"a-size-large a-spacing-none\"><span id=\"productTitle\" class=\"a-size-large product-title-word-break\">ZAGG XTR4 \u2013 <\/span><span id=\"productTitle\" class=\"a-size-large product-title-word-break\">Protector de pantalla para iPhone 16 Pro, vidrio templado 11 veces m\u00e1s fuerte, filtraci\u00f3n de luz azul, tecnolog\u00eda antirreflejos, refuerzo de grafeno, escudo invisible, f\u00e1cil instalaci\u00f3n<\/span><\/h6>\n","protected":false},"excerpt":{"rendered":"<h6 id=\"title\" class=\"a-size-large a-spacing-none\"><span id=\"productTitle\" class=\"a-size-large product-title-word-break\">ZAGG XTR4 &#8211; <\/span><span id=\"productTitle\" class=\"a-size-large product-title-word-break\">Protector de pantalla para iPhone 16 Pro, vidrio templado 11 veces m\u00e1s fuerte, filtraci\u00f3n de luz azul, tecnolog\u00eda antirreflejos, refuerzo de grafeno, escudo invisible, f\u00e1cil instalaci\u00f3n<\/span><\/h6>\n","protected":false},"featured_media":16210,"comment_status":"open","ping_status":"closed","template":"","meta":{"_joinchat":[]},"product_cat":[192,436],"product_tag":[],"class_list":{"0":"post-16209","1":"product","2":"type-product","3":"status-publish","4":"has-post-thumbnail","6":"product_brand-zagg","7":"product_cat-accesorios","8":"product_cat-laminas-de-vidrio-templado","10":"first","11":"instock","12":"sale","13":"shipping-taxable","14":"purchasable","15":"product-type-simple"},"_links":{"self":[{"href":"https:\/\/jobstore.cl\/index.php\/wp-json\/wp\/v2\/product\/16209","targetHints":{"allow":["GET"]}}],"collection":[{"href":"https:\/\/jobstore.cl\/index.php\/wp-json\/wp\/v2\/product"}],"about":[{"href":"https:\/\/jobstore.cl\/index.php\/wp-json\/wp\/v2\/types\/product"}],"replies":[{"embeddable":true,"href":"https:\/\/jobstore.cl\/index.php\/wp-json\/wp\/v2\/comments?post=16209"}],"version-history":[{"count":1,"href":"https:\/\/jobstore.cl\/index.php\/wp-json\/wp\/v2\/product\/16209\/revisions"}],"predecessor-version":[{"id":16211,"href":"https:\/\/jobstore.cl\/index.php\/wp-json\/wp\/v2\/product\/16209\/revisions\/16211"}],"wp:featuredmedia":[{"embeddable":true,"href":"https:\/\/jobstore.cl\/index.php\/wp-json\/wp\/v2\/media\/16210"}],"wp:attachment":[{"href":"https:\/\/jobstore.cl\/index.php\/wp-json\/wp\/v2\/media?parent=16209"}],"wp:term":[{"taxonomy":"product_cat","embeddable":true,"href":"https:\/\/jobstore.cl\/index.php\/wp-json\/wp\/v2\/product_cat?post=16209"},{"taxonomy":"product_tag","embeddable":true,"href":"https:\/\/jobstore.cl\/index.php\/wp-json\/wp\/v2\/product_tag?post=16209"}],"curies":[{"name":"wp","href":"https:\/\/api.w.org\/{rel}","templated":true}]}}