{"id":16190,"date":"2024-11-12T10:54:30","date_gmt":"2024-11-12T13:54:30","guid":{"rendered":"https:\/\/jobstore.cl\/?post_type=product&#038;p=16190"},"modified":"2026-04-16T14:13:08","modified_gmt":"2026-04-16T17:13:08","slug":"apple-pencil-pro","status":"publish","type":"product","link":"https:\/\/jobstore.cl\/index.php\/product\/apple-pencil-pro\/","title":{"rendered":"Apple Pencil Pro"},"content":{"rendered":"<ul id=\":r6:\" class=\"rc-accordion rf-pdp-accordionlist\" data-core-accordion=\"\">\n<li class=\"rf-pdp-accordionbox rf-pdp-compatibility rc-accordion-item\" data-core-accordion-item=\"\" data-core-accordion-item-expanded=\"\">\n<h2 class=\"rf-pdp-accordionboxtitle\" data-autom=\"compatibilityTitle\"><button id=\"title-:r6:-1\" class=\"rc-accordion-button rf-pdp-compatibility-accordion\" type=\"button\" data-core-accordion-button=\"\" aria-expanded=\"true\" aria-controls=\"content-:r6:-1\" data-core-accordion-button-expanded=\"\"><span class=\"rc-accordion-title large-10 typography-callout\">Compatibilidad<\/span><\/button><\/h2>\n<div class=\"r-height-transition-enter-done\" data-core-height-transition-wrapper=\"\">\n<div data-core-height-transition-content=\"\">\n<div id=\"content-:r6:-1\" data-core-accordion-content=\"\">\n<div class=\"rc-accordion-content large-10 rc-accordion-content-nopadding\">\n<div class=\"\">\n<div class=\"rf-pdp-compabilitysection-panel row\">\n<div class=\"rf-pdp-compability-sidepanel column large-3 small-12\">\n<div class=\"rf-pdp-compatibility\"><\/div>\n<\/div>\n<div class=\"rf-compability-mainpanel column large-9 small-12\">\n<div class=\"rf-pdp-compatibility-list\">\n<h3 class=\"rf-pdp-compatibility-title\" data-autom=\"compatibleModelTitle\">Modelos de iPad<\/h3>\n<ul class=\"rf-pdp-productlist\" role=\"list\">\n<li class=\"rf-pdp-compatibility-productlistitems\" role=\"listitem\">iPad\u00a0Pro de 13 pulgadas (M4)<\/li>\n<li class=\"rf-pdp-compatibility-productlistitems\" role=\"listitem\">iPad\u00a0Pro de 11 pulgadas (M4)<\/li>\n<li class=\"rf-pdp-compatibility-productlistitems\" role=\"listitem\">iPad\u00a0Air de 13 pulgadas (M2)<\/li>\n<li class=\"rf-pdp-compatibility-productlistitems\" role=\"listitem\">iPad\u00a0Air de 11 pulgadas (M2)<\/li>\n<li class=\"rf-pdp-compatibility-productlistitems\" role=\"listitem\">iPad\u00a0mini (A17\u00a0Pro)<\/li>\n<\/ul>\n<\/div>\n<\/div>\n<\/div>\n<\/div>\n<\/div>\n<\/div>\n<\/div>\n<\/div>\n<\/li>\n<\/ul>\n","protected":false},"excerpt":{"rendered":"<div class=\"r-height-transition-enter-done\" data-core-height-transition-wrapper=\"\">\n<div data-core-height-transition-content=\"\">\n<div id=\"content-:r6:-0\" data-core-accordion-content=\"\">\n<div class=\"rc-accordion-content large-10 rc-accordion-content-nopadding\">\n<div class=\"\">\n<div class=\"rc-pdsection-panel legalProductInformation-panel row\">\n<div class=\"rc-pdsection-sidepanel column large-3 small-12\">\n<h3 class=\"rc-pdsection-title typography-label\" data-autom=\"sectionTitle\">Informaci\u00f3n legal del producto<\/h3>\n<\/div>\n<div class=\"rc-pdsection-mainpanel column large-9 small-12 rc-pdsection-mainpanel-simple-fragment\">\n<ul>\n<li>Vida \u00fatil en condiciones de uso normales (a\u00f1os): 5<\/li>\n<li>Disponibilidad de repuestos y servicio t\u00e9cnico (a\u00f1os): 5<\/li>\n<li>Para obtener m\u00e1s informaci\u00f3n: <a href=\"https:\/\/www.apple.com\/cl\/product-lifespan\" target=\"_blank\" rel=\"noopener\" data-slot-name=\"legalProductInformation\" data-feature-name=\"Astro Link\" data-display-name=\"AOS: product-lifespan\">https:\/\/www.apple.com\/cl\/product-lifespan\/<\/a><\/li>\n<\/ul>\n<div class=\"rc-pdsection-sidepanel column large-3 small-12\">\n<h3 class=\"rc-pdsection-title typography-label\" data-autom=\"sectionTitle\">Descripci\u00f3n<\/h3>\n<\/div>\n<div class=\"rc-pdsection-mainpanel column large-9 small-12\">\n<div class=\"para-list as-pdp-lastparalist\">\n<p>El Apple Pencil Pro ofrece a\u00fan m\u00e1s funcionalidades para ayudarte a hacer realidad tus ideas. Con estos avances, puedes marcar documentos, tomar apuntes y crear obras maestras de forma m\u00e1s intuitiva que nunca.<\/p>\n<\/div>\n<div class=\"para-list as-pdp-lastparalist\">\n<p>Funcionalidad Apretar: gracias al sensor, al apretar el Apple Pencil Pro aparece una nueva paleta para que cambies r\u00e1pidamente de herramienta, grosor de l\u00ednea y color. Funcionalidad Girar: un nuevo giroscopio te permite girar el Apple Pencil Pro para controlar con mayor precisi\u00f3n herramientas de dibujo como pluma y pincel. Respuesta h\u00e1ptica: un motor h\u00e1ptico especialmente dise\u00f1ado te da una respuesta precisa que puedes sentir. Al apretar o tocar dos veces, sentir\u00e1s una pulsaci\u00f3n suave que confirma la acci\u00f3n. Puntero flotante para el Apple Pencil\u00b9: te permite ver con exactitud en qu\u00e9 lugar de la pantalla del iPad tocar\u00e1 el Apple Pencil mediante la sombra virtual de la herramienta que est\u00e9s usando. De esta manera, puedes escribir, crear bocetos y dibujar con mucha m\u00e1s precisi\u00f3n. Tocar dos veces: cambia r\u00e1pidamente de herramienta, por ejemplo, pasa del l\u00e1piz al borrador, con s\u00f3lo tocar dos veces el Apple Pencil.Y si lo pierdes de vista, puedes ubicarlo f\u00e1cilmente con la app Encontrar sin importar donde est\u00e9s. El Apple Pencil Pro se adhiere, se enlaza y se carga de forma magn\u00e9tica en la parte lateral del iPad.<\/p>\n<\/div>\n<\/div>\n<\/div>\n<\/div>\n<\/div>\n<\/div>\n<\/div>\n<\/div>\n<\/div>\n","protected":false},"featured_media":16199,"comment_status":"open","ping_status":"closed","template":"","meta":{"_joinchat":[]},"product_cat":[192,593],"product_tag":[619,618,620],"class_list":{"0":"post-16190","1":"product","2":"type-product","3":"status-publish","4":"has-post-thumbnail","6":"product_brand-apple","7":"product_cat-accesorios","8":"product_cat-accesorios-apple","9":"product_tag-lapiz","10":"product_tag-pencil","11":"product_tag-pro","13":"first","14":"instock","15":"shipping-taxable","16":"purchasable","17":"product-type-simple"},"_links":{"self":[{"href":"https:\/\/jobstore.cl\/index.php\/wp-json\/wp\/v2\/product\/16190","targetHints":{"allow":["GET"]}}],"collection":[{"href":"https:\/\/jobstore.cl\/index.php\/wp-json\/wp\/v2\/product"}],"about":[{"href":"https:\/\/jobstore.cl\/index.php\/wp-json\/wp\/v2\/types\/product"}],"replies":[{"embeddable":true,"href":"https:\/\/jobstore.cl\/index.php\/wp-json\/wp\/v2\/comments?post=16190"}],"version-history":[{"count":1,"href":"https:\/\/jobstore.cl\/index.php\/wp-json\/wp\/v2\/product\/16190\/revisions"}],"predecessor-version":[{"id":16202,"href":"https:\/\/jobstore.cl\/index.php\/wp-json\/wp\/v2\/product\/16190\/revisions\/16202"}],"wp:featuredmedia":[{"embeddable":true,"href":"https:\/\/jobstore.cl\/index.php\/wp-json\/wp\/v2\/media\/16199"}],"wp:attachment":[{"href":"https:\/\/jobstore.cl\/index.php\/wp-json\/wp\/v2\/media?parent=16190"}],"wp:term":[{"taxonomy":"product_cat","embeddable":true,"href":"https:\/\/jobstore.cl\/index.php\/wp-json\/wp\/v2\/product_cat?post=16190"},{"taxonomy":"product_tag","embeddable":true,"href":"https:\/\/jobstore.cl\/index.php\/wp-json\/wp\/v2\/product_tag?post=16190"}],"curies":[{"name":"wp","href":"https:\/\/api.w.org\/{rel}","templated":true}]}}

<div class="r-height-transition-enter-done" data-core-height-transition-wrapper="">
<div data-core-height-transition-content="">
<div id="content-:r6:-0" data-core-accordion-content="">
<div class="rc-accordion-content large-10 rc-accordion-content-nopadding">
<div class="">
<div class="rc-pdsection-panel legalProductInformation-panel row">
<div class="rc-pdsection-sidepanel column large-3 small-12">
<h3 class="rc-pdsection-title typography-label" data-autom="sectionTitle">Información legal del producto</h3>
</div>
<div class="rc-pdsection-mainpanel column large-9 small-12 rc-pdsection-mainpanel-simple-fragment">
<ul>
<li>Vida útil en condiciones de uso normales (años): 5</li>
<li>Disponibilidad de repuestos y servicio técnico (años): 5</li>
<li>Para obtener más información: <a href="https://www.apple.com/cl/product-lifespan" target="_blank" rel="noopener" data-slot-name="legalProductInformation" data-feature-name="Astro Link" data-display-name="AOS: product-lifespan">https://www.apple.com/cl/product-lifespan/</a></li>
</ul>
<div class="rc-pdsection-sidepanel column large-3 small-12">
<h3 class="rc-pdsection-title typography-label" data-autom="sectionTitle">Descripción</h3>
</div>
<div class="rc-pdsection-mainpanel column large-9 small-12">
<div class="para-list as-pdp-lastparalist">
<p>El Apple Pencil Pro ofrece aún más funcionalidades para ayudarte a hacer realidad tus ideas. Con estos avances, puedes marcar documentos, tomar apuntes y crear obras maestras de forma más intuitiva que nunca.</p>
</div>
<div class="para-list as-pdp-lastparalist">
<p>Funcionalidad Apretar: gracias al sensor, al apretar el Apple Pencil Pro aparece una nueva paleta para que cambies rápidamente de herramienta, grosor de línea y color. Funcionalidad Girar: un nuevo giroscopio te permite girar el Apple Pencil Pro para controlar con mayor precisión herramientas de dibujo como pluma y pincel. Respuesta háptica: un motor háptico especialmente diseñado te da una respuesta precisa que puedes sentir. Al apretar o tocar dos veces, sentirás una pulsación suave que confirma la acción. Puntero flotante para el Apple Pencil¹: te permite ver con exactitud en qué lugar de la pantalla del iPad tocará el Apple Pencil mediante la sombra virtual de la herramienta que estés usando. De esta manera, puedes escribir, crear bocetos y dibujar con mucha más precisión. Tocar dos veces: cambia rápidamente de herramienta, por ejemplo, pasa del lápiz al borrador, con sólo tocar dos veces el Apple Pencil.Y si lo pierdes de vista, puedes ubicarlo fácilmente con la app Encontrar sin importar donde estés. El Apple Pencil Pro se adhiere, se enlaza y se carga de forma magnética en la parte lateral del iPad.</p>
</div>
</div>
</div>
</div>
</div>
</div>
</div>
</div>
</div>
