{"id":16182,"date":"2024-11-12T10:12:29","date_gmt":"2024-11-12T13:12:29","guid":{"rendered":"https:\/\/jobstore.cl\/?post_type=product&#038;p=16182"},"modified":"2025-11-06T19:22:22","modified_gmt":"2025-11-06T22:22:22","slug":"mochila-sp25-2-0-14-negra-kensington","status":"publish","type":"product","link":"https:\/\/jobstore.cl\/index.php\/product\/mochila-sp25-2-0-14-negra-kensington\/","title":{"rendered":"Mochila SP25 2.0 14&#8243; Negra Kensington"},"content":{"rendered":"<p><b>Beneficios:<\/b><br \/>\nMochila para los profesionales que est\u00e1n en constante movimiento. Viaje con un estilo \u00fanico gracias al dise\u00f1o cl\u00e1sico de la mochila SP25 Kensington. El bolsillo interior acolchado protege su Notebook, mientras que los compartimientos con cierres permiten acceder de manera f\u00e1cil y r\u00e1pida a todos sus accesorios esenciales.<\/p>\n<p><b>Especificaciones:<\/b><\/p>\n<p>&nbsp;<\/p>\n<ul>\n<li>Nylon resistente evita da\u00f1os, mientras que su compartimiento acolchado protege el Notebook.<\/li>\n<li>Posee muchos compartimientos<\/li>\n<li>Correas para el hombro acolchadas<\/li>\n<\/ul>\n","protected":false},"excerpt":{"rendered":"<p><b>Especificaciones:<\/b><\/p>\n<p>&nbsp;<\/p>\n<ul>\n<li>Nylon resistente evita da\u00f1os, mientras que su compartimiento acolchado protege el Notebook.<\/li>\n<li>Posee muchos compartimientos<\/li>\n<li>Correas para el hombro acolchadas<\/li>\n<\/ul>\n","protected":false},"featured_media":16183,"comment_status":"open","ping_status":"closed","template":"","meta":{"_joinchat":[]},"product_cat":[192,434],"product_tag":[],"class_list":{"0":"post-16182","1":"product","2":"type-product","3":"status-publish","4":"has-post-thumbnail","6":"product_brand-kensington","7":"product_cat-accesorios","8":"product_cat-accesorios-macbook-pro-15","10":"first","11":"outofstock","12":"sale","13":"shipping-taxable","14":"purchasable","15":"product-type-simple"},"_links":{"self":[{"href":"https:\/\/jobstore.cl\/index.php\/wp-json\/wp\/v2\/product\/16182","targetHints":{"allow":["GET"]}}],"collection":[{"href":"https:\/\/jobstore.cl\/index.php\/wp-json\/wp\/v2\/product"}],"about":[{"href":"https:\/\/jobstore.cl\/index.php\/wp-json\/wp\/v2\/types\/product"}],"replies":[{"embeddable":true,"href":"https:\/\/jobstore.cl\/index.php\/wp-json\/wp\/v2\/comments?post=16182"}],"version-history":[{"count":1,"href":"https:\/\/jobstore.cl\/index.php\/wp-json\/wp\/v2\/product\/16182\/revisions"}],"predecessor-version":[{"id":16184,"href":"https:\/\/jobstore.cl\/index.php\/wp-json\/wp\/v2\/product\/16182\/revisions\/16184"}],"wp:featuredmedia":[{"embeddable":true,"href":"https:\/\/jobstore.cl\/index.php\/wp-json\/wp\/v2\/media\/16183"}],"wp:attachment":[{"href":"https:\/\/jobstore.cl\/index.php\/wp-json\/wp\/v2\/media?parent=16182"}],"wp:term":[{"taxonomy":"product_cat","embeddable":true,"href":"https:\/\/jobstore.cl\/index.php\/wp-json\/wp\/v2\/product_cat?post=16182"},{"taxonomy":"product_tag","embeddable":true,"href":"https:\/\/jobstore.cl\/index.php\/wp-json\/wp\/v2\/product_tag?post=16182"}],"curies":[{"name":"wp","href":"https:\/\/api.w.org\/{rel}","templated":true}]}}