{"id":16083,"date":"2024-10-16T23:19:38","date_gmt":"2024-10-17T02:19:38","guid":{"rendered":"https:\/\/jobstore.cl\/?post_type=product&#038;p=16083"},"modified":"2026-02-18T09:12:06","modified_gmt":"2026-02-18T12:12:06","slug":"carcasa-silicona-magsafe-iphone-15-pro-decoded-naranja","status":"publish","type":"product","link":"https:\/\/jobstore.cl\/index.php\/product\/carcasa-silicona-magsafe-iphone-15-pro-decoded-naranja\/","title":{"rendered":"CARCASA SILICONA MAGSAFE IPHONE 15 PRO DECODED NARANJA"},"content":{"rendered":"<table class=\"Fractal-SpecTable--table\">\n<thead>\n<tr>\n<th><\/th>\n<\/tr>\n<\/thead>\n<tbody>\n<tr>\n<td><span class=\"Fractal-Typography--base Fractal-Typography__typography--body Fractal-Typography__typography--default Fractal-Typography__typography--left \" data-fractalds=\"t:a|n:typography|v:body,default,left,span\">Tama\u00f1o m\u00e1ximo de pantalla<\/span><\/td>\n<td><span class=\"Fractal-Typography--base Fractal-Typography__typography--body Fractal-Typography__typography--default Fractal-Typography__typography--left \" data-fractalds=\"t:a|n:typography|v:body,default,left,span\">15,5 cm (6.1\u2033)<\/span><\/td>\n<\/tr>\n<tr>\n<td><span class=\"Fractal-Typography--base Fractal-Typography__typography--body Fractal-Typography__typography--default Fractal-Typography__typography--left \" data-fractalds=\"t:a|n:typography|v:body,default,left,span\">Tipo de funda<\/span><\/td>\n<td><span class=\"Fractal-Typography--base Fractal-Typography__typography--body Fractal-Typography__typography--default Fractal-Typography__typography--left \" data-fractalds=\"t:a|n:typography|v:body,default,left,span\">Funda<\/span><\/td>\n<\/tr>\n<tr>\n<td><span class=\"Fractal-Typography--base Fractal-Typography__typography--body Fractal-Typography__typography--default Fractal-Typography__typography--left \" data-fractalds=\"t:a|n:typography|v:body,default,left,span\">Material<\/span><\/td>\n<td><span class=\"Fractal-Typography--base Fractal-Typography__typography--body Fractal-Typography__typography--default Fractal-Typography__typography--left \" data-fractalds=\"t:a|n:typography|v:body,default,left,span\">Metal, Microfibra, Poliuretano, Silicona<\/span><\/td>\n<\/tr>\n<tr>\n<td><span class=\"Fractal-Typography--base Fractal-Typography__typography--body Fractal-Typography__typography--default Fractal-Typography__typography--left \" data-fractalds=\"t:a|n:typography|v:body,default,left,span\">Color del producto<\/span><\/td>\n<td><span class=\"Fractal-Typography--base Fractal-Typography__typography--body Fractal-Typography__typography--default Fractal-Typography__typography--left \" data-fractalds=\"t:a|n:typography|v:body,default,left,span\">Albaricoque<\/span><\/td>\n<\/tr>\n<tr>\n<td><span class=\"Fractal-Typography--base Fractal-Typography__typography--body Fractal-Typography__typography--default Fractal-Typography__typography--left \" data-fractalds=\"t:a|n:typography|v:body,default,left,span\">Marca compatible<\/span><\/td>\n<td><span class=\"Fractal-Typography--base Fractal-Typography__typography--body Fractal-Typography__typography--default Fractal-Typography__typography--left \" data-fractalds=\"t:a|n:typography|v:body,default,left,span\">Apple<\/span><\/td>\n<\/tr>\n<tr>\n<td><span class=\"Fractal-Typography--base Fractal-Typography__typography--body Fractal-Typography__typography--default Fractal-Typography__typography--left \" data-fractalds=\"t:a|n:typography|v:body,default,left,span\">Compatibilidad<\/span><\/td>\n<td><span class=\"Fractal-Typography--base Fractal-Typography__typography--body Fractal-Typography__typography--default Fractal-Typography__typography--left \" data-fractalds=\"t:a|n:typography|v:body,default,left,span\">iPhone 15 Pro<\/span><\/td>\n<\/tr>\n<tr>\n<td><span class=\"Fractal-Typography--base Fractal-Typography__typography--body Fractal-Typography__typography--default Fractal-Typography__typography--left \" data-fractalds=\"t:a|n:typography|v:body,default,left,span\">Coloraci\u00f3n de superficie<\/span><\/td>\n<td><span class=\"Fractal-Typography--base Fractal-Typography__typography--body Fractal-Typography__typography--default Fractal-Typography__typography--left \" data-fractalds=\"t:a|n:typography|v:body,default,left,span\">Monocromo<\/span><\/td>\n<\/tr>\n<tr>\n<td><span class=\"Fractal-Typography--base Fractal-Typography__typography--body Fractal-Typography__typography--default Fractal-Typography__typography--left \" data-fractalds=\"t:a|n:typography|v:body,default,left,span\">Compatible con MagSafe<\/span><\/td>\n<td><span class=\"Fractal-Typography--base Fractal-Typography__typography--body Fractal-Typography__typography--default Fractal-Typography__typography--left \" data-fractalds=\"t:a|n:typography|v:body,default,left,span\">Si<\/span><\/td>\n<\/tr>\n<tr>\n<td><span class=\"Fractal-Typography--base Fractal-Typography__typography--body Fractal-Typography__typography--default Fractal-Typography__typography--left \" data-fractalds=\"t:a|n:typography|v:body,default,left,span\">Funciones de protecci\u00f3n<\/span><\/td>\n<td><span class=\"Fractal-Typography--base Fractal-Typography__typography--body Fractal-Typography__typography--default Fractal-Typography__typography--left \" data-fractalds=\"t:a|n:typography|v:body,default,left,span\">Antibacteriano, Resistente a los golpes, Protecci\u00f3n contra ca\u00eddas, Resistente a golpes<\/span><\/td>\n<\/tr>\n<\/tbody>\n<\/table>\n","protected":false},"excerpt":{"rendered":"<p><strong>Caracter\u00edsticas<\/strong><\/p>\n<ul>\n<li>Tama\u00f1o m\u00e1ximo de pantalla: 15,5 cm (6,1&#8243;)<\/li>\n<li>Tipo de funda Funda<\/li>\n<li>Material: Metal, Microfibra, Poliuretano, Silicona<\/li>\n<li>Color del producto: Lavanda<\/li>\n<li>Compatibilidad de marca: Apple<\/li>\n<li>Compatibilidad: iPhone 15 Pro<\/li>\n<li>Coloraci\u00f3n de la superficie: Monocrom\u00e1tica<\/li>\n<li>Compatible con MagSafe: S\u00ed<\/li>\n<li>Caracter\u00edsticas de protecci\u00f3n: Antibacterias, Resistente a golpes, A prueba de ca\u00eddas, Resistente a golpes<\/li>\n<li>A prueba de ca\u00eddas hasta 1.2 m<\/li>\n<li>Carga inal\u00e1mbrica: S\u00ed<\/li>\n<\/ul>\n","protected":false},"featured_media":16085,"comment_status":"open","ping_status":"closed","template":"","meta":{"_joinchat":[]},"product_cat":[192,280,279,612,610],"product_tag":[],"class_list":{"0":"post-16083","1":"product","2":"type-product","3":"status-publish","4":"has-post-thumbnail","6":"product_cat-accesorios","7":"product_cat-accesorios-iphone-accesorios-iphone","8":"product_cat-accesorios-iphone","9":"product_cat-iphone-15-pro","10":"product_cat-iphone-15-pro-max","12":"first","13":"outofstock","14":"sale","15":"shipping-taxable","16":"purchasable","17":"product-type-simple"},"_links":{"self":[{"href":"https:\/\/jobstore.cl\/index.php\/wp-json\/wp\/v2\/product\/16083","targetHints":{"allow":["GET"]}}],"collection":[{"href":"https:\/\/jobstore.cl\/index.php\/wp-json\/wp\/v2\/product"}],"about":[{"href":"https:\/\/jobstore.cl\/index.php\/wp-json\/wp\/v2\/types\/product"}],"replies":[{"embeddable":true,"href":"https:\/\/jobstore.cl\/index.php\/wp-json\/wp\/v2\/comments?post=16083"}],"version-history":[{"count":2,"href":"https:\/\/jobstore.cl\/index.php\/wp-json\/wp\/v2\/product\/16083\/revisions"}],"predecessor-version":[{"id":16089,"href":"https:\/\/jobstore.cl\/index.php\/wp-json\/wp\/v2\/product\/16083\/revisions\/16089"}],"wp:featuredmedia":[{"embeddable":true,"href":"https:\/\/jobstore.cl\/index.php\/wp-json\/wp\/v2\/media\/16085"}],"wp:attachment":[{"href":"https:\/\/jobstore.cl\/index.php\/wp-json\/wp\/v2\/media?parent=16083"}],"wp:term":[{"taxonomy":"product_cat","embeddable":true,"href":"https:\/\/jobstore.cl\/index.php\/wp-json\/wp\/v2\/product_cat?post=16083"},{"taxonomy":"product_tag","embeddable":true,"href":"https:\/\/jobstore.cl\/index.php\/wp-json\/wp\/v2\/product_tag?post=16083"}],"curies":[{"name":"wp","href":"https:\/\/api.w.org\/{rel}","templated":true}]}}

<table class="Fractal-SpecTable--table">
<thead>
<tr>
<th></th>
</tr>
</thead>
<tbody>
<tr>
<td><span class="Fractal-Typography--base Fractal-Typography__typography--body Fractal-Typography__typography--default Fractal-Typography__typography--left " data-fractalds="t:a|n:typography|v:body,default,left,span">Tamaño máximo de pantalla</span></td>
<td><span class="Fractal-Typography--base Fractal-Typography__typography--body Fractal-Typography__typography--default Fractal-Typography__typography--left " data-fractalds="t:a|n:typography|v:body,default,left,span">15,5 cm (6.1″)</span></td>
</tr>
<tr>
<td><span class="Fractal-Typography--base Fractal-Typography__typography--body Fractal-Typography__typography--default Fractal-Typography__typography--left " data-fractalds="t:a|n:typography|v:body,default,left,span">Tipo de funda</span></td>
<td><span class="Fractal-Typography--base Fractal-Typography__typography--body Fractal-Typography__typography--default Fractal-Typography__typography--left " data-fractalds="t:a|n:typography|v:body,default,left,span">Funda</span></td>
</tr>
<tr>
<td><span class="Fractal-Typography--base Fractal-Typography__typography--body Fractal-Typography__typography--default Fractal-Typography__typography--left " data-fractalds="t:a|n:typography|v:body,default,left,span">Material</span></td>
<td><span class="Fractal-Typography--base Fractal-Typography__typography--body Fractal-Typography__typography--default Fractal-Typography__typography--left " data-fractalds="t:a|n:typography|v:body,default,left,span">Metal, Microfibra, Poliuretano, Silicona</span></td>
</tr>
<tr>
<td><span class="Fractal-Typography--base Fractal-Typography__typography--body Fractal-Typography__typography--default Fractal-Typography__typography--left " data-fractalds="t:a|n:typography|v:body,default,left,span">Color del producto</span></td>
<td><span class="Fractal-Typography--base Fractal-Typography__typography--body Fractal-Typography__typography--default Fractal-Typography__typography--left " data-fractalds="t:a|n:typography|v:body,default,left,span">Albaricoque</span></td>
</tr>
<tr>
<td><span class="Fractal-Typography--base Fractal-Typography__typography--body Fractal-Typography__typography--default Fractal-Typography__typography--left " data-fractalds="t:a|n:typography|v:body,default,left,span">Marca compatible</span></td>
<td><span class="Fractal-Typography--base Fractal-Typography__typography--body Fractal-Typography__typography--default Fractal-Typography__typography--left " data-fractalds="t:a|n:typography|v:body,default,left,span">Apple</span></td>
</tr>
<tr>
<td><span class="Fractal-Typography--base Fractal-Typography__typography--body Fractal-Typography__typography--default Fractal-Typography__typography--left " data-fractalds="t:a|n:typography|v:body,default,left,span">Compatibilidad</span></td>
<td><span class="Fractal-Typography--base Fractal-Typography__typography--body Fractal-Typography__typography--default Fractal-Typography__typography--left " data-fractalds="t:a|n:typography|v:body,default,left,span">iPhone 15 Pro</span></td>
</tr>
<tr>
<td><span class="Fractal-Typography--base Fractal-Typography__typography--body Fractal-Typography__typography--default Fractal-Typography__typography--left " data-fractalds="t:a|n:typography|v:body,default,left,span">Coloración de superficie</span></td>
<td><span class="Fractal-Typography--base Fractal-Typography__typography--body Fractal-Typography__typography--default Fractal-Typography__typography--left " data-fractalds="t:a|n:typography|v:body,default,left,span">Monocromo</span></td>
</tr>
<tr>
<td><span class="Fractal-Typography--base Fractal-Typography__typography--body Fractal-Typography__typography--default Fractal-Typography__typography--left " data-fractalds="t:a|n:typography|v:body,default,left,span">Compatible con MagSafe</span></td>
<td><span class="Fractal-Typography--base Fractal-Typography__typography--body Fractal-Typography__typography--default Fractal-Typography__typography--left " data-fractalds="t:a|n:typography|v:body,default,left,span">Si</span></td>
</tr>
<tr>
<td><span class="Fractal-Typography--base Fractal-Typography__typography--body Fractal-Typography__typography--default Fractal-Typography__typography--left " data-fractalds="t:a|n:typography|v:body,default,left,span">Funciones de protección</span></td>
<td><span class="Fractal-Typography--base Fractal-Typography__typography--body Fractal-Typography__typography--default Fractal-Typography__typography--left " data-fractalds="t:a|n:typography|v:body,default,left,span">Antibacteriano, Resistente a los golpes, Protección contra caídas, Resistente a golpes</span></td>
</tr>
</tbody>
</table>

<p><strong>Características</strong></p>
<ul>
<li>Tamaño máximo de pantalla: 15,5 cm (6,1&#8243;)</li>
<li>Tipo de funda Funda</li>
<li>Material: Metal, Microfibra, Poliuretano, Silicona</li>
<li>Color del producto: Lavanda</li>
<li>Compatibilidad de marca: Apple</li>
<li>Compatibilidad: iPhone 15 Pro</li>
<li>Coloración de la superficie: Monocromática</li>
<li>Compatible con MagSafe: Sí</li>
<li>Características de protección: Antibacterias, Resistente a golpes, A prueba de caídas, Resistente a golpes</li>
<li>A prueba de caídas hasta 1.2 m</li>
<li>Carga inalámbrica: Sí</li>
</ul>
