{"id":16079,"date":"2024-10-16T22:53:16","date_gmt":"2024-10-17T01:53:16","guid":{"rendered":"https:\/\/jobstore.cl\/?post_type=product&#038;p=16079"},"modified":"2025-01-20T10:41:58","modified_gmt":"2025-01-20T13:41:58","slug":"carcasa-plastico-clear-case-iphone-11-decoded-transparente","status":"publish","type":"product","link":"https:\/\/jobstore.cl\/index.php\/product\/carcasa-plastico-clear-case-iphone-11-decoded-transparente\/","title":{"rendered":"CARCASA PLASTICO CLEAR CASE IPHONE 11 DECODED TRANSPARENTE"},"content":{"rendered":"<div class=\"jsx-2247763159 mkp-headerContainer\"><span class=\"jsx-2247763159\">Especificaciones<\/span><\/div>\n<div class=\"jsx-2247763159 bodyContainer\">\n<table class=\"jsx-960159652 specification-table \" style=\"height: 130px;\" width=\"677\">\n<tbody class=\"jsx-960159652\">\n<tr class=\"jsx-960159652\">\n<td class=\"jsx-960159652 property-name\">Condicion del producto<\/td>\n<td class=\"jsx-960159652 property-value\">Nuevo<\/td>\n<\/tr>\n<tr class=\"jsx-960159652\">\n<td class=\"jsx-960159652 property-name\">Modelo<\/td>\n<td class=\"jsx-960159652 property-value\">D22IPO11CC1TT<\/td>\n<\/tr>\n<tr class=\"jsx-960159652\">\n<td class=\"jsx-960159652 property-name\">Dimensiones<\/td>\n<td class=\"jsx-960159652 property-value\">2x9x17 CM<\/td>\n<\/tr>\n<tr class=\"jsx-960159652\">\n<td class=\"jsx-960159652 property-name\">Material<\/td>\n<td class=\"jsx-960159652 property-value\">Policarbonato<\/td>\n<\/tr>\n<\/tbody>\n<\/table>\n<\/div>\n","protected":false},"excerpt":{"rendered":"<div class=\"jsx-2247763159 mkp-headerContainer\"><span class=\"jsx-2247763159\">Informaci\u00f3n adicional<\/span><\/div>\n<div class=\"jsx-2247763159 bodyContainer\">\n<div class=\"fb-product-information__product-information-tab\">\n<div class=\"fb-product-information-tab__copy\">Protege comodamente tu tel\u00e9fono con la funda Clear Case de Decoded. Su dise\u00f1o absorbe y disipa los impactos y rayones en los cuatro costados y se ajusta perfectamente a los contornos de tu tel\u00e9fono<\/p>\n<p>Dise\u00f1o delgado<br \/>\nAbsorbe impactos y rayones en los cuatro costados<\/p><\/div>\n<\/div>\n<\/div>\n","protected":false},"featured_media":16072,"comment_status":"open","ping_status":"closed","template":"","meta":{"_joinchat":[]},"product_cat":[192,376,279,385],"product_tag":[],"class_list":{"0":"post-16079","1":"product","2":"type-product","3":"status-publish","4":"has-post-thumbnail","6":"product_cat-accesorios","7":"product_cat-carcasas","8":"product_cat-accesorios-iphone","9":"product_cat-iphone-11","11":"first","12":"instock","13":"sale","14":"shipping-taxable","15":"purchasable","16":"product-type-simple"},"_links":{"self":[{"href":"https:\/\/jobstore.cl\/index.php\/wp-json\/wp\/v2\/product\/16079","targetHints":{"allow":["GET"]}}],"collection":[{"href":"https:\/\/jobstore.cl\/index.php\/wp-json\/wp\/v2\/product"}],"about":[{"href":"https:\/\/jobstore.cl\/index.php\/wp-json\/wp\/v2\/types\/product"}],"replies":[{"embeddable":true,"href":"https:\/\/jobstore.cl\/index.php\/wp-json\/wp\/v2\/comments?post=16079"}],"version-history":[{"count":1,"href":"https:\/\/jobstore.cl\/index.php\/wp-json\/wp\/v2\/product\/16079\/revisions"}],"predecessor-version":[{"id":16080,"href":"https:\/\/jobstore.cl\/index.php\/wp-json\/wp\/v2\/product\/16079\/revisions\/16080"}],"wp:featuredmedia":[{"embeddable":true,"href":"https:\/\/jobstore.cl\/index.php\/wp-json\/wp\/v2\/media\/16072"}],"wp:attachment":[{"href":"https:\/\/jobstore.cl\/index.php\/wp-json\/wp\/v2\/media?parent=16079"}],"wp:term":[{"taxonomy":"product_cat","embeddable":true,"href":"https:\/\/jobstore.cl\/index.php\/wp-json\/wp\/v2\/product_cat?post=16079"},{"taxonomy":"product_tag","embeddable":true,"href":"https:\/\/jobstore.cl\/index.php\/wp-json\/wp\/v2\/product_tag?post=16079"}],"curies":[{"name":"wp","href":"https:\/\/api.w.org\/{rel}","templated":true}]}}