{"id":16063,"date":"2024-10-16T12:50:43","date_gmt":"2024-10-16T15:50:43","guid":{"rendered":"https:\/\/jobstore.cl\/?post_type=product&#038;p=16063"},"modified":"2024-10-16T13:03:03","modified_gmt":"2024-10-16T16:03:03","slug":"carcasa-silicona-iphone-11","status":"publish","type":"product","link":"https:\/\/jobstore.cl\/index.php\/product\/carcasa-silicona-iphone-11\/","title":{"rendered":"CARCASA SILICONA IPHONE 11"},"content":{"rendered":"<h3 class=\"ui-vpp-striped-specs__header\">Caracter\u00edsticas principales<\/h3>\n<table class=\"andes-table\" style=\"height: 104px;\" width=\"518\">\n<tbody class=\"andes-table__body\">\n<tr class=\"andes-table__row ui-vpp-striped-specs__row\">\n<th class=\"andes-table__header andes-table__header--left ui-vpp-striped-specs__row__column ui-vpp-striped-specs__row__column--id\" scope=\"row\">\n<div class=\"andes-table__header__container\">Marca de la funda<\/div>\n<\/th>\n<td id=\":Rknlbkql9im:\" class=\"andes-table__column andes-table__column--left andes-table__column--vertical-align-center ui-vpp-striped-specs__row__column\"><span id=\":Rknlbkql9im:-value\" class=\"andes-table__column--value\">Decoded<\/span><\/td>\n<\/tr>\n<tr class=\"andes-table__row ui-vpp-striped-specs__row\">\n<th class=\"andes-table__header andes-table__header--left ui-vpp-striped-specs__row__column ui-vpp-striped-specs__row__column--id\" scope=\"row\">\n<div class=\"andes-table__header__container\">Modelo de la carcasa<\/div>\n<\/th>\n<td id=\":Rkrlbkql9im:\" class=\"andes-table__column andes-table__column--left andes-table__column--vertical-align-center ui-vpp-striped-specs__row__column\"><span id=\":Rkrlbkql9im:-value\" class=\"andes-table__column--value\">D21IPO11BC7SCL<\/span><\/td>\n<\/tr>\n<tr class=\"andes-table__row ui-vpp-striped-specs__row\">\n<th class=\"andes-table__header andes-table__header--left ui-vpp-striped-specs__row__column ui-vpp-striped-specs__row__column--id\" scope=\"row\">\n<div class=\"andes-table__header__container\">Celular compatible<\/div>\n<\/th>\n<td id=\":Rkvlbkql9im:\" class=\"andes-table__column andes-table__column--left andes-table__column--vertical-align-center ui-vpp-striped-specs__row__column\"><span id=\":Rkvlbkql9im:-value\" class=\"andes-table__column--value\">iPhone 11<\/span><\/td>\n<\/tr>\n<\/tbody>\n<\/table>\n<p>&nbsp;<\/p>\n","protected":false},"excerpt":{"rendered":"<p>La funda Back Cover de Decoded est\u00e1 hecha con silicona de alto rendimiento y asegura un buen agarre con una textura suave como la seda. Ha sido dise\u00f1ada para proteger tu iPhone de golpes y ca\u00eddas y tiene un bisel elevado para ayudar a evitar rayones en la pantalla. Hecha para una protecci\u00f3n m\u00e1xima, tiene una parte inferior completamente cubierta que asegura un ajuste firme.<\/p>\n<p>Hecha de silicona de alto rendimiento para un mejor agarre<br \/>\nBisel levantado ayuda a evitar rayones<br \/>\nCubre completamente la parte inferior para un ajuste firme<br \/>\nCompatible con cargadores inal\u00e1mbricos<br \/>\nForro interior de microfibra<\/p>\n<p>Compatibilidad<br \/>\niPhone 11<\/p>\n","protected":false},"featured_media":16070,"comment_status":"open","ping_status":"closed","template":"","meta":{"_joinchat":[]},"product_cat":[192,385],"product_tag":[],"class_list":{"0":"post-16063","1":"product","2":"type-product","3":"status-publish","4":"has-post-thumbnail","6":"product_cat-accesorios","7":"product_cat-iphone-11","9":"first","10":"instock","11":"sale","12":"shipping-taxable","13":"purchasable","14":"product-type-simple"},"_links":{"self":[{"href":"https:\/\/jobstore.cl\/index.php\/wp-json\/wp\/v2\/product\/16063","targetHints":{"allow":["GET"]}}],"collection":[{"href":"https:\/\/jobstore.cl\/index.php\/wp-json\/wp\/v2\/product"}],"about":[{"href":"https:\/\/jobstore.cl\/index.php\/wp-json\/wp\/v2\/types\/product"}],"replies":[{"embeddable":true,"href":"https:\/\/jobstore.cl\/index.php\/wp-json\/wp\/v2\/comments?post=16063"}],"version-history":[{"count":1,"href":"https:\/\/jobstore.cl\/index.php\/wp-json\/wp\/v2\/product\/16063\/revisions"}],"predecessor-version":[{"id":16066,"href":"https:\/\/jobstore.cl\/index.php\/wp-json\/wp\/v2\/product\/16063\/revisions\/16066"}],"wp:featuredmedia":[{"embeddable":true,"href":"https:\/\/jobstore.cl\/index.php\/wp-json\/wp\/v2\/media\/16070"}],"wp:attachment":[{"href":"https:\/\/jobstore.cl\/index.php\/wp-json\/wp\/v2\/media?parent=16063"}],"wp:term":[{"taxonomy":"product_cat","embeddable":true,"href":"https:\/\/jobstore.cl\/index.php\/wp-json\/wp\/v2\/product_cat?post=16063"},{"taxonomy":"product_tag","embeddable":true,"href":"https:\/\/jobstore.cl\/index.php\/wp-json\/wp\/v2\/product_tag?post=16063"}],"curies":[{"name":"wp","href":"https:\/\/api.w.org\/{rel}","templated":true}]}}