{"id":15289,"date":"2024-04-19T13:35:02","date_gmt":"2024-04-19T16:35:02","guid":{"rendered":"https:\/\/jobstore.cl\/?post_type=product&#038;p=15289"},"modified":"2024-08-08T11:10:12","modified_gmt":"2024-08-08T14:10:12","slug":"vidrio-templado-ipad-10-9-2022-gen-screen-pro-para-ipad-10a-gen","status":"publish","type":"product","link":"https:\/\/jobstore.cl\/index.php\/product\/vidrio-templado-ipad-10-9-2022-gen-screen-pro-para-ipad-10a-gen\/","title":{"rendered":"Vidrio templado  iPad 10.9 (2022) gen Screen pro + Para: iPad 10\u00aa Gen. \/"},"content":{"rendered":"<p>Protecci\u00f3n de la Pantalla del iPad<\/p>\n<p>Con Glass Screen Pro para iPad, es f\u00e1cil mantener la pantalla protegida en caso de rallas o impactos, Screen Pro proporciona protecci\u00f3n resistente y duradera para la pantalla de su iPad. Mantiene las propiedades del multitouch y conserva el brillo, la nitidez y la claridad que necesitas de tu iPad. Es compatible con Apple Pencil.<\/p>\n<p><strong>PROTECCI\u00d3N CONTRA ARA\u00d1AZOS E IMPACTOS<\/strong><\/p>\n<p>Fabricada con cristal templado de primera calidad, la pantalla de su iPad siempre tendr\u00e1 una protecci\u00f3n adicional contra impactos con una mayor resistencia a ara\u00f1azos y rozaduras. Tambi\u00e9n lo sometemos a rigurosas pruebas para proteger la pantalla de da\u00f1os superficiales provocados por el contacto con objetos met\u00e1licos duros, como llaves y monedas. Las pruebas han demostrado que tiene una dureza de 9H.<\/p>\n<p>\u00a0<\/p>\n<p><strong>COMPATIBLE CON APPLE PENCIL Y FUNDAS APPLE<\/strong><\/p>\n<p>Con Screen Pro obtendr\u00e1s de gran capacidad de respuesta y perfecta precisi\u00f3n en el uso de tu iPad con Apple Pencil, podr\u00e1s disfrutar de la libertad de usar tu Apple Pencil ; compatibles con la mayor\u00eda de las fundas de Apple para una protecci\u00f3n integral.<\/p>\n<p><strong>PRINCIPALES CARACTER\u00cdSTICAS Y VENTAJAS<\/strong><\/p>\n<ul>\n<li>Sensaci\u00f3n t\u00e1ctil natural.<\/li>\n<li>Resistencia 9H para resistir ara\u00f1azos, rozaduras e impactos.<\/li>\n<li>La claridad cristalina mantiene los v\u00eddeos y las fotos perfectos como p\u00edxeles<\/li>\n<li>Compatible con fundas para una protecci\u00f3n total<\/li>\n<li>Compatible con Apple Pencil que te permite tomar notas, pintar o dise\u00f1ar sin problemas<\/li>\n<\/ul>\n<p>Nota: Este accesorio no impide un da\u00f1o accidental mayor, siempre debes cuidar tu equipo y evitar golpes o ca\u00eddas de la unidad.<\/p>\n","protected":false},"excerpt":{"rendered":"<p>Protecci\u00f3n de la Pantalla del iPad Con Glass Screen Pro para iPad, es f\u00e1cil mantener la pantalla protegida en caso de rallas o impactos, Screen Pro<span class=\"excerpt-hellip\"> [\u2026]<\/span><\/p>\n","protected":false},"featured_media":15291,"comment_status":"open","ping_status":"closed","template":"","meta":{"_joinchat":[]},"product_cat":[192,283,189,611],"product_tag":[605,606],"class_list":{"0":"post-15289","1":"product","2":"type-product","3":"status-publish","4":"has-post-thumbnail","6":"product_brand-dotfes","7":"product_cat-accesorios","8":"product_cat-accesorios-ipad","9":"product_cat-ipad","10":"product_cat-tempered-glass","11":"product_tag-lamina-templada-ipad-10o","12":"product_tag-protector-ipad-10ogen","14":"first","15":"instock","16":"shipping-taxable","17":"purchasable","18":"product-type-simple"},"_links":{"self":[{"href":"https:\/\/jobstore.cl\/index.php\/wp-json\/wp\/v2\/product\/15289","targetHints":{"allow":["GET"]}}],"collection":[{"href":"https:\/\/jobstore.cl\/index.php\/wp-json\/wp\/v2\/product"}],"about":[{"href":"https:\/\/jobstore.cl\/index.php\/wp-json\/wp\/v2\/types\/product"}],"replies":[{"embeddable":true,"href":"https:\/\/jobstore.cl\/index.php\/wp-json\/wp\/v2\/comments?post=15289"}],"version-history":[{"count":1,"href":"https:\/\/jobstore.cl\/index.php\/wp-json\/wp\/v2\/product\/15289\/revisions"}],"predecessor-version":[{"id":15292,"href":"https:\/\/jobstore.cl\/index.php\/wp-json\/wp\/v2\/product\/15289\/revisions\/15292"}],"wp:featuredmedia":[{"embeddable":true,"href":"https:\/\/jobstore.cl\/index.php\/wp-json\/wp\/v2\/media\/15291"}],"wp:attachment":[{"href":"https:\/\/jobstore.cl\/index.php\/wp-json\/wp\/v2\/media?parent=15289"}],"wp:term":[{"taxonomy":"product_cat","embeddable":true,"href":"https:\/\/jobstore.cl\/index.php\/wp-json\/wp\/v2\/product_cat?post=15289"},{"taxonomy":"product_tag","embeddable":true,"href":"https:\/\/jobstore.cl\/index.php\/wp-json\/wp\/v2\/product_tag?post=15289"}],"curies":[{"name":"wp","href":"https:\/\/api.w.org\/{rel}","templated":true}]}}

Vidrio templado  iPad 10.9 (2022) gen Screen pro + Para: iPad 10ª Gen. /

<p>Protección de la Pantalla del iPad</p>
<p>Con Glass Screen Pro para iPad, es fácil mantener la pantalla protegida en caso de rallas o impactos, Screen Pro proporciona protección resistente y duradera para la pantalla de su iPad. Mantiene las propiedades del multitouch y conserva el brillo, la nitidez y la claridad que necesitas de tu iPad. Es compatible con Apple Pencil.</p>
<p><strong>PROTECCIÓN CONTRA ARAÑAZOS E IMPACTOS</strong></p>
<p>Fabricada con cristal templado de primera calidad, la pantalla de su iPad siempre tendrá una protección adicional contra impactos con una mayor resistencia a arañazos y rozaduras. También lo sometemos a rigurosas pruebas para proteger la pantalla de daños superficiales provocados por el contacto con objetos metálicos duros, como llaves y monedas. Las pruebas han demostrado que tiene una dureza de 9H.</p>
<p> </p>
<p><strong>COMPATIBLE CON APPLE PENCIL Y FUNDAS APPLE</strong></p>
<p>Con Screen Pro obtendrás de gran capacidad de respuesta y perfecta precisión en el uso de tu iPad con Apple Pencil, podrás disfrutar de la libertad de usar tu Apple Pencil ; compatibles con la mayoría de las fundas de Apple para una protección integral.</p>
<p><strong>PRINCIPALES CARACTERÍSTICAS Y VENTAJAS</strong></p>
<ul>
<li>Sensación táctil natural.</li>
<li>Resistencia 9H para resistir arañazos, rozaduras e impactos.</li>
<li>La claridad cristalina mantiene los vídeos y las fotos perfectos como píxeles</li>
<li>Compatible con fundas para una protección total</li>
<li>Compatible con Apple Pencil que te permite tomar notas, pintar o diseñar sin problemas</li>
</ul>
<p>Nota: Este accesorio no impide un daño accidental mayor, siempre debes cuidar tu equipo y evitar golpes o caídas de la unidad.</p>

<p>Protección de la Pantalla del iPad Con Glass Screen Pro para iPad, es fácil mantener la pantalla protegida en caso de rallas o impactos, Screen Pro<span class="excerpt-hellip"> […]</span></p>
