{"id":15018,"date":"2023-12-23T11:37:26","date_gmt":"2023-12-23T14:37:26","guid":{"rendered":"https:\/\/jobstore.cl\/?post_type=product&#038;p=15018"},"modified":"2024-03-15T10:11:04","modified_gmt":"2024-03-15T13:11:04","slug":"funda-con-magsafe-iphone-15-pro-max-gear4-negro","status":"publish","type":"product","link":"https:\/\/jobstore.cl\/index.php\/product\/funda-con-magsafe-iphone-15-pro-max-gear4-negro\/","title":{"rendered":"Funda con Magsafe iPhone 15 Pro Max Gear4 Negro"},"content":{"rendered":"<div class=\"page\" title=\"Page 1\">\n<div class=\"section\">\n<div class=\"layoutArea\">\n<div class=\"column\">\n<p>Funda dura Santa Cruz con Magsafe para 3 iPhone 15 Pro Max Gear4 Negro<\/p>\n<\/div>\n<p>La vibra en Santa Cruz, California es divertida, libre y de disfrute. Lo que ves es lo que obtienes, y esto define perfectamente a la funda Santa Cruz Snap. Esta funda compatible con MagSafe tiene una superficie transparente y resistente a las rayaduras y los toques de color le dan una onda divertida y elegante. Santa Cruz Snap contiene grafeno, uno de los materiales m\u00e1s fuertes del mundo. Sin embargo, debido a que el grafeno es asombrosamente ligero, este estuche conserva su sensaci\u00f3n ligera y se desliza f\u00e1cilmente en su bolsillo. Santa Cruz Snap est\u00e1 hecho con un 74% de contenido reciclado<sup>2<\/sup>, por lo que es una protecci\u00f3n con la que puedes sentirte tranquilo.<\/p>\n<ul>\n<li>Protecci\u00f3n contra ca\u00eddas de 4 m: Santa Cruz Snap ha sido testeado y probado para proteger tu tel\u00e9fono de ca\u00eddas de hasta 4 metros<sup>1<\/sup>.<\/li>\n<li>Reforzado con Grafeno: El grafeno es m\u00e1s duro que un diamante, pero m\u00e1s el\u00e1stico que el caucho, y hasta 200 veces m\u00e1s fuerte que el acero.<\/li>\n<li>Compatible con MagSafe: Santa Cruz Snap es compatible con MagSafe y funciona con la mayor\u00eda de los cargadores compatibles inal\u00e1mbricos.<\/li>\n<li>74% de Contenidos Reciclados<sup>2<\/sup>: Santa Cruz Snap contiene hasta un 74% de productos reciclados post-consumo.<\/li>\n<li>Dise\u00f1o Delgado y Liviano: El dise\u00f1o delgado y liviano cabe f\u00e1cilmente en tu bolsillo y c\u00f3modamente en tu mano.<\/li>\n<li>Acentos de Color: La funda transparente Santa Cruz Snap tiene una vibra divertido y elegante con color inyectado en los bordes de la funda, el borde de la c\u00e1mara y magneto snap.<\/li>\n<li>Agarre Mejorado: Los bordes de la funda cuentan con una textura para un mejor agarre y una sujeci\u00f3n segura.<\/li>\n<li>Tratamiento Antimicrobiano: Santa Cruz Snap contiene un agente antimicrobiano con propiedades intr\u00ednsecas para proteger su funda al inhibir el crecimiento de bacterias que causan malos olores y proteger contra la degradaci\u00f3n de microorganismos.<\/li>\n<\/ul>\n<p>&nbsp;<\/p>\n<ol>\n<li>Mil Std 810G 516.<\/li>\n<li>El contenido de material reciclado es verificado por un tercero independiente.<\/li>\n<\/ol>\n<\/div>\n<\/div>\n<\/div>\n","protected":false},"excerpt":{"rendered":"<table>\n<tbody>\n<tr>\n<td><strong>Dimensiones<\/strong><\/td>\n<td>1,5 x 7,6 x\u00a015,2 cm<\/p>\n<p>39 g<\/p>\n<p>&nbsp;<\/td>\n<\/tr>\n<tr>\n<td><strong>Material<\/strong><\/td>\n<td>Grafeno, Pol\u00edmero, Policarbonato, Poliuretano termopl\u00e1stico<\/p>\n<p>&nbsp;<\/td>\n<\/tr>\n<tr>\n<td><strong>Compatibilidad<\/strong><\/td>\n<td>iPhone 15<\/p>\n<p>iPhone 14<\/p>\n<p>iPhone 13<\/p>\n<p>&nbsp;<\/td>\n<\/tr>\n<tr>\n<td><strong>Pa\u00eds de origen<\/strong><\/td>\n<td>China<\/p>\n<p>&nbsp;<\/td>\n<\/tr>\n<\/tbody>\n<\/table>\n","protected":false},"featured_media":15020,"comment_status":"open","ping_status":"closed","template":"","meta":{"_joinchat":[]},"product_cat":[192,280],"product_tag":[],"class_list":{"0":"post-15018","1":"product","2":"type-product","3":"status-publish","4":"has-post-thumbnail","6":"product_brand-zagg","7":"product_cat-accesorios","8":"product_cat-accesorios-iphone-accesorios-iphone","10":"first","11":"outofstock","12":"sale","13":"shipping-taxable","14":"purchasable","15":"product-type-simple"},"_links":{"self":[{"href":"https:\/\/jobstore.cl\/index.php\/wp-json\/wp\/v2\/product\/15018","targetHints":{"allow":["GET"]}}],"collection":[{"href":"https:\/\/jobstore.cl\/index.php\/wp-json\/wp\/v2\/product"}],"about":[{"href":"https:\/\/jobstore.cl\/index.php\/wp-json\/wp\/v2\/types\/product"}],"replies":[{"embeddable":true,"href":"https:\/\/jobstore.cl\/index.php\/wp-json\/wp\/v2\/comments?post=15018"}],"version-history":[{"count":1,"href":"https:\/\/jobstore.cl\/index.php\/wp-json\/wp\/v2\/product\/15018\/revisions"}],"predecessor-version":[{"id":15028,"href":"https:\/\/jobstore.cl\/index.php\/wp-json\/wp\/v2\/product\/15018\/revisions\/15028"}],"wp:featuredmedia":[{"embeddable":true,"href":"https:\/\/jobstore.cl\/index.php\/wp-json\/wp\/v2\/media\/15020"}],"wp:attachment":[{"href":"https:\/\/jobstore.cl\/index.php\/wp-json\/wp\/v2\/media?parent=15018"}],"wp:term":[{"taxonomy":"product_cat","embeddable":true,"href":"https:\/\/jobstore.cl\/index.php\/wp-json\/wp\/v2\/product_cat?post=15018"},{"taxonomy":"product_tag","embeddable":true,"href":"https:\/\/jobstore.cl\/index.php\/wp-json\/wp\/v2\/product_tag?post=15018"}],"curies":[{"name":"wp","href":"https:\/\/api.w.org\/{rel}","templated":true}]}}