{"id":14948,"date":"2023-11-14T13:06:21","date_gmt":"2023-11-14T16:06:21","guid":{"rendered":"https:\/\/jobstore.cl\/?post_type=product&#038;p=14948"},"modified":"2025-05-29T12:16:17","modified_gmt":"2025-05-29T15:16:17","slug":"apple-watch-band","status":"publish","type":"product","link":"https:\/\/jobstore.cl\/index.php\/product\/apple-watch-band\/","title":{"rendered":"Apple Watch Band"},"content":{"rendered":"<p>Correa de Nylon elasticado ajustable modelo Sea Blue \u00a0para Apple Watch 38mm.<\/p>\n<p><strong>Nota: Imagen de referencia, no incluye Apple Watch<\/strong><\/p>\n","protected":false},"excerpt":{"rendered":"<p>Correa de Nylon elasticado ajustable modelo Sea Blue \u00a0para Apple Watch 38mm.<\/p>\n<p>El material elasticado de Nylon \u00a0de alta resistencia y atractivo \u00fanico, te permitir\u00e1 disfrutar del dise\u00f1o colorido y confortable.<\/p>\n<p>Especialmente desarrollado para Apple Watch, con bandas compatibles y ajustables.<\/p>\n<p>Nota: Apple Watch no incluido.<\/p>\n","protected":false},"featured_media":14949,"comment_status":"open","ping_status":"closed","template":"","meta":{"_joinchat":[]},"product_cat":[69],"product_tag":[],"class_list":{"0":"post-14948","1":"product","2":"type-product","3":"status-publish","4":"has-post-thumbnail","6":"product_cat-mac","8":"first","9":"instock","10":"sale","11":"shipping-taxable","12":"purchasable","13":"product-type-simple"},"_links":{"self":[{"href":"https:\/\/jobstore.cl\/index.php\/wp-json\/wp\/v2\/product\/14948","targetHints":{"allow":["GET"]}}],"collection":[{"href":"https:\/\/jobstore.cl\/index.php\/wp-json\/wp\/v2\/product"}],"about":[{"href":"https:\/\/jobstore.cl\/index.php\/wp-json\/wp\/v2\/types\/product"}],"replies":[{"embeddable":true,"href":"https:\/\/jobstore.cl\/index.php\/wp-json\/wp\/v2\/comments?post=14948"}],"version-history":[{"count":3,"href":"https:\/\/jobstore.cl\/index.php\/wp-json\/wp\/v2\/product\/14948\/revisions"}],"predecessor-version":[{"id":14952,"href":"https:\/\/jobstore.cl\/index.php\/wp-json\/wp\/v2\/product\/14948\/revisions\/14952"}],"wp:featuredmedia":[{"embeddable":true,"href":"https:\/\/jobstore.cl\/index.php\/wp-json\/wp\/v2\/media\/14949"}],"wp:attachment":[{"href":"https:\/\/jobstore.cl\/index.php\/wp-json\/wp\/v2\/media?parent=14948"}],"wp:term":[{"taxonomy":"product_cat","embeddable":true,"href":"https:\/\/jobstore.cl\/index.php\/wp-json\/wp\/v2\/product_cat?post=14948"},{"taxonomy":"product_tag","embeddable":true,"href":"https:\/\/jobstore.cl\/index.php\/wp-json\/wp\/v2\/product_tag?post=14948"}],"curies":[{"name":"wp","href":"https:\/\/api.w.org\/{rel}","templated":true}]}}