{"id":5445,"date":"2021-12-22T08:53:37","date_gmt":"2021-12-22T11:53:37","guid":{"rendered":"https:\/\/jobstore.cl\/?page_id=5445"},"modified":"2022-10-06T15:40:01","modified_gmt":"2022-10-06T18:40:01","slug":"formulario-para-despacho","status":"publish","type":"page","link":"https:\/\/jobstore.cl\/index.php\/formulario-para-despacho\/","title":{"rendered":"Despacho de equipos por Courrier"},"content":{"rendered":"\t\t<div data-elementor-type=\"wp-page\" data-elementor-id=\"5445\" class=\"elementor elementor-5445\" data-elementor-post-type=\"page\">\n\t\t\t\t\t\t<section class=\"elementor-section elementor-top-section elementor-element elementor-element-71de0d45 elementor-section-boxed elementor-section-height-default elementor-section-height-default\" data-id=\"71de0d45\" data-element_type=\"section\" data-e-type=\"section\" data-settings=\"{&quot;ekit_has_onepagescroll_dot&quot;:&quot;yes&quot;}\">\n\t\t\t\t\t\t<div class=\"elementor-container elementor-column-gap-default\">\n\t\t\t\t\t<div class=\"elementor-column elementor-col-100 elementor-top-column elementor-element elementor-element-2ad3789e\" data-id=\"2ad3789e\" data-element_type=\"column\" data-e-type=\"column\">\n\t\t\t<div class=\"elementor-widget-wrap elementor-element-populated\">\n\t\t\t\t\t\t<div class=\"elementor-element elementor-element-9420ebc elementor-widget elementor-widget-heading\" data-id=\"9420ebc\" data-element_type=\"widget\" data-e-type=\"widget\" data-settings=\"{&quot;ekit_we_effect_on&quot;:&quot;none&quot;}\" data-widget_type=\"heading.default\">\n\t\t\t\t<div class=\"elementor-widget-container\">\n\t\t\t\t\t<h2 class=\"elementor-heading-title elementor-size-default\">\u00bf Necesitas servicio t\u00e9cnico <br>y estas lejos  ?<\/h2>\t\t\t\t<\/div>\n\t\t\t\t<\/div>\n\t\t\t\t<div class=\"elementor-element elementor-element-ca734f6 elementor-position-top elementor-widget elementor-widget-image-box\" data-id=\"ca734f6\" data-element_type=\"widget\" data-e-type=\"widget\" data-settings=\"{&quot;ekit_we_effect_on&quot;:&quot;none&quot;}\" data-widget_type=\"image-box.default\">\n\t\t\t\t<div class=\"elementor-widget-container\">\n\t\t\t\t\t<div class=\"elementor-image-box-wrapper\"><figure class=\"elementor-image-box-img\"><img fetchpriority=\"high\" decoding=\"async\" width=\"1000\" height=\"833\" src=\"https:\/\/jobstore.cl\/wp-content\/uploads\/2022\/10\/box_291281267_1000.jpg\" class=\"elementor-animation-shrink attachment-full size-full wp-image-10436\" alt=\"\" srcset=\"https:\/\/jobstore.cl\/wp-content\/uploads\/2022\/10\/box_291281267_1000.jpg 1000w, https:\/\/jobstore.cl\/wp-content\/uploads\/2022\/10\/box_291281267_1000-800x666.jpg 800w, https:\/\/jobstore.cl\/wp-content\/uploads\/2022\/10\/box_291281267_1000-64x53.jpg 64w, https:\/\/jobstore.cl\/wp-content\/uploads\/2022\/10\/box_291281267_1000-300x250.jpg 300w, https:\/\/jobstore.cl\/wp-content\/uploads\/2022\/10\/box_291281267_1000-768x640.jpg 768w\" sizes=\"(max-width: 1000px) 100vw, 1000px\" \/><\/figure><div class=\"elementor-image-box-content\"><p class=\"elementor-image-box-description\">Env\u00edanos tu equipo por courrier \n<br> desde cualquier parte de Chile<\/p><\/div><\/div>\t\t\t\t<\/div>\n\t\t\t\t<\/div>\n\t\t\t\t<div class=\"elementor-element elementor-element-05235aa elementor-widget elementor-widget-spacer\" data-id=\"05235aa\" data-element_type=\"widget\" data-e-type=\"widget\" data-settings=\"{&quot;ekit_we_effect_on&quot;:&quot;none&quot;}\" data-widget_type=\"spacer.default\">\n\t\t\t\t<div class=\"elementor-widget-container\">\n\t\t\t\t\t\t\t<div class=\"elementor-spacer\">\n\t\t\t<div class=\"elementor-spacer-inner\"><\/div>\n\t\t<\/div>\n\t\t\t\t\t\t<\/div>\n\t\t\t\t<\/div>\n\t\t\t\t<div class=\"elementor-element elementor-element-5dcc3f6 elementor-widget elementor-widget-text-editor\" data-id=\"5dcc3f6\" data-element_type=\"widget\" data-e-type=\"widget\" data-settings=\"{&quot;ekit_we_effect_on&quot;:&quot;none&quot;}\" data-widget_type=\"text-editor.default\">\n\t\t\t\t<div class=\"elementor-widget-container\">\n\t\t\t\t\t\t\t\t\t<p><b class=\"\">De la noche a la ma\u00f1ana, el COVID-19 ha puesto a prueba al mundo y nuestra forma de vida.\u00a0<\/b><\/p>\n<p>Es por esto y para acercar nuestra tienda a todos los rincones de Chile, que hemos desarrollado el sistema de reparaci\u00f3n por courrier. Simplemente llena el formulario adjunto y env\u00edanos tu producto desde cualquier lugar de Chile y lo regresaremos por el mismo medio reparado. Actualmente trabajamos con El Courrier Chilexpress, enviamos los productos por pagar y con seguro por da\u00f1os a la agencia mas cercana a tu domicilio\u00a0<\/p>\n<p>\u00a0<\/p>\n<p><em><strong>\u00a0(Los costos de despacho deben ser cancelados por el cliente,\u00a0adicionalmente solicitamos revisar detenidamente la documentaci\u00f3n adjunta.)<\/strong><\/em><\/p>\t\t\t\t\t\t\t\t<\/div>\n\t\t\t\t<\/div>\n\t\t\t\t<div class=\"elementor-element elementor-element-a7e6821 elementor-widget elementor-widget-spacer\" data-id=\"a7e6821\" data-element_type=\"widget\" data-e-type=\"widget\" data-settings=\"{&quot;ekit_we_effect_on&quot;:&quot;none&quot;}\" data-widget_type=\"spacer.default\">\n\t\t\t\t<div class=\"elementor-widget-container\">\n\t\t\t\t\t\t\t<div class=\"elementor-spacer\">\n\t\t\t<div class=\"elementor-spacer-inner\"><\/div>\n\t\t<\/div>\n\t\t\t\t\t\t<\/div>\n\t\t\t\t<\/div>\n\t\t\t\t<div class=\"elementor-element elementor-element-72a5f27 elementor-widget elementor-widget-elementskit-creative-button\" data-id=\"72a5f27\" data-element_type=\"widget\" data-e-type=\"widget\" data-settings=\"{&quot;ekit_we_effect_on&quot;:&quot;none&quot;}\" data-widget_type=\"elementskit-creative-button.default\">\n\t\t\t\t<div class=\"elementor-widget-container\">\n\t\t\t\t\t<div class=\"ekit-wid-con\" >\t\t<div class=\"ekit-btn-wraper\">\n\t\t\t\t\t\t\t\t<a href=\"https:\/\/jobstore.cl\/index.php\/formulario-2\/\" class=\"ekit_creative_button ekit_slide_bg ekit_slide_in_line\" id=\"\" style=\"flex-direction: row-reverse;\" data-text=\"\">\n\t\t\t\t\t\t<span class=\"ekit_creative_button_icon_wrapper\">\n\t\t\t\t\t\t<i aria-hidden=\"true\" class=\"ekit_creative_button_icon_before fas fa-mail-bulk\"><\/i>\t\t\t\t\t\t<\/span>\n\n\t\t\t\t\t\t<span class=\"ekit_creative_button_text\">Quiero Enviar<\/span>\n\n\t\t\t\t\t\t\t\t\t\t\t<\/a>\n\t\t\t\t\t\t<\/div>\n        <\/div>\t\t\t\t<\/div>\n\t\t\t\t<\/div>\n\t\t\t\t\t<\/div>\n\t\t<\/div>\n\t\t\t\t\t<\/div>\n\t\t<\/section>\n\t\t\t\t<section class=\"elementor-section elementor-top-section elementor-element elementor-element-5b9bba1 elementor-section-boxed elementor-section-height-default elementor-section-height-default\" data-id=\"5b9bba1\" data-element_type=\"section\" data-e-type=\"section\" data-settings=\"{&quot;ekit_has_onepagescroll_dot&quot;:&quot;yes&quot;}\">\n\t\t\t\t\t\t<div class=\"elementor-container elementor-column-gap-default\">\n\t\t\t\t\t<div class=\"elementor-column elementor-col-100 elementor-top-column elementor-element elementor-element-2ce476e\" data-id=\"2ce476e\" data-element_type=\"column\" data-e-type=\"column\">\n\t\t\t<div class=\"elementor-widget-wrap elementor-element-populated\">\n\t\t\t\t\t\t<div class=\"elementor-element elementor-element-5a3a0ec elementor-widget elementor-widget-image\" data-id=\"5a3a0ec\" data-element_type=\"widget\" data-e-type=\"widget\" data-settings=\"{&quot;ekit_we_effect_on&quot;:&quot;none&quot;}\" data-widget_type=\"image.default\">\n\t\t\t\t<div class=\"elementor-widget-container\">\n\t\t\t\t\t\t\t\t\t\t\t\t\t\t\t<img decoding=\"async\" width=\"225\" height=\"225\" src=\"https:\/\/jobstore.cl\/wp-content\/uploads\/2022\/10\/Unknown.png\" class=\"attachment-large size-large wp-image-10466\" alt=\"\" srcset=\"https:\/\/jobstore.cl\/wp-content\/uploads\/2022\/10\/Unknown.png 225w, https:\/\/jobstore.cl\/wp-content\/uploads\/2022\/10\/Unknown-64x64.png 64w, https:\/\/jobstore.cl\/wp-content\/uploads\/2022\/10\/Unknown-150x150.png 150w, https:\/\/jobstore.cl\/wp-content\/uploads\/2022\/10\/Unknown-100x100.png 100w\" sizes=\"(max-width: 225px) 100vw, 225px\" \/>\t\t\t\t\t\t\t\t\t\t\t\t\t\t\t<\/div>\n\t\t\t\t<\/div>\n\t\t\t\t\t<\/div>\n\t\t<\/div>\n\t\t\t\t\t<\/div>\n\t\t<\/section>\n\t\t\t\t<\/div>\n\t\t","protected":false},"excerpt":{"rendered":"<p>\u00bf Necesitas servicio t\u00e9cnico y estas lejos ? Env\u00edanos tu equipo por courrier desde cualquier parte de Chile De la noche a la ma\u00f1ana, el COVID-19<span class=\"excerpt-hellip\"> [\u2026]<\/span><\/p>\n","protected":false},"author":7,"featured_media":0,"parent":0,"menu_order":0,"comment_status":"closed","ping_status":"closed","template":"","meta":{"_joinchat":[],"footnotes":""},"class_list":["post-5445","page","type-page","status-publish","hentry"],"_links":{"self":[{"href":"https:\/\/jobstore.cl\/index.php\/wp-json\/wp\/v2\/pages\/5445","targetHints":{"allow":["GET"]}}],"collection":[{"href":"https:\/\/jobstore.cl\/index.php\/wp-json\/wp\/v2\/pages"}],"about":[{"href":"https:\/\/jobstore.cl\/index.php\/wp-json\/wp\/v2\/types\/page"}],"author":[{"embeddable":true,"href":"https:\/\/jobstore.cl\/index.php\/wp-json\/wp\/v2\/users\/7"}],"replies":[{"embeddable":true,"href":"https:\/\/jobstore.cl\/index.php\/wp-json\/wp\/v2\/comments?post=5445"}],"version-history":[{"count":75,"href":"https:\/\/jobstore.cl\/index.php\/wp-json\/wp\/v2\/pages\/5445\/revisions"}],"predecessor-version":[{"id":10521,"href":"https:\/\/jobstore.cl\/index.php\/wp-json\/wp\/v2\/pages\/5445\/revisions\/10521"}],"wp:attachment":[{"href":"https:\/\/jobstore.cl\/index.php\/wp-json\/wp\/v2\/media?parent=5445"}],"curies":[{"name":"wp","href":"https:\/\/api.w.org\/{rel}","templated":true}]}}